000
CXUS52 KFFC 030845
CLMATL


CLIMATE REPORT
NATIONAL WEATHER SERVICE PEACHTREE CITY GA
445 AM EDT SUN MAY 3 2020

...................................

...THE ATLANTA CLIMATE SUMMARY FOR THE MONTH OF APRIL 2020...

CLIMATE NORMAL PERIOD 1981 TO 2010
CLIMATE RECORD PERIOD 1878 TO 2020

WEATHER         OBSERVED          NORMAL  DEPART  LAST YEAR`S
                 VALUE   DATE(S)  VALUE   FROM    VALUE  DATE(S)
                                          NORMAL
................................................................
TEMPERATURE (F)
RECORD
 HIGH              93   04/27/1986
                        04/24/1925
 LOW               25   04/02/1881
HIGHEST            83   04/06        93     -10       85  04/30
                                                          04/29
LOWEST             40   04/11        26      14       38  04/01
                        04/02
AVG. MAXIMUM     72.0              72.5    -0.5     75.7
AVG. MINIMUM     51.3              51.5    -0.2     54.9
MEAN             61.6              62.0    -0.4     65.3
DAYS MAX >= 90      0               0.1    -0.1        0
DAYS MAX <= 32      0               0.0     0.0        0
DAYS MIN <= 32      0               0.3    -0.3        0
DAYS MIN <= 0       0               0.0     0.0        0

PRECIPITATION (INCHES)
RECORD
 MAXIMUM        11.86   1979
 MINIMUM         0.35   1915
TOTALS           5.36              3.36    2.00     6.34
DAILY AVG.       0.18              0.11    0.07     0.21
DAYS >= .01        10               8.6     1.4       12
DAYS >= .10         8               6.0     2.0        4
DAYS >= .50         4               2.3     1.7        3
DAYS >= 1.00        1               0.8     0.2        3
GREATEST
 24 HR. TOTAL    2.46   04/19 TO 04/19           04/19 TO 04/19
                                                          04/30 TO 04/30EATHER         OBSERVED          NORMAL  DEPART  LAST YEAR`S
                                                          04/30 TO 04/30EATHER         OBSERVED          NORMAL  DEPART  LAST YEAR`S

SNOWFALL (INCHES)
RECORDS
 TOTAL             MM   MM
 24 HR TOTAL       MM
TOTALS            0.0               0.0     0.0      0.0
SINCE 7/1           T               2.9    -2.9      0.0
SNOWDEPTH AVG.      0                MM      MM        0
DAYS >= TRACE       0               0.0     0.0        0
DAYS >= 1.0         0               0.0     0.0        0
GREATEST
 24 HR TOTAL      0.0   04/30 TO 04/30           04/30 TO 04/30
                                                          04/30 TO 04/30EATHER         OBSERVED          NORMAL  DEPART  LAST YEAR`S
                                                          04/30 TO 04/30EATHER         OBSERVED          NORMAL  DEPART  LAST YEAR`S

DEGREE_DAYS
HEATING TOTAL     125               143     -18       79
 SINCE 7/1       2043              2740    -697     2295
COOLING TOTAL      34                53     -19       97
 SINCE 1/1         93                66      27      106
.................................................................

WIND (MPH)
AVERAGE WIND SPEED              9.1
HIGHEST WIND SPEED/DIRECTION    31/180    DATE  04/13
HIGHEST GUST SPEED/DIRECTION    49/180    DATE  04/13

SKY COVER
POSSIBLE SUNSHINE (PERCENT)   MM
AVERAGE SKY COVER           0.50
NUMBER OF DAYS FAIR            6
NUMBER OF DAYS PC             18
NUMBER OF DAYS CLOUDY          6

AVERAGE RH (PERCENT)     57

WEATHER CONDITIONS. NUMBER OF DAYS WITH
  0
  7
  0
  0
  0
  0
  2
HAZE                      2

-  INDICATES NEGATIVE NUMBERS.
R  INDICATES RECORD WAS SET OR TIED.
MM INDICATES DATA IS MISSING.
T  INDICATES TRACE AMOUNT.

$$
