504
CXUS52 KFFC 020833
CLMATL


CLIMATE REPORT
NATIONAL WEATHER SERVICE PEACHTREE CITY GA
433 AM EDT MON SEP 2 2019

...................................

...THE ATLANTA CLIMATE SUMMARY FOR THE MONTH OF AUGUST 2019...

CLIMATE NORMAL PERIOD 1981 TO 2010
CLIMATE RECORD PERIOD 1878 TO 2019

WEATHER         OBSERVED          NORMAL  DEPART  LAST YEAR`S
                 VALUE   DATE(S)  VALUE   FROM    VALUE  DATE(S)
                                          NORMAL
................................................................
TEMPERATURE (F)
RECORD
 HIGH             104   08/22/2007
 LOW               55   08/29/1992
                        08/30/1986
                        08/24/1891
HIGHEST           100   08/13        MM      MM       93  08/15
                                                          08/06
LOWEST             66   08/29        MM      MM       64  08/24
AVG. MAXIMUM     92.4              88.1     4.3     88.0
AVG. MINIMUM     72.5              70.7     1.8     71.5
MEAN             82.5              79.4     3.1     79.7
DAYS MAX >= 90     24              10.6    13.4       12
DAYS MAX <= 32      0               0.0     0.0        0
DAYS MIN <= 32      0               0.0     0.0        0
DAYS MIN <= 0       0               0.0     0.0        0

PRECIPITATION (INCHES)
RECORD
 MAXIMUM        10.02   1920
 MINIMUM         0.02   1925
TOTALS           1.89              3.90   -2.01     7.59
DAILY AVG.       0.06              0.13   -0.07     0.24
DAYS >= .01        11               9.7     1.3        9
DAYS >= .10         4               6.4    -2.4        6
DAYS >= .50         1               2.6    -1.6        4
DAYS >= 1.00        0               1.3    -1.3        3
GREATEST
 24 HR. TOTAL    0.92   08/26 TO 08/26           08/02 TO 08/02
                                                          08/31 TO 08/31EATHER         OBSERVED          NORMAL  DEPART  LAST YEAR`S
                                                          08/31 TO 08/31EATHER         OBSERVED          NORMAL  DEPART  LAST YEAR`S

DEGREE_DAYS
HEATING TOTAL       0                 0       0        0
 SINCE 7/1          0                 0       0        0
COOLING TOTAL     546               447      99      465
 SINCE 1/1       1948              1539     409     1774
.................................................................

WIND (MPH)
AVERAGE WIND SPEED              6.6
HIGHEST WIND SPEED/DIRECTION    40/010    DATE  08/18
HIGHEST GUST SPEED/DIRECTION    54/010    DATE  08/18

SKY COVER
POSSIBLE SUNSHINE (PERCENT)   MM
AVERAGE SKY COVER           0.50
NUMBER OF DAYS FAIR            5
NUMBER OF DAYS PC             22
NUMBER OF DAYS CLOUDY          4

AVERAGE RH (PERCENT)     63

WEATHER CONDITIONS. NUMBER OF DAYS WITH
  0
  5
  0
  0
  0
  0
  1
HAZE                     10

-  INDICATES NEGATIVE NUMBERS.
R  INDICATES RECORD WAS SET OR TIED.
MM INDICATES DATA IS MISSING.
T  INDICATES TRACE AMOUNT.

$$
