000
CDUS41 KGYX 282153
CLIAUG


CLIMATE REPORT
NATIONAL WEATHER SERVICE GRAY ME
452 PM EST FRI FEB 28 2020


...................................

...THE AUGUSTA CLIMATE SUMMARY FOR FEBRUARY 28 2020...
VALID TODAY AS OF 0400 PM LOCAL TIME.

CLIMATE NORMAL PERIOD 1981 TO 2010
CLIMATE RECORD PERIOD 1948 TO 2020


WEATHER ITEM   OBSERVED TIME   RECORD YEAR NORMAL DEPARTURE LAST
                VALUE   (LST)  VALUE       VALUE  FROM      YEAR
                                                  NORMAL
..................................................................
TEMPERATURE (F)
 TODAY
  MAXIMUM         34    140 PM  51    2018  35     -1       26
  MINIMUM         24    653 AM  -3    1982  18      6        5
  AVERAGE         29                        27      2       16

PRECIPITATION (IN)
  TODAY            0.00          0.86 1984   0.09  -0.09     0.00
  MONTH TO DATE    2.29                      2.43  -0.14     2.50
  SINCE DEC 1      7.99                      8.28  -0.29    10.36
  SINCE JAN 1      4.21                      5.04  -0.83     6.75

DEGREE DAYS
 HEATING
  TODAY           36                        38     -2       49
  MONTH TO DATE 1098                      1172    -74     1191
  SINCE DEC 1   3462                      3795   -333     3827
  SINCE JUL 1   5031                      5343   -312     5524

 COOLING
  TODAY            0                         0      0        0
  MONTH TO DATE    0                         0      0        0
  SINCE DEC 1      0                         0      0        0
  SINCE JAN 1      0                         0      0        0
..................................................................


WIND (MPH)
  HIGHEST WIND SPEED    21   HIGHEST WIND DIRECTION    SW (240)
  HIGHEST GUST SPEED    36   HIGHEST GUST DIRECTION     W (250)
  AVERAGE WIND SPEED    12.5


SKY COVER
  AVERAGE SKY COVER 0.3


WEATHER CONDITIONS
 THE FOLLOWING WEATHER WAS RECORDED TODAY.
  NO SIGNIFICANT WEATHER WAS OBSERVED.


RELATIVE HUMIDITY (PERCENT)
 HIGHEST    63          1200 AM
 LOWEST     35           100 PM
 AVERAGE    49

..........................................................


THE AUGUSTA CLIMATE NORMALS FOR TOMORROW
                         NORMAL    RECORD    YEAR
 MAXIMUM TEMPERATURE (F)   36        51      2016
 MINIMUM TEMPERATURE (F)   18        -5      2008


SUNRISE AND SUNSET
FEBRUARY 28 2020......SUNRISE   619 AM EST   SUNSET   525 PM EST
FEBRUARY 29 2020......SUNRISE   617 AM EST   SUNSET   527 PM EST


-  INDICATES NEGATIVE NUMBERS.
R  INDICATES RECORD WAS SET OR TIED.
MM INDICATES DATA IS MISSING.
T  INDICATES TRACE AMOUNT.




$$
