000
CXUS51 KGYX 031920
CLMAUG

PWMCLMAUG 000
TTAA00 KGYX 031633


CLIMATE REPORT
NATIONAL WEATHER SERVICE GRAY ME
1131 AM EST MON FEB 3 2020

...................................

...THE AUGUSTA CLIMATE SUMMARY FOR THE MONTH OF JANUARY 2020...

CLIMATE NORMAL PERIOD 1981 TO 2010
CLIMATE RECORD PERIOD 1948 TO 2020

WEATHER         OBSERVED          NORMAL  DEPART  LAST YEAR`S
                 VALUE   DATE(S)  VALUE   FROM    VALUE  DATE(S)
                                          NORMAL
................................................................
TEMPERATURE (F)
RECORD
 HIGH              61   01/08/2008
 LOW              -22   01/15/1957
                        01/14/1957
HIGHEST            54   01/11        48       6       50  01/24
LOWEST             -3   01/18        -8       5       -2  01/14
AVG. MAXIMUM     33.2              27.6     5.6     27.3
AVG. MINIMUM     18.0              11.0     7.0     10.4
MEAN             25.6              19.3     6.3     18.8
DAYS MAX >= 90      0               0.0     0.0        0
DAYS MAX <= 32     12              19.9    -7.9       21
DAYS MIN <= 32     30              30.1    -0.1       30
DAYS MIN <= 0       2               6.0    -4.0        6

PRECIPITATION (INCHES)
RECORD
 MAXIMUM         9.01   1979
 MINIMUM         0.33   2004
TOTALS           1.92              2.61   -0.69     3.17
DAILY AVG.       0.06              0.08   -0.02     0.11
DAYS >= .01        12              10.3     1.7       10
DAYS >= .10         5               5.7    -0.7        6
DAYS >= .50         1               1.6    -0.6        2
DAYS >= 1.00        0               0.4    -0.4        1
GREATEST
 24 HR. TOTAL    0.62   01/26

DEGREE_DAYS
HEATING TOTAL    1215              1416    -201     1422
 SINCE 7/1       3933              4171    -238     4333
COOLING TOTAL       0                 0       0        0
 SINCE 1/1          0                 0       0        0
.................................................................

WIND (MPH)
AVERAGE WIND SPEED              6.0
HIGHEST WIND SPEED/DIRECTION    24/330    DATE  01/17
HIGHEST GUST SPEED/DIRECTION    33/320    DATE  01/12

SKY COVER
AVERAGE SKY COVER           0.50

AVERAGE RH (PERCENT)     73

-  INDICATES NEGATIVE NUMBERS.
R  INDICATES RECORD WAS SET OR TIED.
MM INDICATES DATA IS MISSING.
T  INDICATES TRACE AMOUNT.

ALTHOUGH DECEMBER ENDED WITH A LARGE SNOWSTORM, JANUARY STARTED OFF
WITH SOME RATHER MILD WEATHER. THE FIRST FOUR DAYS OF THE NEW YEAR
SAW THE TEMPERATURE CLIMB TO NEAR 40. THE NEXT FEW DAYS SAW
TEMPERATURES NEAR NORMAL FOR JANUARY WITH SOME LIGHT PRECIPITATION
FALLING. THE BIG WARM UP CAME IN THE SECOND WEEK OF THE MONTH WITH
AUGUSTA WARMING ALL THE WAY TO 54 DEGREES ON JANUARY 11 AND 51
DEGREES ON JANUARY 12. SOON THE TEMPERATURE DROPPED BACK TO NORMAL
AGAIN AND A PERIOD OF SNOWY WEATHER AND BELOW NORMAL TEMPERATURES
BEGAN. THE COLDEST TEMPERATURE WAS 3 BELOW ZERO ON THE 18TH. BUT THE
COLD ULTIMATELY DID NOT LAST. THE NEXT WEEK SAW FREQUENTLY WARM
WEATHER AGAIN WITH THE TEMPERATURE TOPPING 40 DEGREES FOUR OUT OF
FIVE DAYS. RAIN FELL ON THE NIGHT OF THE 25TH INTO THE MORNING OF
THE 26TH WHEN 0.91 INCHES WAS RECORDED. TEMPERATURES REMAINED ABOVE
NORMAL TO END THE FIRST MONTH OF 2020.

THE AVERAGE TEMPERATURE FOR THE MONTH WAS 25.6 DEGREES WHICH WAS 6.3
DEGREES ABOVE NORMAL AND THE 5TH WARMEST JANUARY ON RECORD. THE
WARMEST JANUARY ON RECORD WAS IN 2006 WHEN THE AVERAGE TEMPERATURE
WAS 27.5 DEGREES. THE COLDEST WAS 10.4 DEGREES IN 1994. THE
FOLLOWING TABLE LISTS THE WARMEST JANUARYS AT AUGUSTA.

WARMEST AVERAGE TEMPERATURE IN JANUARY (SINCE 1948)...
RANK  TEMP  YEAR
1     27.5  2006
2     26.9  2002
3     26.8  1990
4     26.7  2017
5     25.6  2020  <===
6     25.5  1956
      25.5  1953
8     24.4  2016
9     24.3  1958
10    24.1  1964

A TOTAL OF 1.92 INCHES OF PRECIPITATION FELL WHICH WAS 0.69 INCHES
BELOW NORMAL. THE HEAVIEST PRECIPITATION CAME ON THE 26TH WHEN 0.62
INCHES WAS MEASURED. THE WETTEST JANUARY WAS IN 1979 WHEN 9.01
INCHES FELL. THE DRIEST WAS IN 2004 WHEN ONLY 0.33 INCHES WAS
MEASURED.

THE FOLLOWING RECORDS WERE SET OR TIED IN JANUARY 2020...
DATE  RECORD                                PREVIOUS
11    54   - WARMEST HIGH TEMPERATURE       54 IN 1983 (TIED)

$$
