000
CXUS53 KARX 181946
CF6AUM
PRELIMINARY LOCAL CLIMATOLOGICAL DATA (WS FORM: F-6)
STATION: AUSTIN MUNI MN
MONTH: JANUARY
YEAR: 2024
LATITUDE: 43 40 N
LONGITUDE: 92 56 W
TEMPERATURE IN F: :PCPN: SNOW: WIND :SUNSHINE: SKY :PK WND
================================================================================
1 2 3 4 5 6A 6B 7 8 9 10 11 12 13 14 15 16 17 18
12Z AVG MX 2MIN
DY MAX MIN AVG DEP HDD CDD WTR SNW DPTH SPD SPD DIR MIN PSBL S-S WX SPD DR
================================================================================
1 25 21 23 M 42 0 0.00 0.0 M 6.4 10 190 M M 7 16 240
2 36 21 29 M 36 0 0.00 0.0 M 9.0 15 320 M M 7 1 20 320
3 32 27 30 M 35 0 0.00 0.0 M 8.2 12 330 M M 10 16 330
4 28 25 27 M 38 0 0.00 0.0 M 4.0 8 220 M M 10 M M
5 37 23 30 M 35 0 0.00 0.0 M 6.5 16 190 M M 3 20 190
6 30 27 29 M 36 0 0.00 0.0 M 2.9 7 240 M M 8 1 M M
7 28 18 23 M 42 0 M M M 5.9 12 290 M M 9 1 M M
8 34 21 28 M 37 0 M M M 10.8 17 100 M M 7 20 110
9 30 27 29 M 36 0 M M M 12.4 18 340 M M 10 24 360
10 25 19 22 M 43 0 M M M 6.5 12 130 M M 10 1 17 300
11 23 9 16 M 49 0 M M M 7.8 14 310 M M 4 1 16 340
12 16 9 13 M 52 0 M M M 15.0 24 340 M M 9 12 35 340
13 10 -11 0 M 65 0 M M M 21.1 24 300 M M 10 18 36 310
14 -2 -13 -7 M 72 0 M M M 13.5 17 290 M M 5 8 28 300
15 1 -11 -5 M 70 0 0.00 0.0 M 10.5 16 270 M M 0 22 270
16 7 -8 0 M 65 0 0.00 0.0 M 12.4 18 260 M M 0 8 24 270
17 12 -2 5 M 60 0 0.00 0.0 M 6.7 13 280 M M 1 21 280
18 9 0 5 M 60 0 M M M 6.3 14 320 M M 3 21 320
19 5 -6 0 M 65 0 M M M 10.7 16 340 M M 2 8 20 320
20 7 -9 -1 M 66 0 0.00 0.0 M 4.7 9 180 M M 0 M M
21 19 -2 9 M 56 0 0.00 0.0 M 14.9 20 190 M M 2 29 190
22 34 19 27 M 38 0 0.00 0.0 M 9.3 20 180 M M 5 1 23 180
23 34 30 32 M 33 0 0.00 0.0 M 5.2 9 100 M M 10 1 M M
24 36 32 34 M 31 0 0.00 0.0 M 3.7 8 130 M M 10 12 M M
25 36 34 35 M 30 0 0.00 0.0 M 1.2 5 110 M M 10 12 M M
26 37 34 36 M 29 0 M 0.0 M 3.0 6 320 M M 10 12 M M
27 36 30 33 M 32 0 0.00 0.0 M 6.0 12 330 M M 10 1 17 330
28 32 30 31 M 34 0 0.00 0.0 M 5.2 13 340 M M 10 12 16 360
29 50 28 39 M 26 0 0.00 0.0 M 8.8 20 310 M M 2 1 27 310
30 37 32 35 M 30 0 0.00 0.0 M 9.6 15 330 M M 10 1 24 330
31 54 30 42 M 23 0 0.00 0.0 M 8.4 14 240 M M 5 12 18 220
================================================================================
SM 798 484 1366 0 0.00 0.0 256.7 M 199
================================================================================
AV 25.7 15.6 8.3 FASTST M M 6 MAX(MPH)
MISC ----> # 24 340 36 310
================================================================================
NOTES:
# LAST OF SEVERAL OCCURRENCES
COLUMN 17 PEAK WIND IN M.P.H.
PRELIMINARY LOCAL CLIMATOLOGICAL DATA (WS FORM: F-6) , PAGE 2
STATION: AUSTIN MUNI MN
MONTH: JANUARY
YEAR: 2024
LATITUDE: 43 40 N
LONGITUDE: 92 56 W
[TEMPERATURE DATA] [PRECIPITATION DATA] SYMBOLS USED IN COLUMN 16
AVERAGE MONTHLY: 20.7 TOTAL FOR MONTH: 0.00 1 = FOG OR MIST
DPTR FM NORMAL: 0.0 DPTR FM NORMAL: M 2 = FOG REDUCING VISIBILITY
HIGHEST: 54 ON 31 GRTST 24HR 0.24 ON 12-12 TO 1/4 MILE OR LESS
LOWEST: -13 ON 14 3 = THUNDER
SNOW, ICE PELLETS, HAIL 4 = ICE PELLETS
TOTAL MONTH: 0.0 INCH 5 = HAIL
GRTST 24HR 0.0 6 = FREEZING RAIN OR DRIZZLE
GRTST DEPTH: M ON M 7 = DUSTSTORM OR SANDSTORM:
VSBY 1/2 MILE OR LESS
8 = SMOKE OR HAZE
[NO. OF DAYS WITH] [WEATHER - DAYS WITH] 9 = BLOWING SNOW
X = TORNADO
MAX 32 OR BELOW: 19 0.01 INCH OR MORE: 0
MAX 90 OR ABOVE: 0 0.10 INCH OR MORE: 0
MIN 32 OR BELOW: 29 0.50 INCH OR MORE: 0
MIN 0 OR BELOW: 9 1.00 INCH OR MORE: 0
[HDD (BASE 65) ]
TOTAL THIS MO. 1366 CLEAR (SCALE 0-3) 9
DPTR FM NORMAL M PTCLDY (SCALE 4-7) 8
TOTAL FM JUL 1 3653 CLOUDY (SCALE 8-10) 14
DPTR FM NORMAL M
[CDD (BASE 65) ]
TOTAL THIS MO. 0
DPTR FM NORMAL M [PRESSURE DATA]
TOTAL FM JAN 1 0 HIGHEST SLP M ON M
DPTR FM NORMAL M LOWEST SLP M ON M
[REMARKS]
#FINAL-01-24#