000
CDAK48 PAFC 120926
CLIBET

CLIMATE REPORT
NATIONAL WEATHER SERVICE ANCHORAGE, AK
126 AM AKDT WED MAY 12 2021

...................................

...THE BETHEL CLIMATE SUMMARY FOR MAY 11 2021...

CLIMATE NORMAL PERIOD: 1981 TO 2010
CLIMATE RECORD PERIOD: 1948 TO 2021


WEATHER ITEM   OBSERVED TIME   RECORD YEAR NORMAL DEPARTURE LAST
                VALUE   (LST)  VALUE       VALUE  FROM      YEAR
                                                  NORMAL
...................................................................
TEMPERATURE (F)
 YESTERDAY
  MAXIMUM         52        MM  67    1943  49      3       55
  MINIMUM         38        MM  12    1933  32      6       34
  AVERAGE         45                        40      5       45

PRECIPITATION (IN)
  YESTERDAY        0.01          0.59 1944   0.03  -0.02     0.57
  MONTH TO DATE    0.20                      0.37  -0.17     0.61
  SINCE MAR 1      0.20                      1.82  -1.62     3.84
  SINCE JAN 1      1.57                      3.32  -1.75     6.19

DEGREE DAYS
 HEATING
  YESTERDAY       20                        25     -5       20
  MONTH TO DATE  253                       298    -45      216
  SINCE MAR 1   2960                      2985    -25     2737
  SINCE JUL 1  11037                     11723   -686    11486

 COOLING
  YESTERDAY        0                         0      0        0
  MONTH TO DATE    0                         0      0        0
  SINCE MAR 1      0                         0      0        0
  SINCE JAN 1      0                         0      0        0
...................................................................


WIND (MPH)
  RESULTANT WIND SPEED   7   RESULTANT WIND DIRECTION   W (280)
  HIGHEST WIND SPEED    16   HIGHEST WIND DIRECTION     W (270)
  HIGHEST GUST SPEED    MM   HIGHEST GUST DIRECTION    MM
  AVERAGE WIND SPEED     7.9


SKY COVER
  AVERAGE SKY COVER 0.9


WEATHER CONDITIONS
THE FOLLOWING WEATHER WAS RECORDED YESTERDAY.
  LIGHT RAIN


RELATIVE HUMIDITY (PERCENT)
 HIGHEST    97
 LOWEST     56
 AVERAGE    77

..........................................................


THE BETHEL CLIMATE NORMALS FOR TODAY
                         NORMAL    RECORD    YEAR
 MAXIMUM TEMPERATURE (F)   49        70      1996
 MINIMUM TEMPERATURE (F)   32        15      1932


SUNRISE AND SUNSET
MAY 12 2021...........SUNRISE   6:10 AM AKDT  SUNSET  11:19 PM AKDT
MAY 13 2021...........SUNRISE   6:07 AM AKDT  SUNSET  11:22 PM AKDT


-  INDICATES NEGATIVE NUMBERS.
R  INDICATES RECORD WAS SET OR TIED.
MM INDICATES DATA IS MISSING.
T  INDICATES TRACE AMOUNT.




$$
