000
CXAK58 PABE 051944
CLMBET

ANCCLMBET 000
TTAA00 AFC 011227

CLIMATE REPORT
NATIONAL WEATHER SERVICE ANCHORAGE, AK
425 AM AKDT SAT MAY 01 2021

...................................

...THE BETHEL CLIMATE SUMMARY FOR THE MONTH OF APRIL 2021...

CLIMATE NORMAL PERIOD: 1981 TO 2010
CLIMATE RECORD PERIOD: 1948 TO 2021

WEATHER         OBSERVED          NORMAL  DEPART   LAST YEAR`S
                VALUE   DATE(S)   VALUE   FROM     VALUE
                                          NORMAL
..............................................................
TEMPERATURE (F)
RECORD
 HIGH             63   04/30/2004
 LOW             -31   04/05/1956
HIGHEST           47                 MM      MM       54
LOWEST           -15                 MM      MM       -2
AVG. MAXIMUM    33.7               34.5    -0.8     39.9
AVG. MINIMUM    21.1               19.3     1.8     25.7
MEAN            27.4               26.9     0.5     32.8
DAYS MAX >= 90     0                0.0     0.0        0
DAYS MAX <= 32    11               10.4     0.6        5
DAYS MIN <= 32    27               26.6     0.4       24
DAYS MIN <= 0      4                2.9     1.1        1

PRECIPITATION (INCHES)
RECORD
 MAXIMUM          MM   MM
 MINIMUM          MM
TOTALS            MM               0.74      MM     2.05
DAILY AVG.         M               0.02   -0.02     0.07
DAYS >= .01        M                9.1    -9.1       13
DAYS >= .10        M                2.5    -2.5        7
DAYS >= .50        M                0.2    -0.2        0
DAYS >= 1.00       M                0.0     0.0        0
GREATEST
 24 HR. TOTAL     MM                                0.38
 STORM TOTAL      MM                                  MM
 (MM/DD(HH))


DEGREE DAYS
HEATING TOTAL   1119               1143     -24      957
 SINCE 7/1     10784              11424    -640    11270
COOLING TOTAL      0                  0       0        0
 SINCE 1/1         0                  0       0        0

FREEZE DATES
RECORD
 EARLIEST     MM
 LATEST       MM
EARLIEST                        09/21
LATEST                          01/31
..............................................................

WIND (MPH)
AVERAGE WIND SPEED              12.1
RESULTANT WIND SPEED/DIRECTION   2/360
HIGHEST WIND SPEED/DIRECTION    39/010    DATE  04/07
HIGHEST GUST SPEED/DIRECTION    48/020    DATE  04/07

SKY COVER
POSSIBLE SUNSHINE (PERCENT)   MM
AVERAGE SKY COVER           0.60
NUMBER OF DAYS FAIR           10
NUMBER OF DAYS PC              5
NUMBER OF DAYS CLOUDY         15

AVERAGE RH (PERCENT)     80

WEATHER CONDITIONS. NUMBER OF DAYS WITH
THUNDERSTORM              0     MIXED PRECIP               0
HEAVY RAIN                0     RAIN                       0
LIGHT RAIN                4     FREEZING RAIN              0
LT FREEZING RAIN          0     HAIL                       0
HEAVY SNOW                0     SNOW                       5
LIGHT SNOW               13     SLEET                      0
FOG                      15     FOG W/VIS <= 1/4 MILE      3
HAZE                      7

-  INDICATES NEGATIVE NUMBERS.
R  INDICATES RECORD WAS SET OR TIED.
MM INDICATES DATA IS MISSING.
T  INDICATES TRACE AMOUNT.

$$
