000
CDUS41 KCAR 250546
CLIBGR


CLIMATE REPORT
NATIONAL WEATHER SERVICE CARIBOU, ME
145 AM EDT MON MAY 25 2020


...................................

...THE BANGOR ME CLIMATE SUMMARY FOR MAY 24 2020...

CLIMATE NORMAL PERIOD 1981 TO 2010
CLIMATE RECORD PERIOD 1925 TO 2020


WEATHER ITEM   OBSERVED TIME   RECORD YEAR NORMAL DEPARTURE LAST
                VALUE   (LST)  VALUE       VALUE  FROM      YEAR
                                                  NORMAL
..................................................................
TEMPERATURE (F)
 YESTERDAY
  MAXIMUM         64    146 PM  91    1964  68     -4       59
  MINIMUM         34    418 AM  32    1956  45    -11       43
  AVERAGE         49                        56     -7       51

PRECIPITATION (IN)
  YESTERDAY        0.00          1.84 1986   0.12  -0.12     0.31
  MONTH TO DATE    2.22                      2.77  -0.55     3.92
  SINCE MAR 1      9.27                      9.77  -0.50    11.39
  SINCE JAN 1     13.34                     15.18  -1.84    18.37

SNOWFALL (IN)
  YESTERDAY        0.0           0.0  2002   0.0             0.0
                                      2001
  MONTH TO DATE    1.0                       0.1             0.0
  SINCE MAR 1     16.6                      15.5            16.9
  SINCE JUL 1     56.8                      66.2            79.9
  SNOW DEPTH       0

DEGREE DAYS
 HEATING
  YESTERDAY       16                         9      7       14
  MONTH TO DATE  345                       301     44      352
  SINCE MAR 1   1994                      2053    -59     2156
  SINCE JUL 1   7300                      7699   -399     7848

 COOLING
  YESTERDAY        0                         0      0        0
  MONTH TO DATE    1                         0      1        0
  SINCE MAR 1      1                         0      1        0
  SINCE JAN 1      1                         0      1        0
..................................................................


WIND (MPH)
  RESULTANT WIND SPEED   8   RESULTANT WIND DIRECTION   S (190)
  HIGHEST WIND SPEED    18   HIGHEST WIND DIRECTION     S (200)
  HIGHEST GUST SPEED    23   HIGHEST GUST DIRECTION     S (190)


SKY COVER
  POSSIBLE SUNSHINE  MM
  AVERAGE SKY COVER 0.3


WEATHER CONDITIONS
 THE FOLLOWING WEATHER WAS RECORDED YESTERDAY.
  NO SIGNIFICANT WEATHER WAS OBSERVED.


RELATIVE HUMIDITY (PERCENT)
 HIGHEST    92
 LOWEST     19
 AVERAGE    56

..........................................................


THE BANGOR ME CLIMATE NORMALS FOR TODAY
                         NORMAL    RECORD    YEAR
 MAXIMUM TEMPERATURE (F)   68        92      2010
                                             2007
 MINIMUM TEMPERATURE (F)   45        31      1956


SUNRISE AND SUNSET
MAY 25 2020...........SUNRISE   457 AM EDT   SUNSET   808 PM EDT
MAY 26 2020...........SUNRISE   456 AM EDT   SUNSET   809 PM EDT


-  INDICATES NEGATIVE NUMBERS.
R  INDICATES RECORD WAS SET OR TIED.
MM INDICATES DATA IS MISSING.
T  INDICATES TRACE AMOUNT.




$$
