000
CDUS44 KOHX 260621
CLIBNA


CLIMATE REPORT
NATIONAL WEATHER SERVICE NASHVILLE TN
120 AM CDT THU APR 26 2018


...................................

...THE NASHVILLE CLIMATE SUMMARY FOR APRIL 25 2018...

CLIMATE NORMAL PERIOD 1981 TO 2010
CLIMATE RECORD PERIOD 1871 TO 2018


WEATHER ITEM   OBSERVED TIME   RECORD YEAR NORMAL DEPARTURE
                VALUE   (LST)  VALUE       VALUE  FROM
                                                  NORMAL
...............................................................
TEMPERATURE (F)
 YESTERDAY
  MAXIMUM         71    213 PM  89    1989  73     -2
  MINIMUM         56    109 AM  32    1910  51      5
  AVERAGE         64                        62      2

PRECIPITATION (IN)
  YESTERDAY        0.00          1.35 1993   0.16  -0.16
  MONTH TO DATE    5.43                      3.23   2.20
  SINCE JAN 1     22.80                     15.03   7.77

SNOWFALL (IN)
  YESTERDAY        0.0           1.5  1910
  MONTH TO DATE    0.0
  SINCE MAR 1      0.6
  SINCE JUL 1      3.0

DEGREE DAYS
 HEATING
  YESTERDAY        1                               -4
  MONTH TO DATE  261                               64
  SINCE MAR 1    705                               35
  SINCE JUL 1   3352                             -256

 COOLING
  YESTERDAY        0                               -2
  MONTH TO DATE   11                              -19
  SINCE MAR 1     13                              -25
  SINCE JAN 1     34                               -4
...............................................................


WIND (MPH)
  HIGHEST WIND SPEED    16   HIGHEST WIND DIRECTION     N (360)
  HIGHEST GUST SPEED    21   HIGHEST GUST DIRECTION     N (20)
  AVERAGE WIND SPEED     7.4




RELATIVE HUMIDITY (PERCENT)
 HIGHEST    86
 LOWEST     45

..........................................................


THE NASHVILLE CLIMATE NORMALS FOR TODAY
                         NORMAL    RECORD    YEAR
 MAXIMUM TEMPERATURE (F)   73        91      1989
 MINIMUM TEMPERATURE (F)   51        36      1919


SUNRISE AND SUNSET
APRIL 26 2018.........SUNRISE   600 AM CDT   SUNSET   730 PM CDT
APRIL 27 2018.........SUNRISE   558 AM CDT   SUNSET   731 PM CDT


-  INDICATES NEGATIVE NUMBERS.
R  INDICATES RECORD WAS SET OR TIED.
MM INDICATES DATA IS MISSING.
T  INDICATES TRACE AMOUNT.




$$
