000
CDUS44 KOHX 082141
CLIBNA

CLIMATE REPORT
NATIONAL WEATHER SERVICE NASHVILLE, TN
441 PM CDT SAT MAY 08 2021

...................................

...THE NASHVILLE CLIMATE SUMMARY FOR MAY 8 2021...
VALID TODAY AS OF 0400 PM LOCAL TIME.

CLIMATE NORMAL PERIOD: 1991 TO 2020
CLIMATE RECORD PERIOD: 1871 TO 2021


WEATHER ITEM   OBSERVED TIME   RECORD YEAR NORMAL DEPARTURE
                VALUE   (LST)  VALUE       VALUE  FROM
                                                  NORMAL
................................................................
TEMPERATURE (F)
 TODAY
  MAXIMUM         68   1:35 PM  90    1952  79    -11
                                      2015
  MINIMUM         55  12:07 AM  36    1947  56     -1
  AVERAGE         62                        67     -5

PRECIPITATION (IN)
  TODAY            0.00          1.68 1978   0.18  -0.18
  MONTH TO DATE    3.35                      1.50   1.85
  SINCE JAN 1     25.35                     19.23   6.12

SNOWFALL (IN)
  TODAY            0.0           0.0  2001
                                      2002
  MONTH TO DATE    0.0
  SINCE MAR 1      T
  SINCE JUL 1      5.4

DEGREE DAYS
 HEATING
  TODAY            3                                1
  MONTH TO DATE   23                                5
  SINCE MAR 1    509                             -120
  SINCE JUL 1   3146                             -194

 COOLING
  TODAY            0                               -4
  MONTH TO DATE   16                              -13
  SINCE MAR 1     50                              -42
  SINCE JAN 1     51                              -42
................................................................


WIND (MPH)
  HIGHEST WIND SPEED    12   HIGHEST WIND DIRECTION     W (260)
  HIGHEST GUST SPEED    20   HIGHEST GUST DIRECTION     W (250)
  AVERAGE WIND SPEED     4.4


RELATIVE HUMIDITY (PERCENT)
 HIGHEST    60
 LOWEST     44
 AVERAGE    52

..........................................................


THE NASHVILLE CLIMATE NORMALS FOR TOMORROW
                         NORMAL    RECORD    YEAR
 MAXIMUM TEMPERATURE (F)   79        90      1896
                                             1936
 MINIMUM TEMPERATURE (F)   56        35      2020


SUNRISE AND SUNSET
MAY  8 2021...........SUNRISE   5:47 AM CDT   SUNSET   7:40 PM CDT
MAY  9 2021...........SUNRISE   5:46 AM CDT   SUNSET   7:41 PM CDT


-  INDICATES NEGATIVE NUMBERS.
R  INDICATES RECORD WAS SET OR TIED.
MM INDICATES DATA IS MISSING.
T  INDICATES TRACE AMOUNT.




$$
