000
CXUS51 KBUF 011247
CLMBUF
CLIMATE REPORT
NATIONAL WEATHER SERVICE BUFFALO NY
747 AM EST FRI DEC 01 2023
...................................
...THE BUFFALO NY CLIMATE SUMMARY FOR THE MONTH OF NOVEMBER 2023...
CLIMATE NORMAL PERIOD: 1991 TO 2020
CLIMATE RECORD PERIOD: 1871 TO 2023
WEATHER OBSERVED NORMAL DEPART LAST YEAR`S
VALUE DATE(S) VALUE FROM VALUE DATE(S)
NORMAL
................................................................
TEMPERATURE (F)
RECORD
HIGH 80 11/03/1961
LOW 2 11/30/1875
HIGHEST 61 11/17 79 11/05
LOWEST 22 11/29 19 11/20
AVG. MAXIMUM 47.3 47.8 -0.5 50.4
AVG. MINIMUM 33.3 34.2 -0.9 36.1
MEAN 40.3 41.0 -0.7 43.3
DAYS MAX >= 90 0 0.0 0.0 0
DAYS MAX <= 32 1 1.5 -0.5 2
DAYS MIN <= 32 13 13.1 -0.1 13
DAYS MIN <= 0 0 0.0 0.0 0
PRECIPITATION (INCHES)
RECORD
MAXIMUM 9.75 1985
MINIMUM 0.51 1904
TOTALS 2.70 3.50 -0.80 6.52
DAYS >= .01 10 14
DAYS >= .10 7 9
DAYS >= .50 2 5
DAYS >= 1.00 1 2
GREATEST
24 HR. TOTAL 1.11 11/21 TO 11/22 1.67 11/11 TO 11/12
SNOWFALL (INCHES)
RECORDS
TOTAL 45.6 2000
TOTALS 1.9 7.8 -5.9 36.9
SINCE 7/1 2.3 8.7 -6.4
SNOWDEPTH AVG. 0 5
DAYS >= 1.0 1 2.1 -1.1 3
DAYS >= 0.1 1 5
GREATEST
SNOW DEPTH 1 11/30 24 11/19
24 HR TOTAL 1.9
DEGREE DAYS
HEATING TOTAL 736 720 16 649
SINCE 7/1 1135 1271 -136 MM
COOLING TOTAL 0 0 0 5
SINCE 1/1 627 607 20 MM
................................................................
WIND (MPH)
AVERAGE WIND SPEED 10.4
HIGHEST WIND SPEED/DIRECTION 35/240
HIGHEST GUST SPEED/DIRECTION 57/240 DATE 11/03
SKY COVER
POSSIBLE SUNSHINE (PERCENT) MM
NUMBER OF DAYS FAIR 0
NUMBER OF DAYS PC 16
NUMBER OF DAYS CLOUDY 14
AVERAGE RH (PERCENT) 67
WEATHER CONDITIONS. NUMBER OF DAYS WITH
THUNDERSTORM 2 MIXED PRECIP 0
HEAVY RAIN 0 RAIN 3
LIGHT RAIN 12 FREEZING RAIN 0
LT FREEZING RAIN 0 HAIL 0
HEAVY SNOW 1 SNOW 1
LIGHT SNOW 6 SLEET 1
FOG 10 FOG W/VIS <= 1/4 MILE 1
HAZE 0
- INDICATES NEGATIVE NUMBERS.
R INDICATES RECORD WAS SET OR TIED.
MM INDICATES DATA IS MISSING.
T INDICATES TRACE AMOUNT.
$$