000
CXUS55 KBOU 011000
CF6CCU
PRELIMINARY LOCAL CLIMATOLOGICAL DATA (WS FORM: F-6)
STATION: COPPER MTN/RED CLIFF
MONTH: JANUARY
YEAR: 2022
LATITUDE: 39 28 N
LONGITUDE: 106 9 W
TEMPERATURE IN F: :PCPN: SNOW: WIND :SUNSHINE: SKY :PK WND
================================================================================
1 2 3 4 5 6A 6B 7 8 9 10 11 12 13 14 15 16 17 18
12Z AVG MX 2MIN
DY MAX MIN AVG DEP HDD CDD WTR SNW DPTH SPD SPD DIR MIN PSBL S-S WX SPD DR
================================================================================
1 12 -8 2 M 63 0 M M M 10.1 20 290 M M 8 8 25 290
2 23 -6 9 M 56 0 M M M 9.3 20 260 M M 2 30 290
3 30 19 25 M 40 0 M M M 13.3 28 250 M M 1 8 44 250
4 27 14 21 M 44 0 M M M 26.9 37 260 M M 9 8 59 260
5 23 14 19 M 46 0 M M M 32.6 46 280 M M 10 68 280
6 28 23 26 M 39 0 M M M 25.0 48 M M M 10 128 63 M
7 36 23 30 M 35 0 M M M 16.9 29 240 M M 5 18 45 230
8 27 10 19 M 46 0 M M M 14.3 30 260 M M 6 8 39 260
9 23 9 16 M 49 0 M M M 8.3 15 300 M M 1 8 18 300
10 37 23 30 M 35 0 M M M 4.7 15 260 M M 0 M M
11 32 19 26 M 39 0 M M M 8.9 17 270 M M 0 24 260
12 30 19 25 M 40 0 M M M 12.8 23 290 M M 0 32 290
13 41 23 32 M 33 0 M M M 6.8 20 260 M M 1 36 260
14 34 10 22 M 43 0 M M M 13.5 23 250 M M 9 33 280
15 30 9 20 M 45 0 M M M 8.5 18 280 M M 2 22 280
16 32 19 26 M 39 0 M M M 10.7 24 280 M M 0 30 280
17 34 25 30 M 35 0 M M M 10.5 23 260 M M 0 29 260
18 30 19 25 M 40 0 M M M 9.9 15 270 M M 4 21 270
19 25 14 20 M 45 0 M M M 9.3 17 290 M M 5 23 280
20 23 9 16 M 49 0 M M M 10.8 18 270 M M 7 25 270
21 23 14 19 M 46 0 M M M 8.0 16 110 M M 10 24 110
22 27 14 21 M 44 0 M M M 8.3 21 170 M M 2 21 170
23 32 19 26 M 39 0 M M M 9.2 20 270 M M 0 22 280
24 25 14 20 M 45 0 M M M 10.5 18 260 M M 4 30 260
25 19 7 13 M 52 0 M M M 9.3 20 170 M M 6 8 24 100
26 19 7 13 M 52 0 M M M 4.9 12 280 M M 2 M M
27 14 3 9 M 56 0 M M M 6.3 13 270 M M 8 8 17 270
28 25 5 15 M 50 0 M M M 9.3 20 270 M M 0 28 270
29 34 19 27 M 38 0 M M M 9.1 13 290 M M 0 20 270
30 36 23 30 M 35 0 M M M 7.8 16 290 M M 0 20 300
31 32 21 27 M 38 0 0.00 M M 16.7 30 250 M M 1 8 41 270
================================================================================
SM 863 433 1356 0 0.00 M 362.6 M 113
================================================================================
AV 27.8 14.0 11.7 FASTST M M 4 MAX(MPH)
MISC ----> 48 9999 68 280
================================================================================
NOTES:
# LAST OF SEVERAL OCCURRENCES
COLUMN 17 PEAK WIND IN M.P.H.
PRELIMINARY LOCAL CLIMATOLOGICAL DATA (WS FORM: F-6) , PAGE 2
STATION: COPPER MTN/RED CLIFF
MONTH: JANUARY
YEAR: 2022
LATITUDE: 39 28 N
LONGITUDE: 106 9 W
[TEMPERATURE DATA] [PRECIPITATION DATA] SYMBOLS USED IN COLUMN 16
AVERAGE MONTHLY: 20.9 TOTAL FOR MONTH: 0.00 1 = FOG OR MIST
DPTR FM NORMAL: 0.0 DPTR FM NORMAL: M 2 = FOG REDUCING VISIBILITY
HIGHEST: 41 ON 13 GRTST 24HR 0.25 ON 25-25 TO 1/4 MILE OR LESS
LOWEST: -8 ON 1 3 = THUNDER
SNOW, ICE PELLETS, HAIL 4 = ICE PELLETS
TOTAL MONTH: M 5 = HAIL
GRTST 24HR M ON M 6 = FREEZING RAIN OR DRIZZLE
GRTST DEPTH: M ON M 7 = DUSTSTORM OR SANDSTORM:
VSBY 1/2 MILE OR LESS
8 = SMOKE OR HAZE
[NO. OF DAYS WITH] [WEATHER - DAYS WITH] 9 = BLOWING SNOW
X = TORNADO
MAX 32 OR BELOW: 24 0.01 INCH OR MORE: 0
MAX 90 OR ABOVE: 0 0.10 INCH OR MORE: 0
MIN 32 OR BELOW: 31 0.50 INCH OR MORE: 0
MIN 0 OR BELOW: 2 1.00 INCH OR MORE: 0
[HDD (BASE 65) ]
TOTAL THIS MO. 1356 CLEAR (SCALE 0-3) 17
DPTR FM NORMAL M PTCLDY (SCALE 4-7) 9
TOTAL FM JUL 1 5248 CLOUDY (SCALE 8-10) 5
DPTR FM NORMAL M
[CDD (BASE 65) ]
TOTAL THIS MO. 0
DPTR FM NORMAL M [PRESSURE DATA]
TOTAL FM JAN 1 0 HIGHEST SLP M ON M
DPTR FM NORMAL M LOWEST SLP M ON M
[REMARKS]
#FINAL-01-22#