000
CDAK48 PAFC 110041
CLICDB

CLIMATE REPORT
NATIONAL WEATHER SERVICE ANCHORAGE, AK
441 PM AKDT MON MAY 10 2021

...................................

...THE COLD BAY CLIMATE SUMMARY FOR MAY 10 2021...
VALID TODAY AS OF 0400 PM LOCAL TIME.

CLIMATE NORMAL PERIOD: 1991 TO 2020
CLIMATE RECORD PERIOD: 1942 TO 2021


WEATHER ITEM   OBSERVED TIME   RECORD YEAR NORMAL DEPARTURE LAST
                VALUE   (LST)  VALUE       VALUE  FROM      YEAR
                                                  NORMAL
...................................................................
TEMPERATURE (F)
 TODAY
  MAXIMUM         45  11:27 AM  56    1968  46     -1       48
  MINIMUM         39   7:05 AM  26    1958  34      5       41
                                      1964
                                      2008
  AVERAGE         42                        40      2       45

PRECIPITATION (IN)
  TODAY            0.22          0.58 2016   0.08   0.14      T
  MONTH TO DATE    1.38                      0.75   0.63     0.04
  SINCE MAR 1      6.80                      6.43   0.37     3.05
  SINCE JAN 1     16.34                     12.98   3.36     8.57

DEGREE DAYS
 HEATING
  TODAY           23                        25     -2       20
  MONTH TO DATE  248                       255     -7      230
  SINCE MAR 1   2033                      2234   -201     2021
  SINCE JUL 1   7794                      8298   -504     7493

 COOLING
  TODAY            0                         0      0        0
  MONTH TO DATE    0                         0      0        0
  SINCE MAR 1      0                         0      0        0
  SINCE JAN 1      0                         0      0        0
...................................................................


WIND (MPH)
  RESULTANT WIND SPEED   9   RESULTANT WIND DIRECTION  SE (140)
  HIGHEST WIND SPEED    20   HIGHEST WIND DIRECTION    SE (150)
  HIGHEST GUST SPEED    24   HIGHEST GUST DIRECTION    SE (150)
  AVERAGE WIND SPEED    10.2


SKY COVER
  AVERAGE SKY COVER 1.0


WEATHER CONDITIONS
THE FOLLOWING WEATHER WAS RECORDED TODAY.
  RAIN
  LIGHT RAIN
  FOG
  HAZE


RELATIVE HUMIDITY (PERCENT)
 HIGHEST   100
 LOWEST     80
 AVERAGE    90

..........................................................


THE COLD BAY CLIMATE NORMALS FOR TOMORROW
                         NORMAL    RECORD    YEAR
 MAXIMUM TEMPERATURE (F)   46        56      1968
 MINIMUM TEMPERATURE (F)   35        25      1966


SUNRISE AND SUNSET
MAY 10 2021...........SUNRISE   6:50 AM AKDT  SUNSET  10:45 PM AKDT
MAY 11 2021...........SUNRISE   6:48 AM AKDT  SUNSET  10:47 PM AKDT


-  INDICATES NEGATIVE NUMBERS.
R  INDICATES RECORD WAS SET OR TIED.
MM INDICATES DATA IS MISSING.
T  INDICATES TRACE AMOUNT.




$$
