000
CXUS55 KCYS 111116 CCA
CF6CDR
PRELIMINARY LOCAL CLIMATOLOGICAL DATA (WS FORM: F-6)...CORRECTED
STATION: CHADRON NEBRASKA AIRPORT
MONTH: MAY
YEAR: 2023
LATITUDE: 42 50 N
LONGITUDE: 103 6 W
TEMPERATURE IN F: :PCPN: SNOW: WIND :SUNSHINE: SKY :PK WND
================================================================================
1 2 3 4 5 6A 6B 7 8 9 10 11 12 13 14 15 16 17 18
12Z AVG MX 2MIN
DY MAX MIN AVG DEP HDD CDD WTR SNW DPTH SPD SPD DIR MIN PSBL S-S WX SPD DR
================================================================================
1 69 23 46 -4 19 0 0.00 M M 4.9 20 40 M M 0 25 50
2 73 27 50 0 15 0 0.00 M M 7.6 17 170 M M 0 22 160
3 84 50 67 16 0 2 0.01 M M 9.4 31 260 M M 1 3 42 180
4 84 41 63 12 2 0 0.00 M M 7.8 21 50 M M 1 28 40
5 76 47 62 11 3 0 0.29 M M 8.4 22 260 M M 5 13 28 270
6 75 40 58 6 7 0 0.00 M M 8.7 29 260 M M 1 1 40 240
7 73 37 55 3 10 0 0.00 M M 6.1 26 200 M M 2 12 35 210
8 78 38 58 5 7 0 0.05 M M 7.2 20 180 M M 1 13 31 150
9 79 50 65 12 0 0 0.12 M M 12.5 37 190 M M 4 3 49 180
10 78 57 68 15 0 3 0.19 M M 13.6 39 120 M M 4 3 49 120
11 67 55 61 7 4 0 1.48 M M 7.7 22 10 M M 9 13 31 360
12 59 53 56 2 9 0 0.66 M M 17.8 28 20 M M 10 1 38 10
13 58 51 55 0 10 0 0.43 M M 12.5 21 310 M M 10 18 30 310
14 56 49 53 -2 12 0 0.13 M M 10.9 18 50 M M 10 1 25 30
15 69 42 56 0 9 0 0.00 M M 3.7 12 260 M M 3 128 13 260
16 76 47 62 6 3 0 0.11 M M 3.5 12 50 M M 2 1 15 50
17 79 48 64 8 1 0 0.09 M M 8.1 26 20 M M 3 138 35 20
18 66 46 56 -1 9 0 T M M 4.3 16 40 M M 9 18 22 40
19 63 39 51 -6 14 0 0.00 M M 4.7 13 360 M M 3 1 17 50
20 78 38 58 0 7 0 0.00 M M 4.7 20 200 M M 0 18 26 210
21 81 46 64 6 1 0 0.00 M M 3.9 10 280 M M 0 18 14 280
22 83 48 66 8 0 1 0.00 M M 8.9 22 180 M M 0 18 31 190
23 83 54 69 10 0 4 0.00 M M 9.5 18 190 M M 0 8 26 200
24 79 53 66 7 0 1 0.00 M M 16.2 29 160 M M 2 38 180
25 81 59 70 10 0 5 0.00 M M 17.7 28 160 M M 1 38 170
26 79 60 70 10 0 5 0.00 M M 16.8 31 140 M M 4 42 160
27 82 54 68 8 0 3 0.43 M M 17.7 36 180 M M 5 13 47 170
28 77 53 65 4 0 0 0.01 M M 6.9 26 350 M M 2 37 340
29 83 49 66 5 0 1 0.01 M M 6.7 18 290 M M 1 25 280
30 87 49 68 7 0 3 0.43 M M 5.3 35 250 M M 1 3 49 250
31 83 52 68 6 0 3 0.85 M M 9.2 31 240 M M 3 13 47 300
================================================================================
SM 2338 1455 142 31 5.29 M 282.9 M 97
================================================================================
AV 75.4 46.9 9.1 FASTST M M 3 MAX(MPH)
MISC ----> 39 120 # 49 180
================================================================================
NOTES:
# LAST OF SEVERAL OCCURRENCES
COLUMN 17 PEAK WIND IN M.P.H.
PRELIMINARY LOCAL CLIMATOLOGICAL DATA (WS FORM: F-6) , PAGE 2
STATION: CHADRON NEBRASKA AIRPORT
MONTH: MAY
YEAR: 2023
LATITUDE: 42 50 N
LONGITUDE: 103 6 W
[TEMPERATURE DATA] [PRECIPITATION DATA] SYMBOLS USED IN COLUMN 16
AVERAGE MONTHLY: 61.2 TOTAL FOR MONTH: 5.29 1 = FOG OR MIST
DPTR FM NORMAL: 5.3 DPTR FM NORMAL: 2.58 2 = FOG REDUCING VISIBILITY
HIGHEST: 87 ON 30 GRTST 24HR 2.12 ON 11-12 TO 1/4 MILE OR LESS
LOWEST: 23 ON 1 3 = THUNDER
SNOW, ICE PELLETS, HAIL 4 = ICE PELLETS
TOTAL MONTH: M 5 = HAIL
GRTST 24HR M ON M 6 = FREEZING RAIN OR DRIZZLE
GRTST DEPTH: M ON M 7 = DUSTSTORM OR SANDSTORM:
VSBY 1/2 MILE OR LESS
8 = SMOKE OR HAZE
[NO. OF DAYS WITH] [WEATHER - DAYS WITH] 9 = BLOWING SNOW
X = TORNADO
MAX 32 OR BELOW: 0 0.01 INCH OR MORE: 16
MAX 90 OR ABOVE: 0 0.10 INCH OR MORE: 11
MIN 32 OR BELOW: 2 0.50 INCH OR MORE: 3
MIN 0 OR BELOW: 0 1.00 INCH OR MORE: 1
[HDD (BASE 65) ]
TOTAL THIS MO. 142 CLEAR (SCALE 0-3) 21
DPTR FM NORMAL -162 PTCLDY (SCALE 4-7) 5
TOTAL FM JUL 1 7028 CLOUDY (SCALE 8-10) 5
DPTR FM NORMAL 246
[CDD (BASE 65) ]
TOTAL THIS MO. 31
DPTR FM NORMAL 11 [PRESSURE DATA]
TOTAL FM JAN 1 31 HIGHEST SLP 30.55 ON 14
DPTR FM NORMAL 10 LOWEST SLP 29.65 ON 5
[REMARKS]
MAY 31...RECORD DAILY MAXIMUM RAINFALL: 0.85 INCHES
(PREVIOUS: 0.66 INCHES IN 1967)
MAY 2023 WAS 6TH WARMEST WITH AN AVERAGE TEMPERATURE OF 61.2 DEGREES
MAY 2023 WAS 8TH WETTEST WITH 5.29 INCHES OF PRECIPITATION
#FINAL-05-23#