000
CXUS55 KDVN 011100
CF6CID
PRELIMINARY LOCAL CLIMATOLOGICAL DATA (WS FORM: F-6)
STATION: CEDAR RAPIDS IA
MONTH: MARCH
YEAR: 2020
LATITUDE: 41 52 N
LONGITUDE: 91 42 W
TEMPERATURE IN F: :PCPN: SNOW: WIND :SUNSHINE: SKY :PK WND
================================================================================
1 2 3 4 5 6A 6B 7 8 9 10 11 12 13 14 15 16 17 18
12Z AVG MX 2MIN
DY MAX MIN AVG DEP HDD CDD WTR SNW DPTH SPD SPD DIR MIN PSBL S-S WX SPD DR
================================================================================
1 60 32 46 16 19 0 0.00 M M 12.5 18 340 M M 0 27 180
2 35 27 31 1 34 0 0.00 M M 8.3 16 340 M M 7 22 330
3 49 29 39 8 26 0 0.00 M M 12.9 31 300 M M 5 40 290
4 49 30 40 9 25 0 T M M 9.4 21 360 M M 2 26 360
5 49 33 41 9 24 0 0.00 M M 22.8 37 300 M M 6 48 290
6 45 25 35 3 30 0 0.00 M M 10.4 29 330 M M 2 41 330
7 60 26 43 10 22 0 0.00 M M 14.7 26 180 M M 0 35 190
8 70 40 55 22 10 0 0.00 M M 15.9 31 190 M M 0 42 200
9 56 34 45 11 20 0 0.69 M M 12.7 21 330 M M 10 13 28 340
10 50 29 40 6 25 0 0.00 M M 8.1 18 310 M M 4 1 24 310
11 48 37 43 9 22 0 0.00 M M 7.8 18 200 M M 7 18 25 190
12 62 32 47 12 18 0 T M M 17.1 32 320 M M 7 128 46 310
13 47 26 37 2 28 0 0.00 M M 13.4 24 300 M M 1 33 290
14 36 24 30 -6 35 0 0.12 M M 9.7 16 50 M M 8 128 23 20
15 36 22 29 -7 36 0 0.00 M M 7.8 14 100 M M 6 19 80
16 42 32 37 0 28 0 0.00 M M 6.2 17 310 M M 10 18 22 310
17 47 24 36 -1 29 0 0.00 M M 7.8 20 330 M M 2 26 320
18 45 38 42 4 23 0 0.41 M M 9.8 17 120 M M 10 1 22 120
19 56 40 48 10 17 0 0.65 M M 11.6 24 360 M M 10 123 31 360
20 40 29 35 -3 30 0 T M M 17.0 28 330 M M 10 1 37 350
21 38 28 33 -6 32 0 0.00 M M 9.3 16 120 M M 8 21 120
22 37 28 33 -6 32 0 0.02 M M 12.7 21 130 M M 10 18 27 140
23 45 30 38 -2 27 0 0.00 M M 5.7 15 190 M M 10 1 20 160
24 49 32 41 1 24 0 0.00 M M 9.0 17 160 M M 7 18 24 130
25 52 30 41 0 24 0 0.00 M M 9.6 18 150 M M 7 12 26 140
26 56 41 49 8 16 0 T M M 10.1 16 70 M M 8 1 21 90
27 52 40 46 5 19 0 0.12 M M 13.6 23 110 M M 9 13 30 80
28 67 45 56 14 9 0 0.47 M M 16.4 36 230 M M 8 1238 47 230
29 51 34 43 1 22 0 0.02 M M 24.7 40 290 M M 9 18 54 290
30 61 28 45 2 20 0 0.00 M M 7.4 17 20 M M 0 26 360
31 54 30 42 -1 23 0 0.00 M M 9.7 22 70 M M 1 27 80
================================================================================
SM 1544 975 749 0 2.50 M 364.1 M 184
================================================================================
AV 49.8 31.5 11.7 FASTST M M 6 MAX(MPH)
MISC ----> # 40 290 # 54 290
================================================================================
NOTES:
# LAST OF SEVERAL OCCURRENCES
COLUMN 17 PEAK WIND IN M.P.H.
PRELIMINARY LOCAL CLIMATOLOGICAL DATA (WS FORM: F-6) , PAGE 2
STATION: CEDAR RAPIDS IA
MONTH: MARCH
YEAR: 2020
LATITUDE: 41 52 N
LONGITUDE: 91 42 W
[TEMPERATURE DATA] [PRECIPITATION DATA] SYMBOLS USED IN COLUMN 16
AVERAGE MONTHLY: 40.6 TOTAL FOR MONTH: 2.50 1 = FOG OR MIST
DPTR FM NORMAL: 4.0 DPTR FM NORMAL: 0.40 2 = FOG REDUCING VISIBILITY
HIGHEST: 70 ON 8 GRTST 24HR 0.69 ON 9- 9 TO 1/4 MILE OR LESS
LOWEST: 22 ON 15 3 = THUNDER
SNOW, ICE PELLETS, HAIL 4 = ICE PELLETS
TOTAL MONTH: M 5 = HAIL
GRTST 24HR M ON M 6 = FREEZING RAIN OR DRIZZLE
GRTST DEPTH: M ON M 7 = DUSTSTORM OR SANDSTORM:
VSBY 1/2 MILE OR LESS
8 = SMOKE OR HAZE
[NO. OF DAYS WITH] [WEATHER - DAYS WITH] 9 = BLOWING SNOW
X = TORNADO
MAX 32 OR BELOW: 0 0.01 INCH OR MORE: 8
MAX 90 OR ABOVE: 0 0.10 INCH OR MORE: 6
MIN 32 OR BELOW: 21 0.50 INCH OR MORE: 2
MIN 0 OR BELOW: 0 1.00 INCH OR MORE: 0
[HDD (BASE 65) ]
TOTAL THIS MO. 749 CLEAR (SCALE 0-3) 9
DPTR FM NORMAL -132 PTCLDY (SCALE 4-7) 13
TOTAL FM JUL 1 5866 CLOUDY (SCALE 8-10) 9
DPTR FM NORMAL -298
[CDD (BASE 65) ]
TOTAL THIS MO. 0
DPTR FM NORMAL 0 [PRESSURE DATA]
TOTAL FM JAN 1 0 HIGHEST SLP 30.70 ON 15
DPTR FM NORMAL 0 LOWEST SLP 29.30 ON 28
[REMARKS]
#FINAL-03-20#