000
CDUS41 KGYX 282153
CLICON


CLIMATE REPORT
NATIONAL WEATHER SERVICE GRAY ME
452 PM EST FRI FEB 28 2020


...................................

...THE CONCORD NH CLIMATE SUMMARY FOR FEBRUARY 28 2020...
VALID TODAY AS OF 0400 PM LOCAL TIME.

CLIMATE NORMAL PERIOD 1981 TO 2010
CLIMATE RECORD PERIOD 1868 TO 2020


WEATHER ITEM   OBSERVED TIME   RECORD YEAR NORMAL DEPARTURE LAST
                VALUE   (LST)  VALUE       VALUE  FROM      YEAR
                                                  NORMAL
..................................................................
TEMPERATURE (F)
 TODAY
  MAXIMUM         33    225 PM  65    1877  38     -5       27
  MINIMUM         25    713 AM -13    1920  17      8        7
  AVERAGE         29                        28      1       17

PRECIPITATION (IN)
  TODAY            0.00          1.50 1870   0.10  -0.10     0.09
  MONTH TO DATE    2.69                      2.62   0.07     2.73
  SINCE DEC 1     10.34                      8.52   1.82    10.71
  SINCE JAN 1      4.64                      5.32  -0.68     7.45

SNOWFALL (IN)
  TODAY            0.0          15.0  1870   0.4   -0.4      1.5
  MONTH TO DATE   11.0                      12.3   -1.3     11.2
  SINCE DEC 1     38.1                      44.9   -6.8     30.3
  SINCE JUL 1     38.4                      47.5   -9.1     43.6
  SNOW DEPTH       6

DEGREE DAYS
 HEATING
  TODAY           36                        37     -1       48
  MONTH TO DATE 1044                      1137    -93     1123
  SINCE DEC 1   3343                      3700   -357     3584
  SINCE JUL 1   4919                      5260   -341     5208

 COOLING
  TODAY            0                         0      0        0
  MONTH TO DATE    0                         0      0        0
  SINCE DEC 1      0                         0      0        0
  SINCE JAN 1      0                         0      0        0
..................................................................


WIND (MPH)
  HIGHEST WIND SPEED    25   HIGHEST WIND DIRECTION     W (250)
  HIGHEST GUST SPEED    34   HIGHEST GUST DIRECTION    SW (220)
  AVERAGE WIND SPEED    16.2


SKY COVER
  POSSIBLE SUNSHINE  MM
  AVERAGE SKY COVER 0.5


WEATHER CONDITIONS
 THE FOLLOWING WEATHER WAS RECORDED TODAY.
  NO SIGNIFICANT WEATHER WAS OBSERVED.


RELATIVE HUMIDITY (PERCENT)
 HIGHEST    46          1200 AM
 LOWEST     36          1100 AM
 AVERAGE    41

..........................................................


THE CONCORD NH CLIMATE NORMALS FOR TOMORROW
                         NORMAL    RECORD    YEAR
 MAXIMUM TEMPERATURE (F)   39        62      1880
 MINIMUM TEMPERATURE (F)   17       -13      2008


SUNRISE AND SUNSET
FEBRUARY 28 2020......SUNRISE   625 AM EST   SUNSET   533 PM EST
FEBRUARY 29 2020......SUNRISE   623 AM EST   SUNSET   534 PM EST


-  INDICATES NEGATIVE NUMBERS.
R  INDICATES RECORD WAS SET OR TIED.
MM INDICATES DATA IS MISSING.
T  INDICATES TRACE AMOUNT.




$$
