000
CDUS44 KCRP 260031
CLICRP

CLIMATE REPORT
NATIONAL WEATHER SERVICE CORPUS CHRISTI TX
728 PM CDT FRI MAY 25 2018


...................................

...THE CORPUS CHRISTI CLIMATE SUMMARY FOR MAY 25 2018...
VALID TODAY AS OF 700 PM LOCAL TIME.

CLIMATE NORMAL PERIOD 1981 TO 2010
CLIMATE RECORD PERIOD 1887 TO 2018


WEATHER ITEM   OBSERVED TIME   RECORD YEAR NORMAL DEPARTURE LAST
                VALUE   (LST)  VALUE       VALUE  FROM      YEAR
                                                  NORMAL
..................................................................
TEMPERATURE (F)
 TODAY
  MAXIMUM         92    302 PM  97    2009  88      4       87
  MINIMUM         71    519 AM  60    2017  72     -1       60
                                      1940
  AVERAGE         82                        80      2       74

PRECIPITATION (IN)
  TODAY            0.00          3.31 1933   0.11  -0.11     0.00
  MONTH TO DATE    0.68                      2.41  -1.73     0.93
  SINCE MAR 1      2.95                      6.14  -3.19     8.14
  SINCE JAN 1      4.68                      9.61  -4.93    10.98

SNOWFALL (IN)
  TODAY            0.0
  MONTH TO DATE    0.0
  SINCE MAR 1      0.0
  SINCE JUL 1      1.0
  SNOW DEPTH       0

DEGREE DAYS
 HEATING
  TODAY            0                         0      0        0
  MONTH TO DATE    0                         0      0        0
  SINCE MAR 1     42                        98    -56       16
  SINCE JUL 1    871                       898    -27      368

 COOLING
  TODAY           17                        15      2        9
  MONTH TO DATE  366                       321     45      314
  SINCE MAR 1    766                       673     93      820
  SINCE JAN 1    888                       749    139     1089
..................................................................


WIND (MPH)
  HIGHEST WIND SPEED    16   HIGHEST WIND DIRECTION     E (110)
  HIGHEST GUST SPEED    23   HIGHEST GUST DIRECTION    SE (140)


SKY COVER
  POSSIBLE SUNSHINE  MM
  AVERAGE SKY COVER 0.5


WEATHER CONDITIONS
 THE FOLLOWING WEATHER WAS RECORDED TODAY.
  FOG


RELATIVE HUMIDITY (PERCENT)
 HIGHEST   100          1200 AM
 LOWEST     56           300 PM
 AVERAGE    78

..........................................................


THE CORPUS CHRISTI CLIMATE NORMALS FOR TOMORROW
                         NORMAL    RECORD    YEAR
 MAXIMUM TEMPERATURE (F)   88        97      1928
 MINIMUM TEMPERATURE (F)   72        61      1947
                                             1901


SUNRISE AND SUNSET
MAY 25 2018...........SUNRISE   636 AM CDT   SUNSET   818 PM CDT
MAY 26 2018...........SUNRISE   636 AM CDT   SUNSET   818 PM CDT


-  INDICATES NEGATIVE NUMBERS.
R  INDICATES RECORD WAS SET OR TIED.
MM INDICATES DATA IS MISSING.
T  INDICATES TRACE AMOUNT.




$$
