000
CDUS44 KCRP 102353
CLICRP

CLIMATE REPORT
NATIONAL WEATHER SERVICE CORPUS CHRISTI TX
552 PM CST TUE DEC 10 2019

...................................

...THE CORPUS CHRISTI CLIMATE SUMMARY FOR DECEMBER 10 2019...
VALID AS OF 552 PM LOCAL TIME.

CLIMATE NORMAL PERIOD 1981 TO 2010
CLIMATE RECORD PERIOD 1887 TO 2019


WEATHER ITEM   OBSERVED TIME   RECORD YEAR NORMAL DEPARTURE LAST
                VALUE   (LST)  VALUE       VALUE  FROM      YEAR
                                                  NORMAL
..................................................................
TEMPERATURE (F)
 TODAY
  MAXIMUM         73    304 AM  89    1993  69      4       61
  MINIMUM         50   1236 PM  21    1978  49      1       38
  AVERAGE         62                        59      3       50

PRECIPITATION (IN)
  TODAY            0.16          1.35 1941   0.06   0.10     0.00
  MONTH TO DATE    0.16                      0.53  -0.37     0.72
  SINCE DEC 1      0.16                      0.53  -0.37     0.72
  SINCE JAN 1     21.71                     30.46  -8.75    40.44

SNOWFALL (IN)
  TODAY            0.0           0.0  2002   0.0    0.0      0.0
                                      2001
                                      2000
  MONTH TO DATE    0.0                       0.0    0.0      0.0
  SINCE DEC 1      0.0                       0.0    0.0      0.0
  SINCE JUL 1      0.0                       0.0    0.0       T
  SNOW DEPTH       0

DEGREE DAYS
 HEATING
  TODAY            3                         7     -4       15
  MONTH TO DATE   18                        66    -48       58
  SINCE DEC 1     18                        66    -48       58
  SINCE JUL 1    186                       167     19      243

 COOLING
  TODAY            0                         2     -2        0
  MONTH TO DATE   24                        20      4       10
  SINCE DEC 1     24                        20      4       10
  SINCE JAN 1   4050                      3495    555     3671
..................................................................


WIND (MPH)
  HIGHEST WIND SPEED    31   HIGHEST WIND DIRECTION     N (10)
  HIGHEST GUST SPEED    39   HIGHEST GUST DIRECTION     N (10)


SKY COVER
  POSSIBLE SUNSHINE  MM
  AVERAGE SKY COVER 1.0


WEATHER CONDITIONS
 THE FOLLOWING WEATHER WAS RECORDED TODAY.
  RAIN
  LIGHT RAIN
  FOG


RELATIVE HUMIDITY (PERCENT)
 HIGHEST    93          1200 AM
 LOWEST     72           600 AM
 AVERAGE    83

..........................................................


THE CORPUS CHRISTI CLIMATE NORMALS FOR TOMORROW
                         NORMAL    RECORD    YEAR
 MAXIMUM TEMPERATURE (F)   69        89      1987
 MINIMUM TEMPERATURE (F)   49        30      2008


SUNRISE AND SUNSET
DECEMBER 10 2019......SUNRISE   710 AM CST   SUNSET   536 PM CST
DECEMBER 11 2019......SUNRISE   711 AM CST   SUNSET   536 PM CST


-  INDICATES NEGATIVE NUMBERS.
R  INDICATES RECORD WAS SET OR TIED.
MM INDICATES DATA IS MISSING.
T  INDICATES TRACE AMOUNT.




$$
