000
CDUS44 KCRP 150638
CLICRP

CLIMATE REPORT
NATIONAL WEATHER SERVICE CORPUS CHRISTI TX
138 AM CDT MON APR 15 2024

...................................

...THE CORPUS CHRISTI CLIMATE SUMMARY FOR APRIL 14 2024...

CLIMATE NORMAL PERIOD 1991 TO 2020
CLIMATE RECORD PERIOD 1887 TO 2024


WEATHER ITEM   OBSERVED TIME   RECORD YEAR NORMAL DEPARTURE LAST
                VALUE   (LST)  VALUE       VALUE  FROM      YEAR
                                                  NORMAL
...................................................................
TEMPERATURE (F)
 YESTERDAY
  MAXIMUM         86    149 PM  94    2013  83      3       83
  MINIMUM         70    121 AM  33    1980  64      6       67
  AVERAGE         78                        73      5       75

PRECIPITATION (IN)
  YESTERDAY        0.00          1.57 1934   0.06  -0.06     0.00
  MONTH TO DATE    0.37                      0.88  -0.51     2.48
  SINCE MAR 1      1.22                      3.16  -1.94     3.20
  SINCE JAN 1      5.73                      5.84  -0.11     4.11

SNOWFALL (IN)
  YESTERDAY        0.0           0.0    MM   0.0    0.0      0.0
  MONTH TO DATE    0.0                       0.0    0.0      0.0
  SINCE MAR 1      0.0                       0.0    0.0      0.0
  SINCE JUL 1      T                         0.2   -0.2      0.0
  SNOW DEPTH       0

DEGREE DAYS
 HEATING
  YESTERDAY        0                         0      0        0
  MONTH TO DATE    0                         9     -9       12
  SINCE MAR 1     19                        76    -57       49
  SINCE JUL 1    606                       799   -193      728

 COOLING
  YESTERDAY       13                         9      4       10
  MONTH TO DATE  136                       107     29      110
  SINCE MAR 1    344                       248     96      376
  SINCE JAN 1    440                       344     96      600
...................................................................


WIND (MPH)
  HIGHEST WIND SPEED    28   HIGHEST WIND DIRECTION    SE (150)
  HIGHEST GUST SPEED    35   HIGHEST GUST DIRECTION    SE (150)
  AVERAGE WIND SPEED    16.3


SKY COVER
  POSSIBLE SUNSHINE  MM
  AVERAGE SKY COVER 0.8


WEATHER CONDITIONS
THE FOLLOWING WEATHER WAS RECORDED YESTERDAY.
  NO SIGNIFICANT WEATHER WAS OBSERVED.


RELATIVE HUMIDITY (PERCENT)
 HIGHEST    93           600 AM
 LOWEST     63          1200 PM
 AVERAGE    78

..........................................................


THE CORPUS CHRISTI CLIMATE NORMALS FOR TODAY
                         NORMAL    RECORD    YEAR
 MAXIMUM TEMPERATURE (F)   83        97      1953
 MINIMUM TEMPERATURE (F)   64        43      2007


SUNRISE AND SUNSET
APRIL 15 2024.........SUNRISE   705 AM CDT   SUNSET   755 PM CDT
APRIL 16 2024.........SUNRISE   704 AM CDT   SUNSET   756 PM CDT


-  INDICATES NEGATIVE NUMBERS.
R  INDICATES RECORD WAS SET OR TIED.
MM INDICATES DATA IS MISSING.
T  INDICATES TRACE AMOUNT.




$$
