000
CDUS44 KCRP 110041
CLICRP

CLIMATE REPORT
NATIONAL WEATHER SERVICE CORPUS CHRISTI TX
738 PM CDT MON AUG 10 2020


...................................

...THE CORPUS CHRISTI CLIMATE SUMMARY FOR AUGUST 10 2020...
VALID TODAY AS OF 700 PM LOCAL TIME.

CLIMATE NORMAL PERIOD 1981 TO 2010
CLIMATE RECORD PERIOD 1887 TO 2020


WEATHER ITEM   OBSERVED TIME   RECORD YEAR NORMAL DEPARTURE LAST
                VALUE   (LST)  VALUE       VALUE  FROM      YEAR
                                                  NORMAL
..................................................................
TEMPERATURE (F)
 TODAY
  MAXIMUM         93    353 PM 103    1962  95     -2       98
  MINIMUM         78    627 AM  69    1989  75      3       81
  AVERAGE         86                        85      1       90

PRECIPITATION (IN)
  TODAY            T             6.93 1980   0.07  -0.07     0.00
  MONTH TO DATE    0.14                      0.61  -0.47     0.08
  SINCE JUN 1      8.67                      6.76   1.91     3.25
  SINCE JAN 1     16.30                     17.03  -0.73    11.59

SNOWFALL (IN)
  TODAY            0.0           0.0  2002   0.0    0.0      0.0
                                      2001
                                      2000
  MONTH TO DATE    0.0                       0.0    0.0      0.0
  SINCE JUN 1      0.0                       0.0    0.0      0.0
  SINCE JUL 1      0.0                       0.0    0.0      0.0
  SNOW DEPTH       0

DEGREE DAYS
 HEATING
  TODAY            0                         0      0        0
  MONTH TO DATE    0                         0      0        0
  SINCE JUN 1      0                         0      0        0
  SINCE JUL 1      0                         0      0        0

 COOLING
  TODAY           21                        20      1       25
  MONTH TO DATE  203                       200      3      221
  SINCE JUN 1   1313                      1309      4     1488
  SINCE JAN 1   2500                      2150    350     2467
..................................................................


WIND (MPH)
  HIGHEST WIND SPEED    20   HIGHEST WIND DIRECTION    SE (130)
  HIGHEST GUST SPEED    27   HIGHEST GUST DIRECTION    SE (140)


SKY COVER
  POSSIBLE SUNSHINE  MM
  AVERAGE SKY COVER 0.3


WEATHER CONDITIONS
 THE FOLLOWING WEATHER WAS RECORDED TODAY.
  LIGHT RAIN


RELATIVE HUMIDITY (PERCENT)
 HIGHEST    94          1200 AM
 LOWEST     56           200 PM
 AVERAGE    75

..........................................................


THE CORPUS CHRISTI CLIMATE NORMALS FOR TOMORROW
                         NORMAL    RECORD    YEAR
 MAXIMUM TEMPERATURE (F)   95       102      1928
 MINIMUM TEMPERATURE (F)   75        70      2004
                                             1976
                                             1889


SUNRISE AND SUNSET
AUGUST 10 2020........SUNRISE   658 AM CDT   SUNSET   812 PM CDT
AUGUST 11 2020........SUNRISE   659 AM CDT   SUNSET   811 PM CDT


-  INDICATES NEGATIVE NUMBERS.
R  INDICATES RECORD WAS SET OR TIED.
MM INDICATES DATA IS MISSING.
T  INDICATES TRACE AMOUNT.




$$
