000
CDUS44 KCRP 250036
CLICRP

CLIMATE REPORT
NATIONAL WEATHER SERVICE CORPUS CHRISTI TX
636 PM CST WED FEB 24 2021

...................................

...THE CORPUS CHRISTI CLIMATE SUMMARY FOR FEBRUARY 24 2021...
VALID TODAY AS OF 0600 PM LOCAL TIME.

CLIMATE NORMAL PERIOD 1981 TO 2010
CLIMATE RECORD PERIOD 1887 TO 2021


WEATHER ITEM   OBSERVED TIME   RECORD YEAR NORMAL DEPARTURE LAST
                VALUE   (LST)  VALUE       VALUE  FROM      YEAR
                                                  NORMAL
...................................................................
TEMPERATURE (F)
 TODAY
  MAXIMUM         84    207 PM  90    2007  72     12       83
  MINIMUM         65    718 AM  29    1968  52     13       60
  AVERAGE         75                        62     13       72

PRECIPITATION (IN)
  TODAY            0.00          1.39 2004   0.07  -0.07     0.01
  MONTH TO DATE    0.35                      1.61  -1.26     0.34
  SINCE DEC 1      3.45                      4.98  -1.53     5.16
  SINCE JAN 1      1.74                      3.15  -1.41     1.14

SNOWFALL (IN)
  TODAY            0.0           0.0    MM   0.0    0.0      0.0
  MONTH TO DATE    T                         0.0    0.0      0.0
  SINCE DEC 1      T                         0.2   -0.2      0.0
  SINCE JUL 1      T                         0.2   -0.2      0.0
  SNOW DEPTH      MM

DEGREE DAYS
 HEATING
  TODAY            0                         5     -5        0
  MONTH TO DATE  327                       155    172      134
  SINCE DEC 1    780                       681     99      436
  SINCE JUL 1    836                       782     54      604

 COOLING
  TODAY           10                         2      8        7
  MONTH TO DATE   28                        41    -13       66
  SINCE DEC 1    107                       120    -13      187
  SINCE JAN 1     80                        71      9      135
...................................................................


WIND (MPH)
  HIGHEST WIND SPEED    24   HIGHEST WIND DIRECTION    SE (150)
  HIGHEST GUST SPEED    29   HIGHEST GUST DIRECTION    SE (140)


SKY COVER
  POSSIBLE SUNSHINE  MM
  AVERAGE SKY COVER 0.8


WEATHER CONDITIONS
THE FOLLOWING WEATHER WAS RECORDED TODAY.
  NO SIGNIFICANT WEATHER WAS OBSERVED.


RELATIVE HUMIDITY (PERCENT)
 HIGHEST    97          1200 AM
 LOWEST     55           200 PM
 AVERAGE    76

..........................................................


THE CORPUS CHRISTI CLIMATE NORMALS FOR TOMORROW
                         NORMAL    RECORD    YEAR
 MAXIMUM TEMPERATURE (F)   72        91      2008
 MINIMUM TEMPERATURE (F)   53        27      1960


SUNRISE AND SUNSET
FEBRUARY 24 2021......SUNRISE   659 AM CST   SUNSET   628 PM CST
FEBRUARY 25 2021......SUNRISE   658 AM CST   SUNSET   628 PM CST


-  INDICATES NEGATIVE NUMBERS.
R  INDICATES RECORD WAS SET OR TIED.
MM INDICATES DATA IS MISSING.
T  INDICATES TRACE AMOUNT.




$$
