858
CDUS44 KCRP 182311
CLICRP

CLIMATE REPORT
NATIONAL WEATHER SERVICE CORPUS CHRISTI TX
611 PM CDT SUN AUG 18 2019

...................................

...THE CORPUS CHRISTI CLIMATE SUMMARY FOR AUGUST 18 2019...
VALID AS OF 611 PM LOCAL TIME.

CLIMATE NORMAL PERIOD 1981 TO 2010
CLIMATE RECORD PERIOD 1887 TO 2019


WEATHER ITEM   OBSERVED TIME   RECORD YEAR NORMAL DEPARTURE LAST
                VALUE   (LST)  VALUE       VALUE  FROM      YEAR
                                                  NORMAL
..................................................................
TEMPERATURE (F)
 TODAY
  MAXIMUM         98    118 PM 102    1950  95      3       96
  MINIMUM         80    630 AM  65    1992  75      5       75
  AVERAGE         89                        85      4       86

PRECIPITATION (IN)
  TODAY            0.00          1.58 1916   0.10  -0.10     0.00
  MONTH TO DATE    0.08                      1.29  -1.21     1.12
  SINCE JUN 1      3.25                      7.44  -4.19    15.77
  SINCE JAN 1     11.59                     17.71  -6.12    20.45

SNOWFALL (IN)
  TODAY            0.0           0.0  2002   0.0    0.0      0.0
                                      2001
                                      2000
  MONTH TO DATE    0.0                       0.0    0.0      0.0
  SINCE JUN 1      0.0                       0.0    0.0      0.0
  SINCE JUL 1      0.0                       0.0    0.0      0.0
  SNOW DEPTH       0

DEGREE DAYS
 HEATING
  TODAY            0                         0      0        0
  MONTH TO DATE    0                         0      0        0
  SINCE JUN 1      0                         0      0        0
  SINCE JUL 1      0                         0      0        0

 COOLING
  TODAY           24                        20      4       21
  MONTH TO DATE  410                       360     50      359
  SINCE JUN 1   1677                      1469    208     1501
  SINCE JAN 1   2656                      2310    346     2493
..................................................................


WIND (MPH)
  HIGHEST WIND SPEED    24   HIGHEST WIND DIRECTION    SE (140)
  HIGHEST GUST SPEED    35   HIGHEST GUST DIRECTION    SE (140)


SKY COVER
  POSSIBLE SUNSHINE  MM
  AVERAGE SKY COVER 0.4


WEATHER CONDITIONS
 THE FOLLOWING WEATHER WAS RECORDED TODAY.
  NO SIGNIFICANT WEATHER WAS OBSERVED.


RELATIVE HUMIDITY (PERCENT)
 HIGHEST    94           300 AM
 LOWEST     48           100 PM
 AVERAGE    71

..........................................................


THE CORPUS CHRISTI CLIMATE NORMALS FOR TOMORROW
                         NORMAL    RECORD    YEAR
 MAXIMUM TEMPERATURE (F)   95       101      2011
 MINIMUM TEMPERATURE (F)   75        69      1992


SUNRISE AND SUNSET
AUGUST 18 2019........SUNRISE   702 AM CDT   SUNSET   805 PM CDT
AUGUST 19 2019........SUNRISE   702 AM CDT   SUNSET   804 PM CDT


-  INDICATES NEGATIVE NUMBERS.
R  INDICATES RECORD WAS SET OR TIED.
MM INDICATES DATA IS MISSING.
T  INDICATES TRACE AMOUNT.




$$
