000
CXUS54 KCRP 011634
CLMCRP

CLIMATE REPORT
NATIONAL WEATHER SERVICE CORPUS CHRISTI TX
1115 AM CDT WED JUL 1 2020

...................................

...THE CORPUS CHRISTI CLIMATE SUMMARY FOR THE MONTH OF JUNE 2020...

CLIMATE NORMAL PERIOD 1981 TO 2010
CLIMATE RECORD PERIOD 1887 TO 2020

WEATHER         OBSERVED          NORMAL  DEPART  LAST YEAR`S
                 VALUE   DATE(S)  VALUE   FROM    VALUE  DATE(S)
                                          NORMAL
................................................................
TEMPERATURE (F)
RECORD
 HIGH             107   06/29/2013
 LOW               56   06/03/1919
HIGHEST            96   06/07        91       5      102  06/07
LOWEST             63   06/14        73     -10       72  06/17
                                                          06/14
AVG. MAXIMUM     88.8              90.9    -2.1     94.0
AVG. MINIMUM     72.9              73.9    -1.0     77.0
MEAN             80.9              82.4    -1.5     85.5
DAYS MAX >= 90     10              19.6    -9.6       29
DAYS MAX <= 32      0               0.0     0.0        0
DAYS MIN <= 32      0               0.0     0.0        0
DAYS MIN <= 0       0               0.0     0.0        0

PRECIPITATION (INCHES)
RECORD
 MAXIMUM        13.35   1973
 MINIMUM            T   1915
                        1907
TOTALS           4.52              3.36    1.16     2.60
DAILY AVG.       0.15              0.11    0.04     0.09
DAYS >= .01         7               6.8     0.2       10
DAYS >= .10         4               4.7    -0.7        3
DAYS >= .50         3               2.0     1.0        1
DAYS >= 1.00        2               1.0     1.0        1
GREATEST
 24 HR. TOTAL    2.69   06/01 TO 06/01              1.67

SNOWFALL (INCHES)
RECORDS
 TOTAL            0.0   MM
 24 HR TOTAL      0.0   MM
TOTALS            0.0               0.0     0.0      0.0
SINCE 7/1         0.0               0.2    -0.2        T
SNOWDEPTH AVG.      0                MM      MM        0
DAYS >= 1.0         0               0.0     0.0        0
GREATEST
 SNOW DEPTH         0   MM                             0
 24 HR TOTAL      0.0   06/30 TO 06/30               0.0

DEGREE_DAYS
HEATING TOTAL       0                 0       0        0
 SINCE 7/1        667               898    -231      864
COOLING TOTAL     482               522     -40      621
 SINCE 1/1       1669              1363     306     1600
.................................................................

WIND (MPH)
AVERAGE WIND SPEED              9.5
HIGHEST WIND SPEED/DIRECTION    29/160    DATE  06/29
HIGHEST GUST SPEED/DIRECTION    40/210    DATE  06/26

SKY COVER
AVERAGE SKY COVER           0.60

AVERAGE RH (PERCENT)     81

WEATHER CONDITIONS. NUMBER OF DAYS WITH
THUNDERSTORM              7     MIXED PRECIP                0
HEAVY RAIN                4     RAIN                        4
LIGHT RAIN               14     FREEZING RAIN               0
LT FREEZING RAIN          0     HAIL                        0
HEAVY SNOW                0     SNOW                        0
LIGHT SNOW                0     SLEET                       0
FOG                      17     FOG W/VIS <= 1/4 MILE       0
HAZE                      5

-  INDICATES NEGATIVE NUMBERS.
R  INDICATES RECORD WAS SET OR TIED.
MM INDICATES DATA IS MISSING.
T  INDICATES TRACE AMOUNT.

$$
