062
CXUS54 KCRP 011521
CLMCRP

CLIMATE REPORT
NATIONAL WEATHER SERVICE CORPUS CHRISTI TX
959 AM CDT THU AUG 1 2019

...................................

...THE CORPUS CHRISTI CLIMATE SUMMARY FOR THE MONTH OF JULY 2019...

CLIMATE NORMAL PERIOD 1981 TO 2010
CLIMATE RECORD PERIOD 1887 TO 2019

WEATHER         OBSERVED          NORMAL  DEPART  LAST YEAR`S
                 VALUE   DATE(S)  VALUE   FROM    VALUE  DATE(S)
                                          NORMAL
................................................................
TEMPERATURE (F)
RECORD
 HIGH             105   07/24/1934
 LOW               64   07/16/1967
HIGHEST           103   07/13        94       9      102  07/23
LOWEST             68   07/26        75      -7       70  07/26
AVG. MAXIMUM     95.2              93.1     2.1     92.4
AVG. MINIMUM     75.9              74.8     1.1     74.4
MEAN             85.6              83.9     1.7     83.4
DAYS MAX >= 90     31              26.7     4.3       26
DAYS MAX <= 32      0               0.0     0.0        0
DAYS MIN <= 32      0               0.0     0.0        0
DAYS MIN <= 0       0               0.0     0.0        0

PRECIPITATION (INCHES)
RECORD
 MAXIMUM        18.13   2007
 MINIMUM         0.00   1957
                        1897
                        1895
TOTALS           0.57              2.79   -2.22     4.52
DAILY AVG.       0.02              0.09   -0.07     0.15
DAYS >= .01         3               5.7    -2.7        6
DAYS >= .10         1               3.5    -2.5        4
DAYS >= .50         1               1.7    -0.7        3
DAYS >= 1.00        0               0.7    -0.7        3
GREATEST
 24 HR. TOTAL    0.51   07/27 TO 07/27              1.66

SNOWFALL (INCHES)
RECORDS
 TOTAL            0.0   MM
 24 HR TOTAL      0.0   MM
TOTALS            0.0               0.0     0.0      0.0
SINCE 7/1         0.0               0.0     0.0      0.0
SNOWDEPTH AVG.      0                MM      MM        0
DAYS >= 1.0         0               0.0     0.0        0
GREATEST
 SNOW DEPTH         0   MM                             0
 24 HR TOTAL      0.0   MM                           0.0

DEGREE_DAYS
HEATING TOTAL       0                 0       0        0
 SINCE 7/1          0                 0       0        0
COOLING TOTAL     646               587      59      577
 SINCE 1/1       2246              1950     296     2134
.................................................................

WIND (MPH)
AVERAGE WIND SPEED              10.6
HIGHEST WIND SPEED/DIRECTION    28/150    DATE  07/28
HIGHEST GUST SPEED/DIRECTION    36/140    DATE  07/28

SKY COVER
AVERAGE SKY COVER           0.50

AVERAGE RH (PERCENT)     72

WEATHER CONDITIONS. NUMBER OF DAYS WITH
THUNDERSTORM              3     MIXED PRECIP                0
HEAVY RAIN                1     RAIN                        2
LIGHT RAIN                5     FREEZING RAIN               0
LT FREEZING RAIN          0     HAIL                        0
HEAVY SNOW                0     SNOW                        0
LIGHT SNOW                0     SLEET                       0
FOG                       7     FOG W/VIS <= 1/4 MILE       0
HAZE    1


-  INDICATES NEGATIVE NUMBERS.
R  INDICATES RECORD WAS SET OR TIED.
MM INDICATES DATA IS MISSING.
T  INDICATES TRACE AMOUNT.

$$

KW
