000
CXUS54 KCRP 011952
CLMCRP

CLIMATE REPORT
NATIONAL WEATHER SERVICE CORPUS CHRISTI TX
125 PM CST MON FEB 01 2021

...................................

...THE CORPUS CHRISTI CLIMATE SUMMARY FOR THE MONTH OF JANUARY 2021...

CLIMATE NORMAL PERIOD 1981 TO 2010
CLIMATE RECORD PERIOD 1887 TO 2021

WEATHER         OBSERVED          NORMAL  DEPART   LAST YEAR`S
                VALUE   DATE(S)   VALUE   FROM     VALUE DATE(S)
                                          NORMAL
................................................................
TEMPERATURE (F)
RECORD
 HIGH             92   01/21/2017
 LOW              14   01/12/1962
                       01/18/1930
HIGHEST           85   01/25         66      19       83  01/18
                                                          01/14
LOWEST            32   01/13         47     -15       41  01/04
                       01/16
AVG. MAXIMUM    69.5               66.9     2.6     72.0
AVG. MINIMUM    48.4               47.2     1.2     53.3
MEAN            58.9               57.1     1.8     62.6
DAYS MAX >= 90     0                0.0     0.0        0
DAYS MAX <= 32     0                0.0     0.0        0
DAYS MIN <= 32     2                1.5     0.5        0
DAYS MIN <= 0      0                0.0     0.0        0

PRECIPITATION (INCHES)
RECORD
 MAXIMUM       10.78   1958
 MINIMUM           T   1909
TOTALS          1.39               1.54   -0.15     0.80
DAILY AVG.      0.04               0.05   -0.01     0.03
DAYS >= .01        4                7.1    -3.1        9
DAYS >= .10        1                3.2    -2.2        2
DAYS >= .50        1                0.8     0.2        0
DAYS >= 1.00       1                0.3     0.7        0
GREATEST
 24 HR. TOTAL   1.30   01/10 TO 01/10               0.30

SNOWFALL (INCHES)
RECORDS
 TOTAL           3.0   1897
 24 HR TOTAL     3.0   01/29/1897 TO 01/29/1897
TOTALS           0.0                0.0     0.0      0.0
SINCE 7/1        0.0                0.2    -0.2       MM
SNOWDEPTH AVG.     0                                   0
DAYS >= 1.0        0                0.0     0.0        0
GREATEST
 SNOW DEPTH        0                                   0
 24 HR TOTAL      MM                                 0.0

DEGREE DAYS
HEATING TOTAL    231                276     -45      135
 SINCE 7/1       509                622    -113      470
COOLING TOTAL     52                 30      22       69
 SINCE 1/1        52                 30      22       69
................................................................

WIND (MPH)
AVERAGE WIND SPEED              10.9
HIGHEST WIND SPEED/DIRECTION    37/180    DATE  01/30
HIGHEST GUST SPEED/DIRECTION    45/180    DATE  01/30

SKY COVER
AVERAGE SKY COVER           0.55

AVERAGE RH (PERCENT)     73

WEATHER CONDITIONS. NUMBER OF DAYS WITH
THUNDERSTORM              0     MIXED PRECIP               0
HEAVY RAIN                1     RAIN                       2
LIGHT RAIN               11     FREEZING RAIN              0
LT FREEZING RAIN          0     HAIL                       0
HEAVY SNOW                0     SNOW                       0
LIGHT SNOW                0     SLEET                      0
FOG                      14     FOG W/VIS <= 1/4 MILE      7
HAZE                      2

-  INDICATES NEGATIVE NUMBERS.
R  INDICATES RECORD WAS SET OR TIED.
MM INDICATES DATA IS MISSING.
T  INDICATES TRACE AMOUNT.

$$

ANM
