000
CXUS54 KCRP 031743
CLMCRP

CLIMATE REPORT
NATIONAL WEATHER SERVICE CORPUS CHRISTI TX
1224 PM CDT WED APR 03 2024

...................................

...THE CORPUS CHRISTI CLIMATE SUMMARY FOR THE MONTH OF MARCH 2024...

CLIMATE NORMAL PERIOD 1991 TO 2020
CLIMATE RECORD PERIOD 1887 TO 2024

WEATHER         OBSERVED          NORMAL  DEPART   LAST YEAR`S
                VALUE   DATE(S)   VALUE   FROM     VALUE DATE(S)
                                          NORMAL
................................................................
TEMPERATURE (F)
RECORD
 HIGH            102   03/30/1989
 LOW              24   03/02/1980
HIGHEST           94   03/05         76      18       99  03/12
LOWEST            51   03/02         56      -5       46  03/19
                       03/10
                       03/28
AVG. MAXIMUM    80.2               76.7     3.5     81.1
AVG. MINIMUM    61.6               58.1     3.5     63.1
MEAN            70.9               67.4     3.5     72.1
DAYS MAX >= 90     3                0.9     2.1        3
DAYS MAX <= 32     0                0.0     0.0        0
DAYS MIN <= 32     0                0.1    -0.1        0
DAYS MIN <= 0      0                0.0     0.0        0

PRECIPITATION (INCHES)
RECORD
 MAXIMUM        7.69   1903
 MINIMUM        0.00   1916
TOTALS          0.85               2.28   -1.43     0.72
DAILY AVG.      0.03               0.07   -0.04     0.02
DAYS >= .01        7                6.2     0.8        5
DAYS >= .10        4                2.9     1.1        1
DAYS >= .50        0                1.4    -1.4        1
DAYS >= 1.00       0                0.7    -0.7        0
GREATEST
 24 HR. TOTAL   0.38   03/20 TO 03/21               0.61

SNOWFALL (INCHES)
RECORDS
 TOTAL           0.2   1932
 24 HR TOTAL     0.2   03/10/1932 TO 03/10/1932
TOTALS           0.0                0.0     0.0      0.0
SINCE 7/1          T                0.2    -0.2       MM
SNOWDEPTH AVG.     0                                   0
DAYS >= 1.0        0                0.0     0.0        0
GREATEST
 SNOW DEPTH        0                                   0
 24 HR TOTAL     0.0                                  MM

DEGREE DAYS
HEATING TOTAL     19                 67     -48       37
 SINCE 7/1       606                790    -184       MM
COOLING TOTAL    208                141      67      266
 SINCE 1/1       304                237      67       MM
................................................................

WIND (MPH)
AVERAGE WIND SPEED              13.0
HIGHEST WIND SPEED/DIRECTION    40/130    DATE  03/16
HIGHEST GUST SPEED/DIRECTION    46/150    DATE  03/24

SKY COVER
AVERAGE SKY COVER           0.72

AVERAGE RH (PERCENT)     75

WEATHER CONDITIONS. NUMBER OF DAYS WITH
THUNDERSTORM              6     MIXED PRECIP               0
HEAVY RAIN                1     RAIN                       2
LIGHT RAIN               16     FREEZING RAIN              0
LT FREEZING RAIN          0     HAIL                       0
HEAVY SNOW                0     SNOW                       0
LIGHT SNOW                0     SLEET                      0
FOG                      16     FOG W/VIS <= 1/4 MILE      4
HAZE                      5

-  INDICATES NEGATIVE NUMBERS.
R  INDICATES RECORD WAS SET OR TIED.
MM INDICATES DATA IS MISSING.
T  INDICATES TRACE AMOUNT.

$$
