000
CDUS42 KFFC 280919
CLICSG


CLIMATE REPORT
NATIONAL WEATHER SERVICE PEACHTREE CITY GA
419 AM EST FRI FEB 28 2020


...................................

...THE COLUMBUS CLIMATE SUMMARY FOR FEBRUARY 27 2020...

CLIMATE NORMAL PERIOD 1981 TO 2010
CLIMATE RECORD PERIOD 1948 TO 2020


WEATHER ITEM   OBSERVED TIME   RECORD YEAR NORMAL DEPARTURE LAST
                VALUE   (LST)  VALUE       VALUE  FROM      YEAR
                                                  NORMAL
..................................................................
TEMPERATURE (F)
 YESTERDAY
  MAXIMUM         53    531 PM  84    1944  65    -12       73
  MINIMUM         37   1157 PM  17    1963  43     -6       56
  AVERAGE         45                        54     -9       65

PRECIPITATION (IN)
  YESTERDAY        0.00          4.56 1929   0.17  -0.17     0.00
  MONTH TO DATE    9.90                      4.28   5.62     1.12
  SINCE DEC 1     25.48                     12.40  13.08    14.70
  SINCE JAN 1     17.43                      8.13   9.30     6.77

SNOWFALL (IN)
  YESTERDAY        0.0           0.0  2002   0.0    0.0      0.0
  MONTH TO DATE    0.0                       0.0    0.0      0.0
  SINCE DEC 1      0.0                       0.3   -0.3      0.0
  SINCE JUL 1      0.0                       0.3   -0.3      0.0
  SNOW DEPTH       0

DEGREE DAYS
 HEATING
  YESTERDAY       20                        11      9        0
  MONTH TO DATE  316                       383    -67      184
  SINCE DEC 1   1056                      1434   -378     1053
  SINCE JUL 1   1380                      1766   -386     1427

 COOLING
  YESTERDAY        0                         0      0        0
  MONTH TO DATE   12                         0     12       18
  SINCE DEC 1     30                         5     25       24
  SINCE JAN 1     23                         1     22       21
..................................................................


WIND (MPH)
  HIGHEST WIND SPEED    21   HIGHEST WIND DIRECTION     N (340)
  HIGHEST GUST SPEED    29   HIGHEST GUST DIRECTION    NW (330)
  AVERAGE WIND SPEED     9.4


SKY COVER
  AVERAGE SKY COVER 0.2


WEATHER CONDITIONS
 THE FOLLOWING WEATHER WAS RECORDED YESTERDAY.
  NO SIGNIFICANT WEATHER WAS OBSERVED.


RELATIVE HUMIDITY (PERCENT)
 HIGHEST    62          1200 AM
 LOWEST     26           400 PM
 AVERAGE    44

..........................................................


THE COLUMBUS CLIMATE NORMALS FOR TODAY
                         NORMAL    RECORD    YEAR
 MAXIMUM TEMPERATURE (F)   65        82      1944
                                             1917
 MINIMUM TEMPERATURE (F)   43        21      1935


SUNRISE AND SUNSET
FEBRUARY 28 2020......SUNRISE   709 AM EST   SUNSET   636 PM EST
FEBRUARY 29 2020......SUNRISE   708 AM EST   SUNSET   637 PM EST


-  INDICATES NEGATIVE NUMBERS.
R  INDICATES RECORD WAS SET OR TIED.
MM INDICATES DATA IS MISSING.
T  INDICATES TRACE AMOUNT.




$$
