000
CDUS42 KFFC 210826
CLICSG


CLIMATE REPORT
NATIONAL WEATHER SERVICE PEACHTREE CITY GA
426 AM EDT SAT SEP 21 2019


...................................

...THE COLUMBUS CLIMATE SUMMARY FOR SEPTEMBER 20 2019...

CLIMATE NORMAL PERIOD 1981 TO 2010
CLIMATE RECORD PERIOD 1948 TO 2019


WEATHER ITEM   OBSERVED TIME   RECORD YEAR NORMAL DEPARTURE LAST
                VALUE   (LST)  VALUE       VALUE  FROM      YEAR
                                                  NORMAL
..................................................................
TEMPERATURE (F)
 YESTERDAY
  MAXIMUM         88    426 PM 104    1931  85      3       97
                                      1925
  MINIMUM         64    710 AM  50    1981  65     -1       73
  AVERAGE         76                        75      1       85

PRECIPITATION (IN)
  YESTERDAY        0.00          1.55 1924   0.10  -0.10     0.00
  MONTH TO DATE    0.42                      2.09  -1.67     0.41
  SINCE SEP 1      0.42                      2.09  -1.67     0.41
  SINCE JAN 1     31.86                     34.83  -2.97    42.10

DEGREE DAYS
 HEATING
  YESTERDAY        0                         0      0        0
  MONTH TO DATE    0                         0      0        0
  SINCE SEP 1      0                         0      0        0
  SINCE JUL 1      0                         0      0        0

 COOLING
  YESTERDAY       11                        10      1       20
  MONTH TO DATE  380                       262    118      375
  SINCE SEP 1    380                       262    118      375
  SINCE JAN 1   2569                      2134    435     2451
..................................................................


WIND (MPH)
  HIGHEST WIND SPEED    16   HIGHEST WIND DIRECTION     E (110)
  HIGHEST GUST SPEED    22   HIGHEST GUST DIRECTION     E (90)
  AVERAGE WIND SPEED     7.6


SKY COVER
  AVERAGE SKY COVER 0.0


WEATHER CONDITIONS
 THE FOLLOWING WEATHER WAS RECORDED YESTERDAY.
  NO SIGNIFICANT WEATHER WAS OBSERVED.


RELATIVE HUMIDITY (PERCENT)
 HIGHEST    63           500 AM
 LOWEST     24           200 PM
 AVERAGE    44

..........................................................


THE COLUMBUS CLIMATE NORMALS FOR TODAY
                         NORMAL    RECORD    YEAR
 MAXIMUM TEMPERATURE (F)   85       101      1925
 MINIMUM TEMPERATURE (F)   65        47      1918


SUNRISE AND SUNSET
SEPTEMBER 21 2019.....SUNRISE   727 AM EDT   SUNSET   738 PM EDT
SEPTEMBER 22 2019.....SUNRISE   728 AM EDT   SUNSET   737 PM EDT


-  INDICATES NEGATIVE NUMBERS.
R  INDICATES RECORD WAS SET OR TIED.
MM INDICATES DATA IS MISSING.
T  INDICATES TRACE AMOUNT.




$$
