668
CXUS52 KFFC 020833
CLMCSG


CLIMATE REPORT
NATIONAL WEATHER SERVICE PEACHTREE CITY GA
433 AM EDT MON SEP 2 2019

...................................

...THE COLUMBUS CLIMATE SUMMARY FOR THE MONTH OF AUGUST 2019...

CLIMATE NORMAL PERIOD 1981 TO 2010
CLIMATE RECORD PERIOD 1948 TO 2019

WEATHER         OBSERVED          NORMAL  DEPART  LAST YEAR`S
                 VALUE   DATE(S)  VALUE   FROM    VALUE  DATE(S)
                                          NORMAL
................................................................
TEMPERATURE (F)
RECORD
 HIGH             130   08/14/2019
 LOW               57   08/28/1952
                        08/05/1950
HIGHEST           101   08/17        MM      MM       97  08/06
LOWEST             64   08/30        MM      MM       70  08/31
                                                          08/24
                                                          08/23
AVG. MAXIMUM     93.8              91.4     2.4     90.0
AVG. MINIMUM     73.6              72.4     1.2     72.5
MEAN             83.7              81.9     1.8     81.2
DAYS MAX >= 90     27              20.4     6.6       21
DAYS MAX <= 32      0               0.0     0.0        0
DAYS MIN <= 32      0               0.0     0.0        0
DAYS MIN <= 0       0               0.0     0.0        0

PRECIPITATION (INCHES)
RECORD
 MAXIMUM        10.11   1991
 MINIMUM         1.47   2002
TOTALS           3.54              3.77   -0.23     7.69
DAILY AVG.       0.11              0.12   -0.01     0.25
DAYS >= .01        14              10.7     3.3       14
DAYS >= .10         8               6.1     1.9        8
DAYS >= .50         3               2.3     0.7        4
DAYS >= 1.00        0               1.0    -1.0        2
GREATEST
 24 HR. TOTAL    0.85   08/31 TO 08/31           08/29 TO 08/29
                                                          08/31 TO 08/31EATHER         OBSERVED          NORMAL  DEPART  LAST YEAR`S
                                                          08/31 TO 08/31EATHER         OBSERVED          NORMAL  DEPART  LAST YEAR`S

DEGREE_DAYS
HEATING TOTAL       0                 0       0        0
 SINCE 7/1          0                 0       0        0
COOLING TOTAL     588               524      64      511
 SINCE 1/1       2189              1872     317     2076
.................................................................

WIND (MPH)
AVERAGE WIND SPEED              4.8
HIGHEST WIND SPEED/DIRECTION    31/130    DATE  08/02
HIGHEST GUST SPEED/DIRECTION    40/120    DATE  08/19

SKY COVER
POSSIBLE SUNSHINE (PERCENT)   MM
AVERAGE SKY COVER           0.30
NUMBER OF DAYS FAIR           21
NUMBER OF DAYS PC              7
NUMBER OF DAYS CLOUDY          3

AVERAGE RH (PERCENT)     68

WEATHER CONDITIONS. NUMBER OF DAYS WITH
  0
  8
  0
  0
  0
  0
  1
HAZE                      5

-  INDICATES NEGATIVE NUMBERS.
R  INDICATES RECORD WAS SET OR TIED.
MM INDICATES DATA IS MISSING.
T  INDICATES TRACE AMOUNT.

$$
