000
CXUS52 KFFC 040110
CLMCSG


CLIMATE REPORT
NATIONAL WEATHER SERVICE PEACHTREE CITY GA
810 PM EST MON FEB 3 2020

...................................

...THE COLUMBUS CLIMATE SUMMARY FOR THE MONTH OF JANUARY 2020...

CLIMATE NORMAL PERIOD 1981 TO 2010
CLIMATE RECORD PERIOD 1948 TO 2020

WEATHER         OBSERVED          NORMAL  DEPART  LAST YEAR`S
                 VALUE   DATE(S)  VALUE   FROM    VALUE  DATE(S)
                                          NORMAL
................................................................
TEMPERATURE (F)
RECORD
 HIGH              83   01/11/1949
 LOW               -2   01/21/1985
HIGHEST            77   01/03        82      -5       73  01/23
LOWEST             26   01/21        -2      28       24  01/30
AVG. MAXIMUM     61.9              57.5     4.4     59.7
AVG. MINIMUM     42.9              36.8     6.1     39.7
MEAN             52.4              47.2     5.2     49.7
DAYS MAX >= 90      0               0.0     0.0        0
DAYS MAX <= 32      0               0.1    -0.1        0
DAYS MIN <= 32      4              10.9    -6.9       10
DAYS MIN <= 0       0               0.0     0.0        0

PRECIPITATION (INCHES)
RECORD
 MAXIMUM        11.48   2017
 MINIMUM         0.72   1989
TOTALS           7.53              3.85    3.68     5.65
DAILY AVG.       0.24              0.12    0.12     0.18
DAYS >= .01        15              10.0     5.0       11
DAYS >= .10         9               7.1     1.9        7
DAYS >= .50         5               2.9     2.1        3
DAYS >= 1.00        3               0.8     2.2        2
GREATEST
 24 HR. TOTAL    2.00   01/13 TO 01/13           01/04 TO 01/04
                                                          01/31 TO 01/31EATHER         OBSERVED          NORMAL  DEPART  LAST YEAR`S
                                                          01/31 TO 01/31EATHER         OBSERVED          NORMAL  DEPART  LAST YEAR`S

SNOWFALL (INCHES)
RECORDS
 TOTAL              T   2008
                        2001
 24 HR TOTAL      2.0   01/17/2018 TO 01/17/2018
TOTALS            0.0               0.2    -0.2      0.0
SINCE 7/1         0.0               0.3    -0.3      0.0
SNOWDEPTH AVG.      0                MM      MM        0
DAYS >= TRACE       0               0.2    -0.2        0
DAYS >= 1.0         0               0.2    -0.2        0
GREATEST
 24 HR TOTAL      0.0   01/30 TO 01/30           01/31 TO 01/31
                                                          01/31 TO 01/31EATHER         OBSERVED          NORMAL  DEPART  LAST YEAR`S
                                                          01/31 TO 01/31EATHER         OBSERVED          NORMAL  DEPART  LAST YEAR`S

DEGREE_DAYS
HEATING TOTAL     397               554    -157      469
 SINCE 7/1       1064              1383    -319     1243
COOLING TOTAL      11                 1      10        3
 SINCE 1/1         11                 0      11        3
.................................................................

WIND (MPH)
AVERAGE WIND SPEED              5.9
HIGHEST WIND SPEED/DIRECTION    37/250    DATE  01/11
HIGHEST GUST SPEED/DIRECTION    54/240    DATE  01/11

SKY COVER
POSSIBLE SUNSHINE (PERCENT)   MM
AVERAGE SKY COVER           0.40
NUMBER OF DAYS FAIR           13
NUMBER OF DAYS PC              8
NUMBER OF DAYS CLOUDY         10

AVERAGE RH (PERCENT)     67

WEATHER CONDITIONS. NUMBER OF DAYS WITH
  0
  9
  0
  0
  0
  0
  4
HAZE                      7

-  INDICATES NEGATIVE NUMBERS.
R  INDICATES RECORD WAS SET OR TIED.
MM INDICATES DATA IS MISSING.
T  INDICATES TRACE AMOUNT.

$$
