000
CXUS52 KMLB 011812
CLADAB

MLBCLMDAB 000
TTAA00 KMLB 011743


CLIMATE REPORT
NATIONAL WEATHER SERVICE MELBOURNE FL
112 PM EST WED JAN 1 2020

...................................

...THE DAYTONA BEACH CLIMATE SUMMARY FOR THE YEAR OF 2019...

CLIMATE NORMAL PERIOD 1981 TO 2010
CLIMATE RECORD PERIOD 1923 TO 2019

WEATHER         OBSERVED          NORMAL  DEPART  LAST YEAR`S
                 VALUE   DATE(S)  VALUE   FROM    VALUE
                                          NORMAL
.............................................................
TEMPERATURE (F)
YEARLY RECORDS
 WARMEST         73.7   2015
 COOLEST         67.5   1940
DAILY RECORD
 HIGH             102   07/15/1981
                        06/24/1944
 LOW               15   01/21/1985
2019 DATA
HIGHEST            98   05/27                         94
LOWEST             36   01/21                         28
AVG. MAXIMUM     81.9              80.1     1.8     80.7
AVG. MINIMUM     64.7              61.7     3.0     63.7
MEAN             73.4              70.9     2.5     72.2
DAYS MAX >= 90     78              49.3    28.7       61
DAYS MAX <= 32      0               0.0     0.0        0
DAYS MIN <= 32      0               4.3    -4.3        4
DAYS MIN <= 0       0               0.0     0.0        0

PRECIPITATION (INCHES)
YEARLY RECORD
 MAXIMUM        79.29   1953
 MINIMUM        31.36   2006
                        1956
2019 DATA
TOTALS          58.97             49.62    9.35    63.54
DAYS >= .01       126             115.0    11.0      138
DAYS >= .10        81              72.0     9.0       96
DAYS >= .50        37              31.3     5.7       42
DAYS >= 1.00       19              14.3     4.7       19
GREATEST
 24 HR. TOTAL    5.57   10/09 TO 10/09
SNOWFALL (INCHES)
TOTALS            0.0               0.0     0.0        T
SINCE 7/1         0.0               0.0     0.0      0.0
DAYS >= TRACE       0                                  1

DEGREE_DAYS
HEATING TOTAL     472               809    -337      699
 SINCE 7/1        150               266    -116      219
COOLING TOTAL    3618              2963     655     3417
 SINCE 1/1       3618              2963     655     3417
..............................................................

WIND (MPH)
AVERAGE WIND SPEED              6.9
HIGHEST WIND SPEED/DIRECTION    40/050    DATE  09/18
HIGHEST GUST SPEED/DIRECTION    61/030    DATE  09/18

SKY COVER
POSSIBLE SUNSHINE (PERCENT)   MM
AVERAGE SKY COVER           0.50
NUMBER OF DAYS FAIR           90
NUMBER OF DAYS PC            219
NUMBER OF DAYS CLOUDY         56

AVERAGE RH (PERCENT)     79

WEATHER CONDITIONS. NUMBER OF DAYS WITH
THUNDERSTORM             90     MIXED PRECIP                0
HEAVY RAIN               63     RAIN                       74
LIGHT RAIN              165     FREEZING RAIN               0
LT FREEZING RAIN          0     HAIL                        0
HEAVY SNOW                0     SNOW                        0
LIGHT SNOW                0     SLEET                       0
FOG                     227     FOG W/VIS <= 1/4 MILE      11
HAZE                     16



-  INDICATES NEGATIVE NUMBERS.
R  INDICATES RECORD WAS SET OR TIED.
MM INDICATES DATA IS MISSING.
T  INDICATES TRACE AMOUNT.

$$
