000
CXUS52 KMLB 011703
CLADAB

CLIMATE REPORT
NATIONAL WEATHER SERVICE MELBOURNE FL
1203 PM EST FRI JAN 01 2021

...................................

...THE DAYTONA BEACH CLIMATE SUMMARY FOR THE YEAR OF 2020...

CLIMATE NORMAL PERIOD 1981 TO 2010
CLIMATE RECORD PERIOD 1923 TO 2020

WEATHER         OBSERVED          NORMAL  DEPART   LAST YEAR`S
                VALUE   DATE(S)   VALUE   FROM     VALUE
                                          NORMAL
..............................................................
TEMPERATURE (F)
YEARLY RECORD
 WARMEST        73.7   2015
 COOLEST        67.5   1940
DAILY RECORD
 HIGH            102   07/15/1981
                       06/24/1944
 LOW              15   01/21/1985
2020 DATA
HIGHEST           96   06/29                          MM
                       06/30
LOWEST            33   12/26                          MM
AVG. MAXIMUM    81.9               80.1     1.8       MM
AVG. MINIMUM    64.3               61.7     2.6       MM
MEAN            73.1               70.9     2.2       MM
DAYS MAX >= 90    64               49.0    15.0       MM
DAYS MAX <= 32     0                0.0     0.0       MM
DAYS MIN <= 32     0                4.3    -4.3       MM
DAYS MIN <= 0      0                0.0     0.0       MM

PRECIPITATION (INCHES)
YEARLY RECORD
 MAXIMUM       79.29   1953
 MINIMUM       31.36   2006
DAILY RECORD
 MAXIMUM       12.85   10/10/1924
2020 DATA
TOTALS         46.68              49.62   -2.94       MM
DAYS >= .01      142              115.0    27.0       MM
DAYS >= .10       82               72.0    10.0       MM
DAYS >= .50       33               31.3     1.7       MM
DAYS >= 1.00       9               14.3    -5.3       MM
GREATEST
 24 HR. TOTAL   2.62   11/21 TO 11/22

SNOWFALL (INCHES)
TOTALS           0.0                0.0     0.0       MM
SINCE 7/1        0.0                0.0     0.0       MM
DAYS >= TRACE      0                                  MM

DEGREE DAYS
HEATING TOTAL    379                809    -430       MM
 SINCE 7/1       228                266     -38       MM
COOLING TOTAL   3519               2963     556       MM
 SINCE 1/1      3519               2963     556       MM
..............................................................

WIND (MPH)
AVERAGE WIND SPEED              6.8
HIGHEST WIND SPEED/DIRECTION    40/270    DATE  02/07
HIGHEST GUST SPEED/DIRECTION    51/270    DATE  02/07

SKY COVER
POSSIBLE SUNSHINE (PERCENT)   MM
AVERAGE SKY COVER           0.54
NUMBER OF DAYS FAIR           80
NUMBER OF DAYS PC            216
NUMBER OF DAYS CLOUDY         70

AVERAGE RH (PERCENT)     79

WEATHER CONDITIONS. NUMBER OF DAYS WITH
THUNDERSTORM             90     MIXED PRECIP               0
HEAVY RAIN               75     RAIN                      83
LIGHT RAIN              183     LT FREEZING RAIN           0
HAIL                      0     LIGHT SNOW                 0
SLEET                     0     FOG                      220
FOG W/VIS <= 1/4 MILE     4     HAZE                      16

-  INDICATES NEGATIVE NUMBERS.
R  INDICATES RECORD WAS SET OR TIED.
MM INDICATES DATA IS MISSING.
T  INDICATES TRACE AMOUNT.

$$
