000
CDUS41 KLWX 030527
CLIDCA

CLIMATE REPORT
NATIONAL WEATHER SERVICE BALTIMORE MD/WASHINGTON DC
1227 AM EST WED MAR 03 2021

...................................

...THE WASHINGTON NATIONAL DC CLIMATE SUMMARY FOR MARCH 2 2021...

CLIMATE NORMAL PERIOD: 1981 TO 2010
CLIMATE RECORD PERIOD: 1871 TO 2021


WEATHER ITEM   OBSERVED TIME   RECORD YEAR NORMAL DEPARTURE LAST
                VALUE   (LST)  VALUE       VALUE  FROM      YEAR
                                                  NORMAL
...................................................................
TEMPERATURE (F)
 YESTERDAY
  MAXIMUM         46   3:53 PM  77    1972  51     -5       67
  MINIMUM         31   7:13 AM  13    1886  34     -3       38
                                      1925
  AVERAGE         39                        42     -3       53

PRECIPITATION (IN)
  YESTERDAY        0.00          1.65 1994   0.10  -0.10     0.09
  MONTH TO DATE    0.29                      0.19   0.10     0.09
  SINCE MAR 1      0.29                      0.19   0.10     0.09
  SINCE JAN 1      6.88                      5.62   1.26     6.09

SNOWFALL (IN)
  YESTERDAY        0.0           4.5  2009   0.1   -0.1      0.0
  MONTH TO DATE    0.0                       0.2   -0.2      0.0
  SINCE MAR 1      0.0                       0.2   -0.2      0.0
  SINCE JUL 1      5.4                      14.3   -8.9      0.6
  SNOW DEPTH       0

DEGREE DAYS
 HEATING
  YESTERDAY       26                        23      3       12
  MONTH TO DATE   45                        46     -1       38
  SINCE MAR 1     45                        46     -1       38
  SINCE JUL 1   2799                      3154   -355     2684

 COOLING
  YESTERDAY        0                         0      0        0
  MONTH TO DATE    0                         0      0        0
  SINCE MAR 1      0                         0      0        0
  SINCE JAN 1      0                         0      0        0
...................................................................


WIND (MPH)
  HIGHEST WIND SPEED    22   HIGHEST WIND DIRECTION    NW (330)
  HIGHEST GUST SPEED    34   HIGHEST GUST DIRECTION     N (350)
  AVERAGE WIND SPEED    11.1


SKY COVER
  AVERAGE SKY COVER 0.3


WEATHER CONDITIONS
THE FOLLOWING WEATHER WAS RECORDED YESTERDAY.
  NO SIGNIFICANT WEATHER WAS OBSERVED.


RELATIVE HUMIDITY (PERCENT)
 HIGHEST    54           2:00 AM
 LOWEST     25           5:00 PM
 AVERAGE    40

..........................................................


THE WASHINGTON NATIONAL DC CLIMATE NORMALS FOR TODAY
                         NORMAL    RECORD    YEAR
 MAXIMUM TEMPERATURE (F)   51        79      1923
 MINIMUM TEMPERATURE (F)   34        11      1873
                                             1925


SUNRISE AND SUNSET
MARCH  3 2021.........SUNRISE   6:37 AM EST   SUNSET   6:03 PM EST
MARCH  4 2021.........SUNRISE   6:36 AM EST   SUNSET   6:04 PM EST


-  INDICATES NEGATIVE NUMBERS.
R  INDICATES RECORD WAS SET OR TIED.
MM INDICATES DATA IS MISSING.
T  INDICATES TRACE AMOUNT.




$$
