000
CXUS54 KHUN 021716
CF6DCU
PRELIMINARY LOCAL CLIMATOLOGICAL DATA (WS FORM: F-6)
STATION: DECATUR
MONTH: JANUARY
YEAR: 2022
LATITUDE: 34 39 N
LONGITUDE: 86 56 W
TEMPERATURE IN F: :PCPN: SNOW: WIND :SUNSHINE: SKY :PK WND
================================================================================
1 2 3 4 5 6A 6B 7 8 9 10 11 12 13 14 15 16 17 18
12Z AVG MX 2MIN
DY MAX MIN AVG DEP HDD CDD WTR SNW DPTH SPD SPD DIR MIN PSBL S-S WX SPD DR
================================================================================
1 78 57 68 26 0 3 2.11 0.0 0 14.1 29 190 M M 7 13 41 180
2 58 31 45 3 20 0 0.31 2.8 0 11.2 22 320 M M 10 1 29 330
3 34 27 31 -11 34 0 T T 3 9.2 24 320 M M 9 1 30 330
4 49 24 37 -4 28 0 0.00 0.0 1 9.5 20 160 M M 2 24 150
5 56 35 46 5 19 0 0.00 0.0 0 5.1 15 190 M M 3 1 19 190
6 40 23 32 -9 33 0 0.50 0.0 0 10.2 20 340 M M 9 1 25 330
7 33 22 28 -13 37 0 0.00 0.0 0 7.4 15 10 M M 5 18 10
8 55 22 39 -2 26 0 0.00 0.0 0 9.1 20 160 M M 2 23 140
9 63 37 50 9 15 0 0.89 0.0 0 13.3 25 10 M M 10 13 36 350
10 47 26 37 -4 28 0 0.00 0.0 0 8.6 18 10 M M 0 23 10
11 45 26 36 -5 29 0 0.00 0.0 0 3.6 9 360 M M 0 12 20
12 55 24 40 -1 25 0 0.00 0.0 0 4.2 13 190 M M 1 16 180
13 56 34 45 4 20 0 0.00 0.0 0 5.6 15 270 M M 2 20 290
14 53 28 41 0 24 0 0.00 0.0 0 2.6 9 40 M M 0 1 13 50
15 47 39 43 2 22 0 0.50 0.0 0 7.2 16 80 M M 9 1 23 90
16 43 33 38 -3 27 0 1.34 T 0 13.6 23 300 M M 9 1 31 300
17 37 29 33 -8 32 0 0.00 0.0 0 9.9 20 290 M M 8 28 280
18 51 26 39 -2 26 0 0.00 0.0 0 5.0 14 150 M M 0 1 18 160
19 64 42 53 12 12 0 0.90 0.0 0 10.9 23 350 M M 7 1 29 350
20 44 26 35 -6 30 0 0.03 0.0 0 16.1 24 360 M M 10 1 29 10
21 33 22 28 -13 37 0 0.00 0.0 0 9.4 16 360 M M 4 22 360
22 35 17 26 -15 39 0 0.00 0.0 0 4.5 10 360 M M 2 14 340
23 50 19 35 -6 30 0 0.00 0.0 0 4.3 14 270 M M 0 19 260
24 60 23 42 1 23 0 0.00 0.0 0 4.9 16 210 M M 0 20 220
25 52 27 40 -2 25 0 0.00 0.0 0 9.1 17 360 M M 2 22 360
26 40 21 31 -11 34 0 0.00 0.0 0 8.5 16 350 M M 0 21 10
27 54 20 37 -5 28 0 0.00 0.0 0 2.3 10 160 M M 1 15 170
28 47 26 37 -5 28 0 0.00 0.0 0 12.7 26 330 M M 6 34 330
29 36 19 28 -14 37 0 0.00 0.0 0 7.2 22 340 M M 1 26 320
30 58 M M M M M 0.00 0.0 0 M M M M M 0 M M
31 59 24 42 0 23 0 0.00 0.0 0 4.8 8 120 M M 0 10 110
================================================================================
SM 1532 829 791 3 6.58 2.8 244.1 M 119
================================================================================
AV 49.4 27.6 8.1 FASTST M M 4 MAX(MPH)
MISC ----> 29 190 41 180
================================================================================
NOTES:
# LAST OF SEVERAL OCCURRENCES
COLUMN 17 PEAK WIND IN M.P.H.
PRELIMINARY LOCAL CLIMATOLOGICAL DATA (WS FORM: F-6) , PAGE 2
STATION: DECATUR
MONTH: JANUARY
YEAR: 2022
LATITUDE: 34 39 N
LONGITUDE: 86 56 W
[TEMPERATURE DATA] [PRECIPITATION DATA] SYMBOLS USED IN COLUMN 16
AVERAGE MONTHLY: 38.5 TOTAL FOR MONTH: 6.58 1 = FOG OR MIST
DPTR FM NORMAL: -2.9 DPTR FM NORMAL: 1.94 2 = FOG REDUCING VISIBILITY
HIGHEST: 78 ON 1 GRTST 24HR 2.11 ON 1- 1 TO 1/4 MILE OR LESS
LOWEST: 17 ON 22 3 = THUNDER
SNOW, ICE PELLETS, HAIL 4 = ICE PELLETS
TOTAL MONTH: 2.8 INCHES 5 = HAIL
GRTST 24HR 2.8 ON 2- 2 6 = FREEZING RAIN OR DRIZZLE
GRTST DEPTH: 3 ON 3 7 = DUSTSTORM OR SANDSTORM:
VSBY 1/2 MILE OR LESS
8 = SMOKE OR HAZE
[NO. OF DAYS WITH] [WEATHER - DAYS WITH] 9 = BLOWING SNOW
X = TORNADO
MAX 32 OR BELOW: 0 0.01 INCH OR MORE: 8
MAX 90 OR ABOVE: 0 0.10 INCH OR MORE: 7
MIN 32 OR BELOW: 23 0.50 INCH OR MORE: 6
MIN 0 OR BELOW: 0 1.00 INCH OR MORE: 2
[HDD (BASE 65) ]
TOTAL THIS MO. 791 CLEAR (SCALE 0-3) 17
DPTR FM NORMAL 58 PTCLDY (SCALE 4-7) 7
TOTAL FM JUL 1 1804 CLOUDY (SCALE 8-10) 7
DPTR FM NORMAL -183
[CDD (BASE 65) ]
TOTAL THIS MO. 3
DPTR FM NORMAL 3 [PRESSURE DATA]
TOTAL FM JAN 1 3 HIGHEST SLP 30.61 ON 11
DPTR FM NORMAL 3 LOWEST SLP 29.60 ON 1
[REMARKS] SNOWFALL AND SNOW DEPTH FOR JANUARY 2ND THROUGH 4TH,
MAXIMUM TEMPERATURE ON JANUARY 30TH, AND MINIMUM TEMPERATURE ON
JANUARY 31ST WERE OBTAINED FROM THE BELLE MINA COOPERATIVE OBSERVER
(GHCND: USC00010655, BLMA1), WHICH IS LOCATED APPROXIMATELY 4.1
MILES NORTHEAST OF THE DECATUS ASOS (KDCU).
#FINAL-01-22#