000
CXUS52 KMLB 011813
CLAFPR

MLBCLMFPR 000
TTAA00 KMLB 011743


CLIMATE REPORT
NATIONAL WEATHER SERVICE MELBOURNE FL
112 PM EST WED JAN 1 2020

...................................

...THE FORT PIERCE CLIMATE SUMMARY FOR THE YEAR OF 2019...

CLIMATE NORMAL PERIOD 1981 TO 2010
CLIMATE RECORD PERIOD 1901 TO 2019

WEATHER         OBSERVED          NORMAL  DEPART  LAST YEAR`S
                 VALUE   DATE(S)  VALUE   FROM    VALUE
                                          NORMAL
.............................................................
TEMPERATURE (F)
YEARLY RECORDS
 WARMEST         75.3   2015
 COOLEST         70.3   1910
DAILY RECORDS
 HIGH             101   07/20/1993
                        07/23/1989
                        06/28/1950
 LOW               19   12/24/1989
                        01/22/1985
2019 DATA
HIGHEST            97   06/21                         96
LOWEST             38   01/21                         32
AVG. MAXIMUM     83.8              82.4     1.4     83.0
AVG. MINIMUM     65.5              63.7     1.8     64.6
MEAN             74.6              73.0     1.6     73.8
DAYS MAX >= 90     82              55.4    26.6       54
DAYS MAX <= 32      0               0.0     0.0        0
DAYS MIN <= 32      0               1.9    -1.9        1
DAYS MIN <= 0       0               0.0     0.0        0

PRECIPITATION (INCHES)
YEARLY RECORDS
 MAXIMUM        80.24   1994
 MINIMUM        31.73   1917
DAILY RECORD
 MAXIMUM        13.08   09/10/2017
2019 DATA
TOTALS          49.20             53.84   -4.64    48.40
DAYS >= .01       141                MM      MM      134
DAYS >= .10        80                MM      MM       78
DAYS >= .50        28                MM      MM       34
DAYS >= 1.00       12                MM      MM       12
GREATEST
 24 HR. TOTAL    3.64   12/12 TO 12/12

SNOWFALL (INCHES)
TOTALS            0.0
SINCE 7/1         0.0                                0.0
DAYS >= TRACE       0                                  0
DAYS >= 1.0         0

DEGREE_DAYS
HEATING TOTAL     245               440    -195      405
 SINCE 7/1         82                       -41      129
COOLING TOTAL    3851              3374     477     3715
 SINCE 1/1       3851              3374     477     3715

..............................................................

WIND (MPH)
AVERAGE WIND SPEED              6.9
HIGHEST WIND SPEED/DIRECTION    43/250    DATE  04/19
HIGHEST GUST SPEED/DIRECTION    52/230    DATE  04/19

SKY COVER
POSSIBLE SUNSHINE (PERCENT)   MM
AVERAGE SKY COVER           0.30
NUMBER OF DAYS FAIR          234
NUMBER OF DAYS PC            104
NUMBER OF DAYS CLOUDY         26

AVERAGE RH (PERCENT)     74

WEATHER CONDITIONS. NUMBER OF DAYS WITH
THUNDERSTORM             MM     MIXED PRECIP                0
HEAVY RAIN               64     RAIN                       73
LIGHT RAIN              178     FREEZING RAIN               0
LT FREEZING RAIN          0     HAIL                        0
HEAVY SNOW                0     SNOW                        0
LIGHT SNOW                0     SLEET                       0
FOG                     189     FOG W/VIS <= 1/4 MILE      34
HAZE                     31


-  INDICATES NEGATIVE NUMBERS.
R  INDICATES RECORD WAS SET OR TIED.
MM INDICATES DATA IS MISSING.
T  INDICATES TRACE AMOUNT.

$$
