000
CXUS52 KMLB 011703
CLAFPR

CLIMATE REPORT
NATIONAL WEATHER SERVICE MELBOURNE FL
1203 PM EST FRI JAN 01 2021

...................................

...THE FORT PIERCE CLIMATE SUMMARY FOR THE YEAR OF 2020...

CLIMATE NORMAL PERIOD 1981 TO 2010
CLIMATE RECORD PERIOD 1901 TO 2020

WEATHER         OBSERVED          NORMAL  DEPART   LAST YEAR`S
                VALUE   DATE(S)   VALUE   FROM     VALUE
                                          NORMAL
..............................................................
TEMPERATURE (F)
YEARLY RECORD
 WARMEST        75.3   2015
 COOLEST        70.3   1910
DAILY RECORD
 HIGH            101   07/20/1993
                       07/23/1989
                       06/28/1950
 LOW              19   12/24/1989
                       01/22/1985
2020 DATA
HIGHEST           96   04/13                          MM
                       07/03
LOWEST            37   12/09                          MM
AVG. MAXIMUM    83.6               82.4     1.2       MM
AVG. MINIMUM    66.6               63.7     2.9       MM
MEAN            75.1               73.0     2.1       MM
DAYS MAX >= 90    75               55.0    20.0       MM
DAYS MAX <= 32     0                0.0     0.0       MM
DAYS MIN <= 32     0                1.9    -1.9       MM
DAYS MIN <= 0      0                0.0     0.0       MM

PRECIPITATION (INCHES)
YEARLY RECORD
 MAXIMUM       80.24   1994
 MINIMUM       31.73   1917
DAILY RECORD
 MAXIMUM       13.08   09/10/2017
2020 DATA
TOTALS         73.71              53.84   19.87       MM
DAYS >= .01      150                 MM      MM       MM
DAYS >= .10      101                 MM      MM       MM
DAYS >= .50       44                 MM      MM       MM
DAYS >= 1.00      20                 MM      MM       MM
GREATEST
 24 HR. TOTAL   4.33   10/01 TO 10/01

SNOWFALL (INCHES)
TOTALS           0.0                0.0     0.0       MM
SINCE 7/1        0.0                0.0     0.0       MM
DAYS >= TRACE      0                                  MM

DEGREE DAYS
HEATING TOTAL    300                440    -140       MM
 SINCE 7/1       134                125       9       MM
COOLING TOTAL   4085               3374     711       MM
 SINCE 1/1      4085               3374     711       MM
..............................................................

WIND (MPH)
AVERAGE WIND SPEED              7.5
HIGHEST WIND SPEED/DIRECTION    33/090    DATE  11/08
HIGHEST GUST SPEED/DIRECTION    49/070    DATE  11/08

SKY COVER
POSSIBLE SUNSHINE (PERCENT)   MM
AVERAGE SKY COVER           0.32
NUMBER OF DAYS FAIR          246
NUMBER OF DAYS PC             88
NUMBER OF DAYS CLOUDY         32

AVERAGE RH (PERCENT)     77

WEATHER CONDITIONS. NUMBER OF DAYS WITH
THUNDERSTORM             90     MIXED PRECIP               0
HEAVY RAIN               87     RAIN                      91
LIGHT RAIN              187     LT FREEZING RAIN           0
HAIL                      0     LIGHT SNOW                 0
SLEET                     0     FOG                      186
FOG W/VIS <= 1/4 MILE    15     HAZE                      42

-  INDICATES NEGATIVE NUMBERS.
R  INDICATES RECORD WAS SET OR TIED.
MM INDICATES DATA IS MISSING.
T  INDICATES TRACE AMOUNT.

$$
