000
CXUS54 KEWX 011011
CF6FTN
PRELIMINARY LOCAL CLIMATOLOGICAL DATA (WS FORM: F-6)
STATION: FAITH RANCH
MONTH: MARCH
YEAR: 2024
LATITUDE: 28 12 N
LONGITUDE: 100 1 W
TEMPERATURE IN F: :PCPN: SNOW: WIND :SUNSHINE: SKY :PK WND
================================================================================
1 2 3 4 5 6A 6B 7 8 9 10 11 12 13 14 15 16 17 18
12Z AVG MX 2MIN
DY MAX MIN AVG DEP HDD CDD WTR SNW DPTH SPD SPD DIR MIN PSBL S-S WX SPD DR
================================================================================
1 79 45 62 M 3 0 0.00 M M 2.9 8 190 M M 2 8 M M
2 90 46 68 M 0 3 0.00 M M 7.9 14 130 M M 0 1 21 130
3 81 64 73 M 0 8 0.00 M M 6.9 10 120 M M 4 18 17 150
4 79 64 72 M 0 7 0.00 M M 5.3 9 160 M M 4 18 15 160
5 91 55 73 M 0 8 0.00 M M 2.5 7 340 M M 2 128 14 99
6 91 64 78 M 0 13 0.00 M M 11.1 16 130 M M 0 18 25 130
7 88 72 80 M 0 15 0.00 M M 8.9 16 170 M M 4 18 24 140
8 88 66 77 M 0 12 0.00 M M 10.5 23 330 M M 0 18 36 330
9 68 50 59 M 6 0 0.00 M M 11.6 20 20 M M 0 26 20
10 68 54 61 M 4 0 0.00 M M 6.0 10 120 M M 0 17 100
11 81 50 66 M 0 1 0.00 M M 8.7 17 150 M M 1 25 150
12 82 63 73 M 0 8 0.00 M M 9.0 14 160 M M 3 21 170
13 99 66 83 M 0 18 0.00 M M 7.7 16 150 M M 2 26 150
14 90 70 80 M 0 15 0.00 M M 8.6 18 150 M M 3 8 27 140
15 88 73 81 M 0 16 0.00 M M 9.8 17 70 M M 2 8 23 70
16 M M M M M M 0.00 M M M M M M M M M M
17 M M M M M M 0.00 M M M M M M M M M M
18 M M M M M M 0.00 M M M M M M M M M M
19 M M M M M M 0.00 M M M M M M M M M M
20 M M M M M M 0.00 M M M M M M M M M M
21 M M M M M M 0.00 M M M M M M M M M M
22 M M M M M M 0.00 M M M M M M M M M M
23 M M M M M M 0.00 M M M M M M M M M M
24 M M M M M M 0.00 M M M M M M M M M M
25 M M M M M M 0.00 M M M M M M M M M M
26 M M M M M M 0.00 M M 11.1 15 M M M 0 22 M
27 79 54 67 M 0 2 0.00 M M 6.6 13 70 M M 2 17 300
28 86 48 67 M 0 2 0.00 M M 8.6 14 130 M M 0 24 140
29 88 61 75 M 0 10 0.00 M M 13.9 21 150 M M 0 29 150
30 93 68 81 M 0 16 0.00 M M 10.6 17 130 M M 4 28 130
31 91 72 82 M 0 17 0.00 M M 9.2 14 150 M M 5 18 180
================================================================================
SM 1700 1205 13 171 0.00 M 177.4 M 38
================================================================================
AV 85.0 60.3 8.4 FASTST M M 2 MAX(MPH)
MISC ----> 23 330 36 330
================================================================================
NOTES:
# LAST OF SEVERAL OCCURRENCES
COLUMN 17 PEAK WIND IN M.P.H.
PRELIMINARY LOCAL CLIMATOLOGICAL DATA (WS FORM: F-6) , PAGE 2
STATION: FAITH RANCH
MONTH: MARCH
YEAR: 2024
LATITUDE: 28 12 N
LONGITUDE: 100 1 W
[TEMPERATURE DATA] [PRECIPITATION DATA] SYMBOLS USED IN COLUMN 16
AVERAGE MONTHLY: 72.6 TOTAL FOR MONTH: 0.00 1 = FOG OR MIST
DPTR FM NORMAL: 0.0 DPTR FM NORMAL: M 2 = FOG REDUCING VISIBILITY
HIGHEST: 99 ON 13 GRTST 24HR 0.00 ON 1- 1 TO 1/4 MILE OR LESS
LOWEST: 45 ON 1 3 = THUNDER
SNOW, ICE PELLETS, HAIL 4 = ICE PELLETS
TOTAL MONTH: M 5 = HAIL
GRTST 24HR M ON M 6 = FREEZING RAIN OR DRIZZLE
GRTST DEPTH: M ON M 7 = DUSTSTORM OR SANDSTORM:
VSBY 1/2 MILE OR LESS
8 = SMOKE OR HAZE
[NO. OF DAYS WITH] [WEATHER - DAYS WITH] 9 = BLOWING SNOW
X = TORNADO
MAX 32 OR BELOW: 0 0.01 INCH OR MORE: 0
MAX 90 OR ABOVE: 7 0.10 INCH OR MORE: 0
MIN 32 OR BELOW: 0 0.50 INCH OR MORE: 0
MIN 0 OR BELOW: 0 1.00 INCH OR MORE: 0
[HDD (BASE 65) ]
TOTAL THIS MO. 13 CLEAR (SCALE 0-3) 15
DPTR FM NORMAL M PTCLDY (SCALE 4-7) 6
TOTAL FM JUL 1 828 CLOUDY (SCALE 8-10) 10
DPTR FM NORMAL M
[CDD (BASE 65) ]
TOTAL THIS MO. 171
DPTR FM NORMAL M [PRESSURE DATA]
TOTAL FM JAN 1 265 HIGHEST SLP M ON M
DPTR FM NORMAL M LOWEST SLP M ON M
[REMARKS]
#FINAL-03-24#