000
CXUS54 KEWX 011110
CF6FTN
PRELIMINARY LOCAL CLIMATOLOGICAL DATA (WS FORM: F-6)
STATION: FAITH RANCH
MONTH: JANUARY
YEAR: 2024
LATITUDE: 28 12 N
LONGITUDE: 100 1 W
TEMPERATURE IN F: :PCPN: SNOW: WIND :SUNSHINE: SKY :PK WND
================================================================================
1 2 3 4 5 6A 6B 7 8 9 10 11 12 13 14 15 16 17 18
12Z AVG MX 2MIN
DY MAX MIN AVG DEP HDD CDD WTR SNW DPTH SPD SPD DIR MIN PSBL S-S WX SPD DR
================================================================================
1 64 45 55 M 10 0 0.00 M M 6.8 12 360 M M 3 12 17 350
2 55 48 52 M 13 0 0.00 M M 6.1 10 70 M M 8 18 15 70
3 66 41 54 M 11 0 0.00 M M 7.4 10 70 M M 3 12 22 340
4 59 39 49 M 16 0 0.00 M M 5.7 17 330 M M 8 26 330
5 72 39 56 M 9 0 0.00 M M 7.1 12 330 M M 4 1 20 290
6 72 34 53 M 12 0 0.00 M M 3.0 8 340 M M 0 12 160
7 72 37 55 M 10 0 0.00 M M 11.7 24 130 M M 4 37 130
8 77 55 66 M 0 1 0.00 M M 17.0 29 330 M M 5 1 44 330
9 64 36 50 M 15 0 0.00 M M 8.4 21 330 M M 0 29 330
10 75 32 54 M 11 0 0.00 M M 7.0 9 130 M M 1 16 190
11 88 39 64 M 1 0 0.00 M M 9.1 17 180 M M 0 25 180
12 68 45 57 M 8 0 0.00 M M 15.0 28 350 M M 2 8 45 340
13 73 37 55 M 10 0 0.00 M M 9.3 18 160 M M 2 29 160
14 54 34 44 M 21 0 0.00 M M 9.9 14 30 M M 5 18 20 50
15 43 30 37 M 28 0 0.00 M M 8.9 16 40 M M 9 1 23 40
16 39 21 30 M 35 0 0.00 M M 8.1 15 350 M M 1 22 350
17 52 21 37 M 28 0 0.00 M M 7.0 9 150 M M 0 20 170
18 73 28 51 M 14 0 0.00 M M 2.9 7 160 M M 0 M M
19 63 43 53 M 12 0 0.00 M M 9.5 17 30 M M 0 24 40
20 45 30 38 M 27 0 0.00 M M 7.4 10 50 M M 8 15 50
21 43 36 40 M 25 0 0.00 M M 4.9 8 20 M M 8 1 14 20
22 64 41 53 M 12 0 0.00 M M 4.1 9 340 M M 6 12 M M
23 61 54 58 M 7 0 0.00 M M 5.0 8 320 M M 10 12 13 270
24 64 55 60 M 5 0 0.00 M M 9.5 17 360 M M 9 128 30 10
25 77 46 62 M 3 0 0.00 M M 4.8 10 150 M M 2 12 13 200
26 73 54 64 M 1 0 0.00 M M 6.8 10 160 M M 4 17 160
27 70 50 60 M 5 0 0.00 M M 11.3 25 330 M M 0 1 35 330
28 72 39 56 M 9 0 0.00 M M 4.8 13 340 M M 0 12 10
29 73 39 56 M 9 0 0.00 M M 7.0 10 140 M M 0 20 140
30 75 48 62 M 3 0 0.00 M M 6.3 9 110 M M 0 16 99
31 75 43 59 M 6 0 0.00 M M 5.0 10 130 M M 0 18 130
================================================================================
SM 2021 1239 376 1 0.00 M 236.6 M 102
================================================================================
AV 65.2 40.0 7.6 FASTST M M 3 MAX(MPH)
MISC ----> 29 330 45 340
================================================================================
NOTES:
# LAST OF SEVERAL OCCURRENCES
COLUMN 17 PEAK WIND IN M.P.H.
PRELIMINARY LOCAL CLIMATOLOGICAL DATA (WS FORM: F-6) , PAGE 2
STATION: FAITH RANCH
MONTH: JANUARY
YEAR: 2024
LATITUDE: 28 12 N
LONGITUDE: 100 1 W
[TEMPERATURE DATA] [PRECIPITATION DATA] SYMBOLS USED IN COLUMN 16
AVERAGE MONTHLY: 52.6 TOTAL FOR MONTH: 0.00 1 = FOG OR MIST
DPTR FM NORMAL: 0.0 DPTR FM NORMAL: M 2 = FOG REDUCING VISIBILITY
HIGHEST: 88 ON 11 GRTST 24HR 3.57 ON 21-22 TO 1/4 MILE OR LESS
LOWEST: 21 ON 17,16 3 = THUNDER
SNOW, ICE PELLETS, HAIL 4 = ICE PELLETS
TOTAL MONTH: M 5 = HAIL
GRTST 24HR M ON M 6 = FREEZING RAIN OR DRIZZLE
GRTST DEPTH: M ON M 7 = DUSTSTORM OR SANDSTORM:
VSBY 1/2 MILE OR LESS
8 = SMOKE OR HAZE
[NO. OF DAYS WITH] [WEATHER - DAYS WITH] 9 = BLOWING SNOW
X = TORNADO
MAX 32 OR BELOW: 0 0.01 INCH OR MORE: 0
MAX 90 OR ABOVE: 0 0.10 INCH OR MORE: 0
MIN 32 OR BELOW: 6 0.50 INCH OR MORE: 0
MIN 0 OR BELOW: 0 1.00 INCH OR MORE: 0
[HDD (BASE 65) ]
TOTAL THIS MO. 376 CLEAR (SCALE 0-3) 18
DPTR FM NORMAL M PTCLDY (SCALE 4-7) 9
TOTAL FM JUL 1 732 CLOUDY (SCALE 8-10) 4
DPTR FM NORMAL M
[CDD (BASE 65) ]
TOTAL THIS MO. 1
DPTR FM NORMAL M [PRESSURE DATA]
TOTAL FM JAN 1 1 HIGHEST SLP M ON M
DPTR FM NORMAL M LOWEST SLP M ON M
[REMARKS]
#FINAL-01-24#