000
CXUS54 KFWD 010732
CF6FWD
PRELIMINARY LOCAL CLIMATOLOGICAL DATA (WS FORM: F-6)
STATION: FORT WORTH NWS
MONTH: MAY
YEAR: 2023
LATITUDE: 32 50 N
LONGITUDE: 97 18 W
TEMPERATURE IN F: :PCPN: SNOW: WIND :SUNSHINE: SKY :PK WND
================================================================================
1 2 3 4 5 6A 6B 7 8 9 10 11 12 13 14 15 16 17 18
12Z AVG MX 2MIN
DY MAX MIN AVG DEP HDD CDD WTR SNW DPTH SPD SPD DIR MIN PSBL S-S WX SPD DR
================================================================================
1 74 54 64 -5 1 0 0.00 0.0 0 M M M M M M M M
2 80 55 68 -1 0 3 0.00 0.0 0 M M M M M M M M
3 79 64 72 2 0 7 0.00 0.0 0 M M M M M M M M
4 81 64 73 3 0 8 T 0.0 0 M M M M M M M M
5 94 68 81 11 0 16 0.00 0.0 0 M M M M M M M M
6 85 65 75 5 0 10 1.09 0.0 0 M M M M M M M M
7 83 65 74 3 0 9 0.01 0.0 0 M M M M M M M M
8 87 68 78 7 0 13 0.00 0.0 0 M M M M M M M M
9 80 69 75 4 0 10 0.00 0.0 0 M M M M M M M M
10 72 64 68 -4 0 3 0.18 0.0 0 M M M M M M M M
11 85 63 74 2 0 9 0.02 0.0 0 M M M M M M M M
12 86 73 80 8 0 15 T 0.0 0 M M M M M M M M
13 80 66 73 1 0 8 0.03 0.0 0 M M M M M M M M
14 72 66 69 -4 0 4 0.43 0.0 0 M M M M M M M M
15 83 64 74 1 0 9 0.01 0.0 0 M M M M M M M M
16 76 66 71 -2 0 6 0.00 0.0 0 M M M M M M M M
17 82 61 72 -2 0 7 0.00 0.0 0 M M M M M M M M
18 87 61 74 0 0 9 0.00 0.0 0 M M M M M 0 M M
19 88 68 78 4 0 13 0.47 0.0 0 M M M M M M 35 M M
20 75 60 68 -7 0 3 0.00 0.0 0 M M M M M M M M
21 75 60 68 -7 0 3 0.00 0.0 0 M M M M M M M M
22 81 61 71 -4 0 6 0.00 0.0 0 M M M M M M M M
23 83 65 74 -1 0 9 0.11 0.0 0 M M M M M M M M
24 83 64 74 -2 0 9 0.98 0.0 0 M M M M M M 3 M M
25 81 67 74 -2 0 9 0.00 0.0 0 M M M M M M M M
26 84 67 76 0 0 11 0.00 0.0 0 M M M M M M M M
27 83 68 76 0 0 11 0.00 0.0 0 M M M M M M M M
28 84 66 75 -2 0 10 0.00 0.0 0 M M M M M M M M
29 87 67 77 0 0 12 0.78 0.0 0 M M M M M M 3 M M
30 86 66 76 -1 0 11 0.04 0.0 0 M M M M M M 3 M M
31 87 67 77 -1 0 12 0.00 0.0 0 M M M M M M M M
================================================================================
SM 2543 2002 1 265 4.15 0.0 M M 0
================================================================================
AV 82.0 64.6 M FASTST M M 0 MAX(MPH)
MISC ----> M M M M
================================================================================
NOTES:
# LAST OF SEVERAL OCCURRENCES
COLUMN 17 PEAK WIND IN M.P.H.
PRELIMINARY LOCAL CLIMATOLOGICAL DATA (WS FORM: F-6) , PAGE 2
STATION: FORT WORTH NWS
MONTH: MAY
YEAR: 2023
LATITUDE: 32 50 N
LONGITUDE: 97 18 W
[TEMPERATURE DATA] [PRECIPITATION DATA] SYMBOLS USED IN COLUMN 16
AVERAGE MONTHLY: 73.3 TOTAL FOR MONTH: 4.15 1 = FOG OR MIST
DPTR FM NORMAL: 0.0 DPTR FM NORMAL: -0.34 2 = FOG REDUCING VISIBILITY
HIGHEST: 94 ON 5 GRTST 24HR 1.09 ON 6- 6 TO 1/4 MILE OR LESS
LOWEST: 54 ON 1 3 = THUNDER
SNOW, ICE PELLETS, HAIL 4 = ICE PELLETS
TOTAL MONTH: 0.0 INCH 5 = HAIL
GRTST 24HR 0.0 6 = FREEZING RAIN OR DRIZZLE
GRTST DEPTH: 0 7 = DUSTSTORM OR SANDSTORM:
VSBY 1/2 MILE OR LESS
8 = SMOKE OR HAZE
[NO. OF DAYS WITH] [WEATHER - DAYS WITH] 9 = BLOWING SNOW
X = TORNADO
MAX 32 OR BELOW: 0 0.01 INCH OR MORE: 12
MAX 90 OR ABOVE: 1 0.10 INCH OR MORE: 7
MIN 32 OR BELOW: 0 0.50 INCH OR MORE: 3
MIN 0 OR BELOW: 0 1.00 INCH OR MORE: 1
[HDD (BASE 65) ]
TOTAL THIS MO. 1 CLEAR (SCALE 0-3) 1
DPTR FM NORMAL -10 PTCLDY (SCALE 4-7) 0
TOTAL FM JUL 1 2121 CLOUDY (SCALE 8-10) 30
DPTR FM NORMAL -214
[CDD (BASE 65) ]
TOTAL THIS MO. 265
DPTR FM NORMAL -4 [PRESSURE DATA]
TOTAL FM JAN 1 374 HIGHEST SLP M ON M
DPTR FM NORMAL -29 LOWEST SLP M ON M
[REMARKS]
#FINAL-05-23#