000
CDUS42 KJAX 090532
CLIGNV

CLIMATE REPORT
NATIONAL WEATHER SERVICE JACKSONVILLE FL
132 AM EDT SUN AUG 09 2020

...................................

...THE GAINESVILLE CLIMATE SUMMARY FOR AUGUST 8 2020...

CLIMATE NORMAL PERIOD: 1981 TO 2010
CLIMATE RECORD PERIOD: 1890 TO 2020


WEATHER ITEM   OBSERVED TIME   RECORD YEAR NORMAL DEPARTURE LAST
                VALUE   (LST)  VALUE       VALUE  FROM      YEAR
                                                  NORMAL
...................................................................
TEMPERATURE (F)
 YESTERDAY
  MAXIMUM         91   1:25 PM  98    1956  91      0       91
  MINIMUM         69   6:08 AM  62    2002  72     -3       74
  AVERAGE         80                        81     -1       83

PRECIPITATION (IN)
  YESTERDAY        0.00          2.78 1919   0.20  -0.20     0.59
  MONTH TO DATE    0.99                      1.59  -0.60     1.26
  SINCE JUN 1     15.72                     14.78   0.94    15.14
  SINCE JAN 1     30.81                     30.77   0.04    28.51

SNOWFALL (IN)
  YESTERDAY        0.0

DEGREE DAYS
 HEATING
  YESTERDAY        0                         0      0        0
  MONTH TO DATE    0                         0      0        0
  SINCE JUN 1      0                         0      0        0
  SINCE JUL 1      0                         0      0        0

 COOLING
  YESTERDAY       15                        16     -1       18
  MONTH TO DATE  139                       128     11      132
  SINCE JUN 1   1088                      1069     19     1190
  SINCE JAN 1   1806                      1579    227     2159
...................................................................


WIND (MPH)
  HIGHEST WIND SPEED    13   HIGHEST WIND DIRECTION    SE (130)
  HIGHEST GUST SPEED    16   HIGHEST GUST DIRECTION    SE (130)
  AVERAGE WIND SPEED     2.5


SKY COVER
  AVERAGE SKY COVER 0.1


WEATHER CONDITIONS
THE FOLLOWING WEATHER WAS RECORDED YESTERDAY.
  NO SIGNIFICANT WEATHER WAS OBSERVED.


RELATIVE HUMIDITY (PERCENT)
 HIGHEST   100          12:00 AM
 LOWEST     61           1:00 PM
 AVERAGE    81

..........................................................


THE GAINESVILLE CLIMATE NORMALS FOR TODAY
                         NORMAL    RECORD    YEAR
 MAXIMUM TEMPERATURE (F)   91        97      1987
 MINIMUM TEMPERATURE (F)   72        61      2002


SUNRISE AND SUNSET
AUGUST  9 2020........SUNRISE   6:54 AM EDT   SUNSET   8:15 PM EDT
AUGUST 10 2020........SUNRISE   6:54 AM EDT   SUNSET   8:14 PM EDT


-  INDICATES NEGATIVE NUMBERS.
R  INDICATES RECORD WAS SET OR TIED.
MM INDICATES DATA IS MISSING.
T  INDICATES TRACE AMOUNT.




$$
