000
CDUS42 KJAX 122246
CLIGNV

CLIMATE REPORT
NATIONAL WEATHER SERVICE JACKSONVILLE FL
646 PM EDT SUN JUL 12 2020

...................................

...THE GAINESVILLE CLIMATE SUMMARY FOR JULY 12 2020...
VALID TODAY AS OF 0600 PM LOCAL TIME.

CLIMATE NORMAL PERIOD: 1981 TO 2010
CLIMATE RECORD PERIOD: 1890 TO 2020


WEATHER ITEM   OBSERVED TIME   RECORD YEAR NORMAL DEPARTURE LAST
                VALUE   (LST)  VALUE       VALUE  FROM      YEAR
                                                  NORMAL
...................................................................
TEMPERATURE (F)
 TODAY
  MAXIMUM         94   4:53 PM  99    1902  91      3       92
  MINIMUM         71   5:47 AM  67    1951  72     -1       72
  AVERAGE         83                        81      2       82

PRECIPITATION (IN)
  TODAY            0.00          3.10 1906   0.19  -0.19     0.04
  MONTH TO DATE    3.19                      2.53   0.66     2.08
  SINCE JUN 1     11.66                      9.65   2.01    11.69
  SINCE JAN 1     26.75                     25.64   1.11    25.06

SNOWFALL (IN)
  TODAY            0.0           T    1985

DEGREE DAYS
 HEATING
  TODAY            0                         0      0        0
  MONTH TO DATE    0                         0      0        0
  SINCE JUN 1      0                         0      0        0
  SINCE JUL 1      0                         0      0        0

 COOLING
  TODAY           18                        16      2       17
  MONTH TO DATE  198                       192      6      215
  SINCE JUN 1    626                       631     -5      765
  SINCE JAN 1   1344                      1141    203     1734
...................................................................


WIND (MPH)
  HIGHEST WIND SPEED    15   HIGHEST WIND DIRECTION     W (250)
  HIGHEST GUST SPEED    19   HIGHEST GUST DIRECTION     W (290)
  AVERAGE WIND SPEED     4.5


SKY COVER
  AVERAGE SKY COVER 0.0


WEATHER CONDITIONS
THE FOLLOWING WEATHER WAS RECORDED TODAY.
  NO SIGNIFICANT WEATHER WAS OBSERVED.


RELATIVE HUMIDITY (PERCENT)
 HIGHEST   100           3:00 AM
 LOWEST     41           4:00 PM
 AVERAGE    71

..........................................................


THE GAINESVILLE CLIMATE NORMALS FOR TOMORROW
                         NORMAL    RECORD    YEAR
 MAXIMUM TEMPERATURE (F)   91        98      1937
 MINIMUM TEMPERATURE (F)   72        65      1922


SUNRISE AND SUNSET
JULY 12 2020..........SUNRISE   6:38 AM EDT   SUNSET   8:32 PM EDT
JULY 13 2020..........SUNRISE   6:38 AM EDT   SUNSET   8:31 PM EDT


-  INDICATES NEGATIVE NUMBERS.
R  INDICATES RECORD WAS SET OR TIED.
MM INDICATES DATA IS MISSING.
T  INDICATES TRACE AMOUNT.




$$
