000
CDUS41 KGYX 040807
CLIGYX


CLIMATE REPORT
NATIONAL WEATHER SERVICE GRAY ME
407 AM EDT SAT APR 4 2020


...................................

...THE GRAY ME CLIMATE SUMMARY FOR APRIL 3 2020...

CLIMATE NORMAL PERIOD 1981 TO 2010
CLIMATE RECORD PERIOD 1995 TO 2020


WEATHER ITEM   OBSERVED TIME   RECORD YEAR NORMAL DEPARTURE LAST
                VALUE   (LST)  VALUE       VALUE  FROM      YEAR
                                                  NORMAL
..................................................................
TEMPERATURE (F)
 YESTERDAY
  MAXIMUM         45        MM  MM      MM  48     -3       56
  MINIMUM         39        MM  MM      MM  30      9       32
  AVERAGE         42                        39      3       44

PRECIPITATION (IN)
  YESTERDAY        0.55         MM      MM   0.15   0.40     0.10
  MONTH TO DATE    1.96                      0.44   1.52     0.10
  SINCE MAR 1      4.35                      4.61  -0.26     2.73
  SINCE JAN 1     11.19                     11.45  -0.26    10.75

SNOWFALL (IN)
  YESTERDAY        0.0          MM      MM   0.3   -0.3      0.7
  MONTH TO DATE    0.0                       0.9   -0.9      0.7
  SINCE MAR 1      8.2                      20.8  -12.6     14.1
  SINCE JUL 1     62.1                      79.9  -17.8     74.8
  SNOW DEPTH       0

DEGREE DAYS
 HEATING
  YESTERDAY       23                        26     -3       21
  MONTH TO DATE   77                        79     -2       84
  SINCE MAR 1    961                      1072   -111     1139
  SINCE JUL 1   5935                      6230   -295     6540

 COOLING
  YESTERDAY        0                         0      0        0
  MONTH TO DATE    0                         0      0        0
  SINCE MAR 1      0                         0      0        0
  SINCE JAN 1      0                         0      0        0
..................................................................







THE GRAY ME CLIMATE NORMALS FOR TODAY
                         NORMAL
 MAXIMUM TEMPERATURE (F)   49
 MINIMUM TEMPERATURE (F)   30


SUNRISE AND SUNSET
APRIL  4 2020.........SUNRISE   616 AM EDT   SUNSET   712 PM EDT
APRIL  5 2020.........SUNRISE   614 AM EDT   SUNSET   713 PM EDT


-  INDICATES NEGATIVE NUMBERS.
R  INDICATES RECORD WAS SET OR TIED.
MM INDICATES DATA IS MISSING.
T  INDICATES TRACE AMOUNT.




$$
