000
CXUS54 KMOB 010732 RRA
CF6GZH
PRELIMINARY LOCAL CLIMATOLOGICAL DATA (WS FORM: F-6)
STATION: EVERGREEN_(ASOS)
MONTH: NOVEMBER
YEAR: 2023
LATITUDE: 31 25 N
LONGITUDE: 87 3 W
TEMPERATURE IN F: :PCPN: SNOW: WIND :SUNSHINE: SKY :PK WND
================================================================================
1 2 3 4 5 6A 6B 7 8 9 10 11 12 13 14 15 16 17 18
12Z AVG MX 2MIN
DY MAX MIN AVG DEP HDD CDD WTR SNW DPTH SPD SPD DIR MIN PSBL S-S WX SPD DR
================================================================================
1 58 30 44 -18 21 0 0.00 0.0 0 8.3 18 360 M M 0 28 20
2 67 27 47 -15 18 0 T 0.0 0 2.8 16 90 M M 0 23 70
3 74 32 53 -8 12 0 0.00 0.0 0 1.8 10 80 M M 1 15 80
4 79 40 60 -1 5 0 0.00 0.0 0 1.2 10 10 M M 0 15 60
5 81 39 60 0 5 0 0.00 0.0 0 2.3 13 10 M M 0 22 20
6 83 40 62 2 3 0 0.00 0.0 0 0.4 9 250 M M 0 14 240
7 82 44 63 3 2 0 0.00 0.0 0 1.9 12 210 M M 0 1 16 200
8 82 49 66 6 0 1 0.00 0.0 0 3.9 15 200 M M 4 12 23 200
9 83 50 67 8 0 2 T 0.0 0 2.5 13 170 M M 3 12 16 170
10 71 61 66 7 0 1 0.50 0.0 0 3.7 9 30 M M 10 1 14 350
11 66 57 62 3 3 0 0.06 0.0 0 6.5 10 50 M M 10 1 16 60
12 66 55 61 3 4 0 T 0.0 0 5.9 10 80 M M 10 1 15 40
13 61 56 59 1 6 0 0.16 0.0 0 3.9 10 50 M M 8 1 16 40
14 58 53 56 -2 9 0 0.69 0.0 0 6.8 13 90 M M 9 1 21 60
15 61 53 57 -1 8 0 0.35 0.0 0 10.6 16 80 M M 10 18 24 60
16 75 55 65 8 0 0 0.02 0.0 0 6.6 16 90 M M 7 1 22 80
17 80 52 66 9 0 1 0.00 0.0 0 1.1 8 30 M M 2 1 12 30
18 76 47 62 5 3 0 0.00 0.0 0 4.6 15 340 M M 4 1 21 10
19 72 38 55 -2 10 0 0.00 0.0 0 1.1 8 230 M M 0 1 13 270
20 77 41 59 3 6 0 0.00 0.0 0 7.0 21 160 M M 6 1 30 140
21 74 60 67 11 0 2 1.32 0.0 0 8.2 26 190 M M 9 13 39 190
22 60 40 50 -6 15 0 0.00 0.0 0 5.8 15 350 M M 5 23 360
23 55 37 46 -10 19 0 0.01 0.0 0 2.1 10 10 M M 3 1 14 10
24 67 44 56 0 9 0 0.01 0.0 0 2.0 10 340 M M 6 15 340
25 70 40 55 -1 10 0 0.00 0.0 0 1.0 8 60 M M 1 1 11 90
26 61 48 55 0 10 0 0.42 0.0 0 3.3 10 120 M M 8 1 16 310
27 55 37 46 -9 19 0 0.00 0.0 0 4.8 13 360 M M 0 21 340
28 60 31 46 -9 19 0 0.00 0.0 0 4.9 16 360 M M 0 22 360
29 61 27 44 -11 21 0 0.00 0.0 0 1.2 10 50 M M 0 17 20
30 55 28 42 -13 23 0 T 0.0 0 3.8 13 110 M M 2 15 120
================================================================================
SM 2070 1311 260 7 3.54 0.0 120.0 M 118
================================================================================
AV 69.0 43.7 4.0 FASTST M M 4 MAX(MPH)
MISC ----> 26 190 39 190
================================================================================
NOTES:
# LAST OF SEVERAL OCCURRENCES
COLUMN 17 PEAK WIND IN M.P.H.
PRELIMINARY LOCAL CLIMATOLOGICAL DATA (WS FORM: F-6) , PAGE 2
STATION: EVERGREEN_(ASOS)
MONTH: NOVEMBER
YEAR: 2023
LATITUDE: 31 25 N
LONGITUDE: 87 3 W
[TEMPERATURE DATA] [PRECIPITATION DATA] SYMBOLS USED IN COLUMN 16
AVERAGE MONTHLY: 56.4 TOTAL FOR MONTH: 3.54 1 = FOG OR MIST
DPTR FM NORMAL: -1.5 DPTR FM NORMAL: -0.64 2 = FOG REDUCING VISIBILITY
HIGHEST: 83 ON 9, 6 GRTST 24HR 1.32 ON 21-21 TO 1/4 MILE OR LESS
LOWEST: 27 ON 29, 2 3 = THUNDER
SNOW, ICE PELLETS, HAIL 4 = ICE PELLETS
TOTAL MONTH: 0.0 INCH 5 = HAIL
GRTST 24HR 0.0 6 = FREEZING RAIN OR DRIZZLE
GRTST DEPTH: 0 7 = DUSTSTORM OR SANDSTORM:
VSBY 1/2 MILE OR LESS
8 = SMOKE OR HAZE
[NO. OF DAYS WITH] [WEATHER - DAYS WITH] 9 = BLOWING SNOW
X = TORNADO
MAX 32 OR BELOW: 0 0.01 INCH OR MORE: 10
MAX 90 OR ABOVE: 0 0.10 INCH OR MORE: 6
MIN 32 OR BELOW: 6 0.50 INCH OR MORE: 3
MIN 0 OR BELOW: 0 1.00 INCH OR MORE: 1
[HDD (BASE 65) ]
TOTAL THIS MO. 260 CLEAR (SCALE 0-3) 15
DPTR FM NORMAL 14 PTCLDY (SCALE 4-7) 9
TOTAL FM JUL 1 310 CLOUDY (SCALE 8-10) 6
DPTR FM NORMAL 4
[CDD (BASE 65) ]
TOTAL THIS MO. 7
DPTR FM NORMAL -23 [PRESSURE DATA]
TOTAL FM JAN 1 2660 HIGHEST SLP M ON M
DPTR FM NORMAL 67 LOWEST SLP 29.84 ON 21
[REMARKS]
#FINAL-11-23#