000
CXUS51 KILN 010831
CF6HAO
PRELIMINARY LOCAL CLIMATOLOGICAL DATA (WS FORM: F-6)
STATION: HAMILTON
MONTH: JULY
YEAR: 2023
LATITUDE: 39 21 N
LONGITUDE: 84 31 W
TEMPERATURE IN F: :PCPN: SNOW: WIND :SUNSHINE: SKY :PK WND
================================================================================
1 2 3 4 5 6A 6B 7 8 9 10 11 12 13 14 15 16 17 18
12Z AVG MX 2MIN
DY MAX MIN AVG DEP HDD CDD WTR SNW DPTH SPD SPD DIR MIN PSBL S-S WX SPD DR
================================================================================
1 86 69 78 3 0 13 0.55 M M 1.4 21 290 M M 5 13 33 290
2 86 68 77 2 0 12 0.35 M M 0.8 26 320 M M 5 13 35 320
3 84 67 76 1 0 11 0.02 M M 2.9 16 300 M M 7 1 20 300
4 91 67 79 4 0 14 0.00 M M 1.2 10 300 M M 2 1 14 210
5 92 66 79 4 0 14 0.00 M M 1.6 14 110 M M 1 138 20 100
6 88 69 79 4 0 14 0.07 M M 5.3 16 300 M M 2 18 20 300
7 88 64 76 1 0 11 0.00 M M 2.2 12 300 M M 0 16 310
8 80 65 73 -2 0 8 0.54 M M 0.8 23 310 M M 4 138 29 320
9 79 60 70 -6 0 5 0.00 M M 4.2 13 320 M M 4 1 18 320
10 86 57 72 -4 0 7 0.00 M M 2.0 10 300 M M 2 1 14 310
11 89 59 74 -2 0 9 0.00 M M 2.2 8 250 M M 1 1 14 250
12 91 62 77 1 0 12 0.00 M M 1.8 9 210 M M 0 1 16 200
13 90 71 81 5 0 16 0.18 M M 3.9 15 310 M M 2 13 19 300
14 90 67 79 3 0 14 0.09 M M 1.6 13 310 M M 2 13 17 310
15 83 66 75 -1 0 10 0.74 M M 1.7 17 350 M M 5 123 26 280
16 84 66 75 -1 0 10 T M M 2.4 9 260 M M 2 1238 16 240
17 85 62 74 -2 0 9 0.14 M M 3.0 33 350 M M 3 138 42 360
18 88 62 75 -1 0 10 1.35 M M 1.6 20 330 M M 5 1238 30 340
19 87 67 77 1 0 12 T M M 1.4 7 210 M M 5 1 12 220
20 90 68 79 3 0 14 0.00 M M 2.0 10 350 M M 3 1 15 350
21 82 63 73 -3 0 8 0.00 M M 4.7 12 320 M M 2 17 310
22 85 60 73 -3 0 8 0.00 M M 1.5 12 330 M M 2 14 330
23 87 59 73 -3 0 8 0.00 M M 1.8 16 300 M M 1 1 21 300
24 89 61 75 -1 0 10 T M M 1.6 8 220 M M 3 13 16 230
25 90 61 76 0 0 11 0.00 M M 0.4 7 110 M M 2 18 10 100
26 93 69 81 5 0 16 T M M 3.7 10 210 M M 2 18 21 230
27 93 72 83 7 0 18 3.03 M M 2.7 30 340 M M 6 123 38 340
28 92 77 85 9 0 20 0.42 M M 2.0 14 300 M M 4 38 18 300
29 87 71 79 3 0 14 0.13 M M 5.1 26 320 M M 3 13 40 310
30 88 66 77 1 0 12 0.00 M M 2.8 12 310 M M 2 1 15 340
31 82 61 72 -4 0 7 0.00 M M 3.6 13 350 M M 1 16 340
================================================================================
SM 2705 2022 0 357 7.61 M 73.9 M 88
================================================================================
AV 87.3 65.2 2.4 FASTST M M 3 MAX(MPH)
MISC ----> 33 350 42 360
================================================================================
NOTES:
# LAST OF SEVERAL OCCURRENCES
COLUMN 17 PEAK WIND IN M.P.H.
PRELIMINARY LOCAL CLIMATOLOGICAL DATA (WS FORM: F-6) , PAGE 2
STATION: HAMILTON
MONTH: JULY
YEAR: 2023
LATITUDE: 39 21 N
LONGITUDE: 84 31 W
[TEMPERATURE DATA] [PRECIPITATION DATA] SYMBOLS USED IN COLUMN 16
AVERAGE MONTHLY: 76.2 TOTAL FOR MONTH: 7.61 1 = FOG OR MIST
DPTR FM NORMAL: 0.7 DPTR FM NORMAL: 3.94 2 = FOG REDUCING VISIBILITY
HIGHEST: 93 ON 27,26 GRTST 24HR 3.45 ON 27-28 TO 1/4 MILE OR LESS
LOWEST: 57 ON 10 3 = THUNDER
SNOW, ICE PELLETS, HAIL 4 = ICE PELLETS
TOTAL MONTH: M 5 = HAIL
GRTST 24HR M ON M 6 = FREEZING RAIN OR DRIZZLE
GRTST DEPTH: M ON M 7 = DUSTSTORM OR SANDSTORM:
VSBY 1/2 MILE OR LESS
8 = SMOKE OR HAZE
[NO. OF DAYS WITH] [WEATHER - DAYS WITH] 9 = BLOWING SNOW
X = TORNADO
MAX 32 OR BELOW: 0 0.01 INCH OR MORE: 13
MAX 90 OR ABOVE: 10 0.10 INCH OR MORE: 10
MIN 32 OR BELOW: 0 0.50 INCH OR MORE: 5
MIN 0 OR BELOW: 0 1.00 INCH OR MORE: 2
[HDD (BASE 65) ]
TOTAL THIS MO. 0 CLEAR (SCALE 0-3) 20
DPTR FM NORMAL -1 PTCLDY (SCALE 4-7) 11
TOTAL FM JUL 1 0 CLOUDY (SCALE 8-10) 0
DPTR FM NORMAL 0
[CDD (BASE 65) ]
TOTAL THIS MO. 357
DPTR FM NORMAL 29 [PRESSURE DATA]
TOTAL FM JAN 1 556 HIGHEST SLP 30.17 ON 31
DPTR FM NORMAL -90 LOWEST SLP 29.76 ON 2
[REMARKS]
#FINAL-07-23#