945
CXUS51 KPBZ 180730
CF6HLG
PRELIMINARY LOCAL CLIMATOLOGICAL DATA (WS FORM: F-6)

                                          STATION:   WHEELING WV
                                          MONTH:     JUNE
                                          YEAR:      2024
                                          LATITUDE:   40 10 N
                                          LONGITUDE:  80 39 W

  TEMPERATURE IN F:       :PCPN:    SNOW:  WIND      :SUNSHINE: SKY     :PK WND
================================================================================
1   2   3   4   5  6A  6B    7    8   9   10  11  12  13   14  15   16   17  18
                                     12Z  AVG MX 2MIN
DY MAX MIN AVG DEP HDD CDD  WTR  SNW DPTH SPD SPD DIR MIN PSBL S-S WX    SPD DR
================================================================================

 1  80  47  64  -1   1   0 0.00    M    M  4.8 13 150   M    M   0        17 190
 2  70  60  65  -1   0   0 0.05    M    M  6.6 15 190   M    M   9 1      22 220
 3  83  61  72   6   0   7 0.00    M    M  3.7  8  90   M    M   5 12      M   M
 4  87  60  74   8   0   9 0.00    M    M  4.2 12 110   M    M   1        16 110
 5  79  68  74   8   0   9 0.05    M    M  6.9 16 210   M    M   6        27 180
 6  80  67  74   7   0   9 0.24    M    M  9.6 18 290   M    M   7 1      30 200
 7  74  60  67   0   0   2 0.00    M    M  9.2 23 280   M    M   4        34 310
 8  79  53  66  -1   0   1 0.00    M    M  7.3 16 190   M    M   2        24 240
 9  76  61  69   2   0   4    T    M    M  9.4 20 260   M    M   7        30 260
10  68  52  60  -8   5   0 0.00    M    M  5.7 13 320   M    M   7         M   M
11  73  48  61  -7   4   0 0.00    M    M  3.4 14 300   M    M   3 12     20 300
12  82  52  67  -1   0   2 0.00    M    M  4.4 10 210   M    M   0        17 230
13  86  57  72   4   0   7 0.00    M    M  6.3 14 230   M    M   0        18 210
14  84  63  74   5   0   9 0.04    M    M  5.1 18 230   M    M   5 3      28 230
15  80  54  67  -2   0   2 0.00    M    M  6.1 13  30   M    M   0        18 360
16  89  54  72   3   0   7 0.00    M    M  5.3 14 180   M    M   1        21 210
17  95  69  82  13   0  17 0.16    M    M  7.6 18  60   M    M   2 3      22  70
================================================================================
SM 1365  986        10  85  0.54    M    105.6          M       59
================================================================================
AV 80.3 58.0                               6.2 FASTST   M    M   3    MAX(MPH)
                                 MISC ---->    23 280                 34 310
================================================================================
NOTES:
# LAST OF SEVERAL OCCURRENCES

COLUMN 17 PEAK WIND IN M.P.H.

PRELIMINARY LOCAL CLIMATOLOGICAL DATA (WS FORM: F-6) , PAGE 2

                                          STATION:   WHEELING WV
                                          MONTH:     JUNE
                                          YEAR:      2024
                                          LATITUDE:   40 10 N
                                          LONGITUDE:  80 39 W

[TEMPERATURE DATA]      [PRECIPITATION DATA]       SYMBOLS USED IN COLUMN 16

AVERAGE MONTHLY: 69.1   TOTAL FOR MONTH:   0.54    1 = FOG OR MIST
DPTR FM NORMAL:   1.8   DPTR FM NORMAL:   -1.80    2 = FOG REDUCING VISIBILITY
HIGHEST:    95 ON 17    GRTST 24HR  0.29 ON  5- 6      TO 1/4 MILE OR LESS
LOWEST:     47 ON  1                               3 = THUNDER
                        SNOW, ICE PELLETS, HAIL    4 = ICE PELLETS
                        TOTAL MONTH:  M            5 = HAIL
                        GRTST 24HR    M  ON   M    6 = FREEZING RAIN OR DRIZZLE
                        GRTST DEPTH:  M  ON   M    7 = DUSTSTORM OR SANDSTORM:
                                                       VSBY 1/2 MILE OR LESS
                                                   8 = SMOKE OR HAZE
[NO. OF DAYS WITH]      [WEATHER - DAYS WITH]      9 = BLOWING SNOW
                                                   X = TORNADO
MAX 32 OR BELOW:   0    0.01 INCH OR MORE:   5
MAX 90 OR ABOVE:   1    0.10 INCH OR MORE:   2
MIN 32 OR BELOW:   0    0.50 INCH OR MORE:   0
MIN  0 OR BELOW:   0    1.00 INCH OR MORE:   0

[HDD (BASE 65) ]
TOTAL THIS MO.    10    CLEAR  (SCALE 0-3)   9
DPTR FM NORMAL   -17    PTCLDY (SCALE 4-7)   7
TOTAL FM JUL 1  4232    CLOUDY (SCALE 8-10)  1
DPTR FM NORMAL -1183

[CDD (BASE 65) ]
TOTAL THIS MO.    85
DPTR FM NORMAL    18    [PRESSURE DATA]
TOTAL FM JAN 1   214    HIGHEST SLP M ON M
DPTR FM NORMAL    82    LOWEST  SLP 29.56 ON  6

[REMARKS]