000
CDUS41 KCAR 280556
CLIHUL


CLIMATE REPORT
NATIONAL WEATHER SERVICE CARIBOU, ME
1253 AM EST FRI FEB 28 2020


...................................

...THE HOULTON ME CLIMATE SUMMARY FOR FEBRUARY 27 2020...

CLIMATE NORMAL PERIOD 1981 TO 2010
CLIMATE RECORD PERIOD 1948 TO 2020


WEATHER ITEM   OBSERVED TIME   RECORD YEAR NORMAL DEPARTURE LAST
                VALUE   (LST)  VALUE       VALUE  FROM      YEAR
                                                  NORMAL
..................................................................
TEMPERATURE (F)
 YESTERDAY
  MAXIMUM         35   1200 AM  47    2009  30      5       13
                                      2002
  MINIMUM         26    606 PM -27    1950   8     18       -5
  AVERAGE         31                        19     12        4

PRECIPITATION (IN)
  YESTERDAY        0.37          1.30 1979   0.07   0.30     0.00
  MONTH TO DATE    1.62                      1.92  -0.30     1.87
  SINCE DEC 1      6.40                      8.07  -1.67     8.60
  SINCE JAN 1      3.57                      4.78  -1.21     6.12

SNOWFALL (IN)
  YESTERDAY       MM                         0.6   MM       MM
  MONTH TO DATE   MM                        17.1   MM       MM
  SINCE DEC 1     MM                        56.8   MM       MM
  SINCE JUL 1     MM                        64.9   MM       MM
  SNOW DEPTH      MM

DEGREE DAYS
 HEATING
  YESTERDAY       34                        46    -12       61
  MONTH TO DATE 1291                      1351    -60     1271
  SINCE DEC 1   4089                      4418   -329     4398
  SINCE JUL 1   6205                      6526   -321     6678

 COOLING
  YESTERDAY        0                         0      0        0
  MONTH TO DATE    0                         0      0        0
  SINCE DEC 1      0                         0      0        0
  SINCE JAN 1      0                         0      0        0
..................................................................


WIND (MPH)
  HIGHEST WIND SPEED    29   HIGHEST WIND DIRECTION     E (70)
  HIGHEST GUST SPEED    46   HIGHEST GUST DIRECTION    NE (60)
  AVERAGE WIND SPEED    14.9


SKY COVER
  POSSIBLE SUNSHINE  MM
  AVERAGE SKY COVER 1.0


WEATHER CONDITIONS
 THE FOLLOWING WEATHER WAS RECORDED YESTERDAY.
  HEAVY SNOW
  SNOW
  LIGHT SNOW
  FOG
  FOG W/VISIBILITY <= 1/4 MILE


RELATIVE HUMIDITY (PERCENT)
 HIGHEST    85           800 PM
 LOWEST     56          1200 AM
 AVERAGE    71

..........................................................


THE HOULTON ME CLIMATE NORMALS FOR TODAY
                         NORMAL    RECORD    YEAR
 MAXIMUM TEMPERATURE (F)   31        49      2000
 MINIMUM TEMPERATURE (F)    8       -26      1982


SUNRISE AND SUNSET
FEBRUARY 28 2020......SUNRISE   613 AM EST   SUNSET   515 PM EST
FEBRUARY 29 2020......SUNRISE   611 AM EST   SUNSET   517 PM EST


-  INDICATES NEGATIVE NUMBERS.
R  INDICATES RECORD WAS SET OR TIED.
MM INDICATES DATA IS MISSING.
T  INDICATES TRACE AMOUNT.




$$
