000
CXUS51 KCAR 090441
CLMHUL


CLIMATE REPORT
NATIONAL WEATHER SERVICE CARIBOU, ME
1141 PM EST SAT FEB 8 2020

...................................

...THE HOULTON ME CLIMATE SUMMARY FOR THE MONTH OF FEBRUARY 2020...

CLIMATE NORMAL PERIOD 1981 TO 2010
CLIMATE RECORD PERIOD 1948 TO 2020

WEATHER         OBSERVED          NORMAL  DEPART  LAST YEAR`S
                 VALUE   DATE(S)  VALUE   FROM    VALUE  DATE(S)
                                          NORMAL
................................................................
TEMPERATURE (F)
RECORD
 HIGH              41   MM
 LOW              -28   MM
HIGHEST            22   02/06        MM      MM       48  02/05
LOWEST              0   02/06        MM      MM      -22  02/28
AVG. MAXIMUM     22.0                MM      MM     24.0
AVG. MINIMUM      0.0                MM      MM      2.7
MEAN             11.0                MM      MM     13.3
DAYS MAX >= 90      0                MM      MM        0
DAYS MAX <= 32      1                MM      MM       21
DAYS MIN <= 32      1                MM      MM       26
DAYS MIN <= 0       1                MM      MM       12

PRECIPITATION (INCHES)
RECORD
 MAXIMUM           MM   MM
 MINIMUM           MM   MM
TOTALS           0.08                     -0.37
DAILY AVG.       0.08                MM      MM     0.07
DAYS >= .01         1                MM      MM       10
DAYS >= .10         0                MM      MM        6
DAYS >= .50         0                MM      MM        1
DAYS >= 1.00        0                MM      MM        0
GREATEST
 24 HR. TOTAL    0.08   02/06 TO 02/06           02/13 TO 02/13
                                                          02/13 TO 02/13EATHER         OBSERVED          NORMAL  DEPART  LAST YEAR`S
                                                          02/13 TO 02/13EATHER         OBSERVED          NORMAL  DEPART  LAST YEAR`S

SNOWFALL (INCHES)
TOTALS             MM               4.0      MM       MM
SINCE 7/1          MM              51.8      MM       MM
SNOWDEPTH AVG.     MM                MM      MM       MM
DAYS >= 1.0         0                MM      MM        0
GREATEST
 SNOW DEPTH        MM                                 MM  MM
 24 HR TOTAL       MM                                 MM

DEGREE_DAYS
HEATING TOTAL      54                52       2
.................................................................

WIND (MPH)
AVERAGE WIND SPEED              3.9
HIGHEST WIND SPEED/DIRECTION     9/050    DATE  02/06
HIGHEST GUST SPEED/DIRECTION    12/200    DATE  02/06

SKY COVER
POSSIBLE SUNSHINE (PERCENT)   MM
AVERAGE SKY COVER           0.80
NUMBER OF DAYS FAIR            0
NUMBER OF DAYS PC              0
NUMBER OF DAYS CLOUDY          1

AVERAGE RH (PERCENT)     77

WEATHER CONDITIONS. NUMBER OF DAYS WITH
  0
  0
  0
  0
  1
  0
  1
HAZE                      0

-  INDICATES NEGATIVE NUMBERS.
R  INDICATES RECORD WAS SET OR TIED.
MM INDICATES DATA IS MISSING.
T  INDICATES TRACE AMOUNT.

$$
