000
CXUS53 KGRB 021004
CF6ISW
PRELIMINARY LOCAL CLIMATOLOGICAL DATA (WS FORM: F-6)
STATION: WISCONSIN RAPIDS ASOS
MONTH: SEPTEMBER
YEAR: 2023
LATITUDE: 44 22 N
LONGITUDE: 89 50 W
TEMPERATURE IN F: :PCPN: SNOW: WIND :SUNSHINE: SKY :PK WND
================================================================================
1 2 3 4 5 6A 6B 7 8 9 10 11 12 13 14 15 16 17 18
12Z AVG MX 2MIN
DY MAX MIN AVG DEP HDD CDD WTR SNW DPTH SPD SPD DIR MIN PSBL S-S WX SPD DR
================================================================================
1 84 51 68 3 0 3 0.00 0.0 0 9.7 18 220 M M 0 27 220
2 94 66 80 15 0 15 T 0.0 0 9.1 21 220 M M 0 30 200
3 100 70 85 20 0 20 0.00 0.0 0 10.6 20 220 M M 0 28 230
4 95 63 79 15 0 14 0.00 0.0 0 8.1 20 210 M M 0 28 210
5 91 73 82 18 0 17 0.00 0.0 0 9.0 20 200 M M 0 28 180
6 77 60 69 5 0 4 0.10 0.0 0 8.6 18 20 M M 8 13 25 10
7 65 56 61 -3 4 0 0.00 0.0 0 8.0 14 30 M M 10 19 350
8 70 50 60 -3 5 0 T 0.0 0 2.5 8 10 M M 7 1 11 10
9 78 45 62 -1 3 0 0.00 0.0 0 3.0 9 240 M M 3 12 16 200
10 68 58 63 1 2 0 0.10 0.0 0 6.0 13 10 M M 10 1 17 70
11 70 51 61 -1 4 0 0.01 0.0 0 7.5 24 40 M M 8 1 31 40
12 68 42 55 -7 10 0 0.27 0.0 0 4.1 17 310 M M 6 123 25 310
13 61 39 50 -11 15 0 0.01 0.0 0 3.8 12 70 M M 8 1 17 50
14 74 37 56 -5 9 0 0.00 0.0 0 3.5 13 230 M M 0 1 M M
15 72 48 60 -1 5 0 T 0.0 0 4.4 14 210 M M 3 12 20 200
16 75 50 63 3 2 0 0.00 0.0 0 2.8 10 230 M M 8 12 13 220
17 72 47 60 0 5 0 0.00 0.0 0 6.3 18 20 M M 2 27 30
18 72 44 58 -2 7 0 0.00 0.0 0 3.5 9 140 M M 5 1 15 150
19 73 53 63 4 2 0 0.00 0.0 0 7.8 15 150 M M 6 23 130
20 82 52 67 8 0 2 0.00 0.0 0 3.8 16 220 M M 0 1 19 220
21 87 54 71 13 0 6 T 0.0 0 4.6 15 120 M M 1 1 21 120
22 78 59 69 11 0 4 0.05 0.0 0 7.4 20 120 M M 8 1 28 130
23 67 60 64 6 1 0 1.62 0.0 0 10.0 18 120 M M 7 13 27 120
24 72 59 66 9 0 1 0.02 0.0 0 10.4 21 110 M M 8 32 100
25 66 58 62 5 3 0 0.51 0.0 0 8.0 14 110 M M 10 13 22 130
26 67 60 64 8 1 0 0.50 0.0 0 9.4 16 70 M M 10 1 22 80
27 64 59 62 6 3 0 0.04 0.0 0 8.2 14 100 M M 10 1 24 80
28 67 58 63 8 2 0 T 0.0 0 4.4 12 110 M M 10 1 16 120
29 72 55 64 9 1 0 0.00 0.0 0 6.1 14 120 M M 5 12 21 120
30 74 59 67 13 0 2 0.13 0.0 0 5.8 32 290 M M 2 13 44 210
================================================================================
SM 2255 1636 84 88 3.36 0.0 196.4 M 155
================================================================================
AV 75.2 54.5 6.5 FASTST M M 5 MAX(MPH)
MISC ----> 32 290 44 210
================================================================================
NOTES:
# LAST OF SEVERAL OCCURRENCES
COLUMN 17 PEAK WIND IN M.P.H.
PRELIMINARY LOCAL CLIMATOLOGICAL DATA (WS FORM: F-6) , PAGE 2
STATION: WISCONSIN RAPIDS ASOS
MONTH: SEPTEMBER
YEAR: 2023
LATITUDE: 44 22 N
LONGITUDE: 89 50 W
[TEMPERATURE DATA] [PRECIPITATION DATA] SYMBOLS USED IN COLUMN 16
AVERAGE MONTHLY: 64.9 TOTAL FOR MONTH: 3.36 1 = FOG OR MIST
DPTR FM NORMAL: 4.5 DPTR FM NORMAL: -0.07 2 = FOG REDUCING VISIBILITY
HIGHEST: 100 ON 3 GRTST 24HR 1.67 ON 22-23 TO 1/4 MILE OR LESS
LOWEST: 37 ON 14 3 = THUNDER
SNOW, ICE PELLETS, HAIL 4 = ICE PELLETS
TOTAL MONTH: 0.0 INCH 5 = HAIL
GRTST 24HR 0.0 6 = FREEZING RAIN OR DRIZZLE
GRTST DEPTH: 0 7 = DUSTSTORM OR SANDSTORM:
VSBY 1/2 MILE OR LESS
8 = SMOKE OR HAZE
[NO. OF DAYS WITH] [WEATHER - DAYS WITH] 9 = BLOWING SNOW
X = TORNADO
MAX 32 OR BELOW: 0 0.01 INCH OR MORE: 12
MAX 90 OR ABOVE: 4 0.10 INCH OR MORE: 7
MIN 32 OR BELOW: 0 0.50 INCH OR MORE: 3
MIN 0 OR BELOW: 0 1.00 INCH OR MORE: 1
[HDD (BASE 65) ]
TOTAL THIS MO. 84 CLEAR (SCALE 0-3) 11
DPTR FM NORMAL -102 PTCLDY (SCALE 4-7) 12
TOTAL FM JUL 1 109 CLOUDY (SCALE 8-10) 7
DPTR FM NORMAL -123
[CDD (BASE 65) ]
TOTAL THIS MO. 88
DPTR FM NORMAL 44 [PRESSURE DATA]
TOTAL FM JAN 1 633 HIGHEST SLP 30.25 ON 30
DPTR FM NORMAL 135 LOWEST SLP 29.66 ON 6
[REMARKS]
#FINAL-09-23#