000
CDUS42 KJAX 090539
CLIJAX

CLIMATE REPORT
NATIONAL WEATHER SERVICE JACKSONVILLE FL
139 AM EDT THU JUL 09 2020

...................................

...THE JACKSONVILLE CLIMATE SUMMARY FOR JULY 8 2020...

CLIMATE NORMAL PERIOD: 1981 TO 2010
CLIMATE RECORD PERIOD: 1871 TO 2020


WEATHER ITEM   OBSERVED TIME   RECORD YEAR NORMAL DEPARTURE LAST
                VALUE   (LST)  VALUE       VALUE  FROM      YEAR
                                                  NORMAL
...................................................................
TEMPERATURE (F)
 YESTERDAY
  MAXIMUM         90   2:07 PM 100    1879  92     -2       95
  MINIMUM         75  11:59 PM  61    1972  72      3       74
  AVERAGE         83                        82      1       85

PRECIPITATION (IN)
  YESTERDAY        0.45          3.78 1946   0.21   0.24      T
  MONTH TO DATE    2.49                      1.69   0.80     1.10
  SINCE JUN 1     12.35                      8.14   4.21     5.51
  SINCE JAN 1     26.08                     23.70   2.38    18.07

SNOWFALL (IN)
  YESTERDAY        0.0           0.0    MM

DEGREE DAYS
 HEATING
  YESTERDAY        0                         0      0        0
  MONTH TO DATE    0                         0      0        0
  SINCE JUN 1      0                         0      0        0
  SINCE JUL 1      0                         0      0        0

 COOLING
  YESTERDAY       18                        17      1       20
  MONTH TO DATE  131                       136     -5      154
  SINCE JUN 1    571                       585    -14      685
  SINCE JAN 1   1412                      1069    343     1431
...................................................................


WIND (MPH)
  HIGHEST WIND SPEED    20   HIGHEST WIND DIRECTION    NW (310)
  HIGHEST GUST SPEED    25   HIGHEST GUST DIRECTION    NW (310)
  AVERAGE WIND SPEED     7.3


SKY COVER
  AVERAGE SKY COVER 0.8


WEATHER CONDITIONS
THE FOLLOWING WEATHER WAS RECORDED YESTERDAY.
  THUNDERSTORM
  RAIN
  LIGHT RAIN
  FOG
  HAZE


RELATIVE HUMIDITY (PERCENT)
 HIGHEST    97          10:00 PM
 LOWEST     63           2:00 PM
 AVERAGE    80

..........................................................


THE JACKSONVILLE CLIMATE NORMALS FOR TODAY
                         NORMAL    RECORD    YEAR
 MAXIMUM TEMPERATURE (F)   92       101      1879
 MINIMUM TEMPERATURE (F)   72        63      2006


SUNRISE AND SUNSET
JULY  9 2020..........SUNRISE   6:32 AM EDT   SUNSET   8:32 PM EDT
JULY 10 2020..........SUNRISE   6:32 AM EDT   SUNSET   8:32 PM EDT


-  INDICATES NEGATIVE NUMBERS.
R  INDICATES RECORD WAS SET OR TIED.
MM INDICATES DATA IS MISSING.
T  INDICATES TRACE AMOUNT.




$$
