000
CDUS41 KOKX 080618
CLIJFK


CLIMATE REPORT
NATIONAL WEATHER SERVICE NEW YORK NY
217 AM EDT SUN APR 8 2018


...................................

...THE KENNEDY NY CLIMATE SUMMARY FOR APRIL 7 2018...

CLIMATE NORMAL PERIOD 1981 TO 2010
CLIMATE RECORD PERIOD 1948 TO 2018


WEATHER ITEM   OBSERVED TIME   RECORD YEAR NORMAL DEPARTURE LAST
                VALUE   (LST)  VALUE       VALUE  FROM      YEAR
                                                  NORMAL
..................................................................
TEMPERATURE (F)
 YESTERDAY
  MAXIMUM         48   1223 AM  87    2010  56     -8       52
  MINIMUM         37   1159 PM  20    1982  41     -4       41
  AVERAGE         43                        48     -5       47

PRECIPITATION (IN)
  YESTERDAY        T             0.85 1971   0.13  -0.13      T
  MONTH TO DATE    0.72                      0.93  -0.21     2.05
  SINCE MAR 1      5.80                      4.71   1.09     7.84
  SINCE JAN 1     13.57                     10.46   3.11    14.06

SNOWFALL (IN)
  YESTERDAY        0.0           5.4  2003   0.0    0.0      0.0
  MONTH TO DATE    3.7                       0.3    3.4      0.0
  SINCE OCT 1     35.5                      23.3   12.2     30.9
  SINCE JUL 1     35.5                      23.3   12.2     30.9
  SNOW DEPTH       0

DEGREE DAYS
 HEATING
  YESTERDAY       22                        17      5       18
  MONTH TO DATE  153                       124     29      111
  SINCE MAR 1    941                       849     92      899
  SINCE JUL 1   4320                      4360    -40     3817

 COOLING
  YESTERDAY        0                         0      0        0
  MONTH TO DATE    0                         0      0        0
  SINCE MAR 1      0                         0      0        0
  SINCE JAN 1      0                         0      0        0
..................................................................


WIND (MPH)
  HIGHEST WIND SPEED    25   HIGHEST WIND DIRECTION    NW (320)
  HIGHEST GUST SPEED    30   HIGHEST GUST DIRECTION    NW (310)
  AVERAGE WIND SPEED    13.0


SKY COVER
  POSSIBLE SUNSHINE  MM
  AVERAGE SKY COVER 0.9


WEATHER CONDITIONS
 THE FOLLOWING WEATHER WAS RECORDED YESTERDAY.
  LIGHT RAIN


RELATIVE HUMIDITY (PERCENT)
 HIGHEST    86          1200 AM
 LOWEST     25           300 PM
 AVERAGE    56

..........................................................


THE KENNEDY NY CLIMATE NORMALS FOR TODAY
                         NORMAL    RECORD    YEAR
 MAXIMUM TEMPERATURE (F)   57        82      1959
 MINIMUM TEMPERATURE (F)   41        26      1982


SUNRISE AND SUNSET
APRIL  8 2018.........SUNRISE   627 AM EDT   SUNSET   727 PM EDT
APRIL  9 2018.........SUNRISE   626 AM EDT   SUNSET   728 PM EDT


-  INDICATES NEGATIVE NUMBERS.
R  INDICATES RECORD WAS SET OR TIED.
MM INDICATES DATA IS MISSING.
T  INDICATES TRACE AMOUNT.




$$
