000
CXAK56 PAJK 241310
CF6KTN
PRELIMINARY LOCAL CLIMATOLOGICAL DATA (WS FORM: F-6)
STATION: KETCHIKAN
MONTH: APRIL
YEAR: 2024
LATITUDE: 55 20 N
LONGITUDE: 131 42 W
TEMPERATURE IN F: :PCPN: SNOW: WIND :SUNSHINE: SKY :PK WND
================================================================================
1 2 3 4 5 6A 6B 7 8 9 10 11 12 13 14 15 16 17 18
12Z AVG MX 2MIN
DY MAX MIN AVG DEP HDD CDD WTR SNW DPTH SPD SPD DIR MIN PSBL S-S WX SPD DR
================================================================================
1 47 31 39 -2 26 0 1.13 M M 12.0 30 130 M M 9 1 37 130
2 44 36 40 -1 25 0 0.34 M M 7.8 22 130 M M 9 1 30 130
3 48 34 41 0 24 0 0.04 M M 4.6 13 330 M M 7 1 16 140
4 50 32 41 0 24 0 0.00 M M 4.9 14 340 M M 3 17 330
5 42 33 38 -3 27 0 0.31 M M 9.0 20 130 M M 8 1 25 130
6 45 36 41 -1 24 0 0.24 M M 5.5 16 130 M M 8 18 22 120
7 47 38 43 1 22 0 0.92 M M 14.3 35 130 M M 10 18 44 130
8 44 38 41 -1 24 0 0.13 M M 8.9 18 130 M M 9 1 25 130
9 48 37 43 1 22 0 0.05 M M 8.1 21 120 M M 8 1 24 130
10 44 36 40 -2 25 0 0.47 M M 8.9 24 130 M M 10 1 33 130
11 46 34 40 -3 25 0 0.08 M M 3.7 13 120 M M 9 1 15 120
12 45 35 40 -3 25 0 0.03 M M 5.7 18 120 M M 9 1 22 120
13 47 39 43 0 22 0 0.08 M M 5.2 16 130 M M 10 1 21 120
14 45 36 41 -2 24 0 0.06 M M 5.2 15 130 M M 9 1 18 120
15 52 36 44 1 21 0 0.00 M M 7.6 16 340 M M 5 27 330
16 57 33 45 1 20 0 0.00 M M 6.6 13 320 M M 0 15 330
17 58 30 44 0 21 0 0.00 M M 4.8 14 320 M M 0 16 320
18 61 32 47 3 18 0 0.00 M M 5.1 14 330 M M 0 15 320
19 65 33 49 5 16 0 0.00 M M 4.7 15 120 M M 0 20 120
20 65 32 49 5 16 0 0.00 M M 4.4 18 120 M M 2 23 110
21 55 43 49 4 16 0 0.18 M M 9.0 20 120 M M 10 1 23 110
22 51 39 45 0 20 0 0.06 M M 6.8 16 130 M M 7 21 130
23 50 41 46 1 19 0 0.22 M M 7.1 20 120 M M 9 1 23 130
================================================================================
SM 1156 814 506 0 4.34 M 159.9 M 151
================================================================================
AV 50.3 35.4 7.0 FASTST M M 7 MAX(MPH)
MISC ----> 35 130 44 130
================================================================================
NOTES:
# LAST OF SEVERAL OCCURRENCES
COLUMN 17 PEAK WIND IN M.P.H.
PRELIMINARY LOCAL CLIMATOLOGICAL DATA (WS FORM: F-6) , PAGE 2
STATION: KETCHIKAN
MONTH: APRIL
YEAR: 2024
LATITUDE: 55 20 N
LONGITUDE: 131 42 W
[TEMPERATURE DATA] [PRECIPITATION DATA] SYMBOLS USED IN COLUMN 16
AVERAGE MONTHLY: 42.8 TOTAL FOR MONTH: 4.34 1 = FOG OR MIST
DPTR FM NORMAL: 0.0 DPTR FM NORMAL: -3.63 2 = FOG REDUCING VISIBILITY
HIGHEST: 65 ON 20,19 GRTST 24HR 1.23 ON 1- 2 TO 1/4 MILE OR LESS
LOWEST: 30 ON 17 3 = THUNDER
SNOW, ICE PELLETS, HAIL 4 = ICE PELLETS
TOTAL MONTH: M 5 = HAIL
GRTST 24HR M ON M 6 = FREEZING RAIN OR DRIZZLE
GRTST DEPTH: M ON M 7 = DUSTSTORM OR SANDSTORM:
VSBY 1/2 MILE OR LESS
8 = SMOKE OR HAZE
[NO. OF DAYS WITH] [WEATHER - DAYS WITH] 9 = BLOWING SNOW
X = TORNADO
MAX 32 OR BELOW: 0 0.01 INCH OR MORE: 16
MAX 90 OR ABOVE: 0 0.10 INCH OR MORE: 9
MIN 32 OR BELOW: 5 0.50 INCH OR MORE: 2
MIN 0 OR BELOW: 0 1.00 INCH OR MORE: 1
[HDD (BASE 65) ]
TOTAL THIS MO. 506 CLEAR (SCALE 0-3) 6
DPTR FM NORMAL -4 PTCLDY (SCALE 4-7) 3
TOTAL FM JUL 1 5457 CLOUDY (SCALE 8-10) 14
DPTR FM NORMAL -569
[CDD (BASE 65) ]
TOTAL THIS MO. 0
DPTR FM NORMAL 0 [PRESSURE DATA]
TOTAL FM JAN 1 0 HIGHEST SLP M ON M
DPTR FM NORMAL 0 LOWEST SLP 29.56 ON 8
[REMARKS]