000
CXUS52 KTBW 090544
CF6LAL
PRELIMINARY LOCAL CLIMATOLOGICAL DATA (WS FORM: F-6)
STATION: LAKELAND LINDER
MONTH: DECEMBER
YEAR: 2022
LATITUDE: 28 0 N
LONGITUDE: 82 3 W
TEMPERATURE IN F: :PCPN: SNOW: WIND :SUNSHINE: SKY :PK WND
================================================================================
1 2 3 4 5 6A 6B 7 8 9 10 11 12 13 14 15 16 17 18
12Z AVG MX 2MIN
DY MAX MIN AVG DEP HDD CDD WTR SNW DPTH SPD SPD DIR MIN PSBL S-S WX SPD DR
================================================================================
1 76 62 69 3 0 4 0.22 0.0 0 10.3 15 60 M M 2 21 40
2 81 61 71 5 0 6 0.00 0.0 0 8.6 15 110 M M 2 21 110
3 81 60 71 6 0 6 0.00 0.0 0 3.6 7 80 M M 3 M M
4 80 59 70 5 0 5 0.00 0.0 0 1.7 7 10 M M 1 M M
5 81 61 71 6 0 6 0.00 0.0 0 2.2 12 290 M M 3 1 M M
6 80 61 71 6 0 6 0.00 0.0 0 1.4 7 350 M M 2 1 M M
7 82 61 72 7 0 7 0.00 0.0 0 2.1 7 40 M M 2 M M
8 81 62 72 8 0 7 0.00 0.0 0 2.8 8 360 M M 1 1 M M
9 81 61 71 7 0 6 0.00 0.0 0 1.6 7 340 M M 3 12 M M
10 78 60 69 5 0 4 0.00 0.0 0 3.2 9 40 M M 7 12 M M
11 76 62 69 5 0 4 0.00 0.0 0 5.3 10 10 M M 8 M M
12 73 57 65 1 0 0 0.00 0.0 0 3.2 7 40 M M 4 1 M M
13 79 58 69 5 0 4 0.00 0.0 0 10.0 17 60 M M 5 24 60
14 81 58 70 6 0 5 0.00 0.0 0 8.5 14 120 M M 6 20 110
15 79 67 73 10 0 8 1.21 0.0 0 9.6 17 310 M M 5 3 27 190
16 67 56 62 -1 3 0 0.02 0.0 0 6.4 14 20 M M 6 M M
17 70 51 61 -2 4 0 0.00 0.0 0 4.3 8 60 M M 5 M M
18 69 58 64 1 1 0 T 0.0 0 7.1 13 30 M M 3 M M
19 72 44 58 -5 7 0 0.00 0.0 0 6.5 12 90 M M 0 M M
20 70 56 63 0 2 0 0.05 0.0 0 5.2 15 150 M M 3 18 150
21 67 59 63 0 2 0 0.43 0.0 0 8.7 16 340 M M 10 13 23 340
22 72 57 65 3 0 0 0.01 0.0 0 3.3 22 160 M M 8 1 25 160
23 72 39 56 -6 9 0 0.15 0.0 0 9.1 21 280 M M 3 12 25 300
24 56 29 43 -19 22 0 0.01 0.0 0 7.2 12 350 M M 0 17 340
25 44 29 37 -25 28 0 0.00 0.0 0 6.4 12 330 M M 0 M M
26 54 37 46 -16 19 0 0.00 0.0 0 5.1 10 10 M M 1 M M
27 64 40 52 -10 13 0 0.00 0.0 0 6.7 12 70 M M 1 M M
28 73 46 60 -2 5 0 0.00 0.0 0 5.6 14 70 M M 0 M M
29 79 53 66 4 0 1 0.00 0.0 0 5.9 13 90 M M 2 M M
30 80 58 69 7 0 4 0.00 0.0 0 6.0 12 90 M M 3 M M
31 79 67 73 11 0 8 0.02 0.0 0 4.4 10 160 M M 8 12 M M
================================================================================
SM 2277 1689 115 91 2.12 0.0 172.0 M 107
================================================================================
AV 73.5 54.5 5.5 FASTST M M 3 MAX(MPH)
MISC ----> 22 160 27 190
================================================================================
NOTES:
# LAST OF SEVERAL OCCURRENCES
COLUMN 17 PEAK WIND IN M.P.H.
PRELIMINARY LOCAL CLIMATOLOGICAL DATA (WS FORM: F-6) , PAGE 2
STATION: LAKELAND LINDER
MONTH: DECEMBER
YEAR: 2022
LATITUDE: 28 0 N
LONGITUDE: 82 3 W
[TEMPERATURE DATA] [PRECIPITATION DATA] SYMBOLS USED IN COLUMN 16
AVERAGE MONTHLY: 64.0 TOTAL FOR MONTH: 2.12 1 = FOG OR MIST
DPTR FM NORMAL: -0.8 DPTR FM NORMAL: -0.49 2 = FOG REDUCING VISIBILITY
HIGHEST: 82 ON 7 GRTST 24HR 1.21 ON 15-15 TO 1/4 MILE OR LESS
LOWEST: 29 ON 25,24 3 = THUNDER
SNOW, ICE PELLETS, HAIL 4 = ICE PELLETS
TOTAL MONTH: 0.0 INCH 5 = HAIL
GRTST 24HR 0.0 6 = FREEZING RAIN OR DRIZZLE
GRTST DEPTH: 0 7 = DUSTSTORM OR SANDSTORM:
VSBY 1/2 MILE OR LESS
8 = SMOKE OR HAZE
[NO. OF DAYS WITH] [WEATHER - DAYS WITH] 9 = BLOWING SNOW
X = TORNADO
MAX 32 OR BELOW: 0 0.01 INCH OR MORE: 9
MAX 90 OR ABOVE: 0 0.10 INCH OR MORE: 4
MIN 32 OR BELOW: 2 0.50 INCH OR MORE: 1
MIN 0 OR BELOW: 0 1.00 INCH OR MORE: 1
[HDD (BASE 65) ]
TOTAL THIS MO. 115 CLEAR (SCALE 0-3) 18
DPTR FM NORMAL -8 PTCLDY (SCALE 4-7) 12
TOTAL FM JUL 1 134 CLOUDY (SCALE 8-10) 1
DPTR FM NORMAL -34
[CDD (BASE 65) ]
TOTAL THIS MO. 91
DPTR FM NORMAL 17 [PRESSURE DATA]
TOTAL FM JAN 1 3975 HIGHEST SLP M ON M
DPTR FM NORMAL 261 LOWEST SLP M ON M
[REMARKS]
#FINAL-12-22#