000
CXUS52 KMLB 011703
CLALEE

CLIMATE REPORT
NATIONAL WEATHER SERVICE MELBOURNE FL
1203 PM EST FRI JAN 01 2021

...................................

...THE LEESBURG CLIMATE SUMMARY FOR THE YEAR OF 2020...

CLIMATE NORMAL PERIOD 1981 TO 2010
CLIMATE RECORD PERIOD 1958 TO 2020

WEATHER         OBSERVED          NORMAL  DEPART   LAST YEAR`S
                VALUE   DATE(S)   VALUE   FROM     VALUE
                                          NORMAL
..............................................................
TEMPERATURE (F)
YEARLY RECORD
 WARMEST        74.8   2017
 COOLEST        69.3   1981
DAILY RECORD
 HIGH            101   08/13/1991
 LOW              16   01/22/1985
                       01/21/1985
                       12/13/1962
2020 DATA
HIGHEST           99   06/26                          MM
LOWEST            34   01/22                          MM
                       12/26
                       12/27
AVG. MAXIMUM    84.2               82.0     2.2       MM
AVG. MINIMUM    65.3               62.4     2.9       MM
MEAN            74.8               72.2     2.6       MM
DAYS MAX >= 90   126               95.0    31.0       MM
DAYS MAX <= 32     0                0.0     0.0       MM
DAYS MIN <= 32     0                2.6    -2.6       MM
DAYS MIN <= 0      0                0.0     0.0       MM

PRECIPITATION (INCHES)
YEARLY RECORD
 MAXIMUM       67.58   1959
 MINIMUM       29.54   2000
DAILY RECORD
 MAXIMUM        6.48   09/10/2017
2020 DATA
TOTALS         38.72              51.19  -12.47       MM
DAYS >= .01      128                                  MM
DAYS >= .10       76                                  MM
DAYS >= .50       27                                  MM
DAYS >= 1.00       7                                  MM
GREATEST
 24 HR. TOTAL   3.01   06/18 TO 06/19

SNOWFALL (INCHES)
TOTALS           0.0                 MM      MM       MM
SINCE 7/1        0.0                 MM      MM       MM
DAYS >= TRACE      0                                  MM

DEGREE DAYS
HEATING TOTAL    460                702    -242       MM
 SINCE 7/1       224                242     -18       MM
COOLING TOTAL   4125               3334     791       MM
 SINCE 1/1      4125               3333     792       MM
..............................................................

WIND (MPH)
AVERAGE WIND SPEED              6.7
HIGHEST WIND SPEED/DIRECTION    36/270    DATE  02/06
HIGHEST GUST SPEED/DIRECTION    46/270    DATE  08/18

SKY COVER
POSSIBLE SUNSHINE (PERCENT)   MM
AVERAGE SKY COVER           0.27
NUMBER OF DAYS FAIR          244
NUMBER OF DAYS PC             74
NUMBER OF DAYS CLOUDY         17

AVERAGE RH (PERCENT)     73

WEATHER CONDITIONS. NUMBER OF DAYS WITH
THUNDERSTORM            100     MIXED PRECIP               0
HEAVY RAIN               67     RAIN                      66
LIGHT RAIN              143     LT FREEZING RAIN           0
HAIL                      0     LIGHT SNOW                 0
SLEET                     0     FOG                      158
FOG W/VIS <= 1/4 MILE    14     HAZE                      34

-  INDICATES NEGATIVE NUMBERS.
R  INDICATES RECORD WAS SET OR TIED.
MM INDICATES DATA IS MISSING.
T  INDICATES TRACE AMOUNT.

$$
