000
CXUS55 KPUB 021651
CF6LHX
PRELIMINARY LOCAL CLIMATOLOGICAL DATA (WS FORM: F-6)
STATION: LA JUNTA CO
MONTH: MAY
YEAR: 2022
LATITUDE: 38 2 N
LONGITUDE: 103 31 W
TEMPERATURE IN F: :PCPN: SNOW: WIND :SUNSHINE: SKY :PK WND
================================================================================
1 2 3 4 5 6A 6B 7 8 9 10 11 12 13 14 15 16 17 18
12Z AVG MX 2MIN
DY MAX MIN AVG DEP HDD CDD WTR SNW DPTH SPD SPD DIR MIN PSBL S-S WX SPD DR
================================================================================
1 81 32 57 0 8 0 0.07 M M 16.5 35 100 M M 2 3 45 160
2 58 34 46 -12 19 0 0.00 M M 13.5 29 10 M M 3 37 30
3 75 36 56 -2 9 0 0.00 M M 18.1 36 120 M M 4 45 130
4 61 42 52 -6 13 0 0.43 M M 13.0 25 270 M M 4 1 35 270
5 72 45 59 0 6 0 0.04 M M 8.0 17 60 M M 5 1 26 320
6 85 45 65 6 0 0 0.00 M M 5.8 14 120 M M 0 18 290
7 94 45 70 10 0 5 0.00 M M 11.9 29 10 M M 0 40 10
8 88 49 69 9 0 4 0.00 M M 12.5 32 140 M M 0 37 150
9 91 59 75 15 0 10 0.00 M M 21.6 45 250 M M 0 60 250
10 81 45 63 2 2 0 0.00 M M 10.6 30 160 M M 0 8 42 170
11 93 62 78 17 0 13 0.00 M M 20.7 39 210 M M 1 8 51 200
12 87 51 69 7 0 4 0.00 M M 18.4 36 240 M M 0 47 250
13 81 39 60 -2 5 0 0.00 M M 8.7 22 130 M M 0 28 130
14 85 41 63 0 2 0 0.00 M M 8.1 16 320 M M 0 25 320
15 83 48 66 3 0 1 0.00 M M 11.0 24 20 M M 0 33 70
16 88 53 71 8 0 6 0.00 M M 14.8 47 210 M M 0 8 65 210
17 94 59 77 13 0 12 0.00 M M 10.9 37 20 M M 0 8 50 30
18 87 54 71 7 0 6 0.00 M M 9.5 32 360 M M 0 3 44 240
19 91 46 69 4 0 4 0.00 M M 14.8 38 20 M M 0 51 10
20 62 35 49 -16 16 0 0.07 M M 14.2 33 20 M M 5 1 44 30
21 46 32 39 -27 26 0 0.16 M M 7.2 17 270 M M 10 1 20 280
22 67 37 52 -14 13 0 0.00 M M 11.3 25 160 M M 7 31 160
23 64 47 56 -10 9 0 0.11 M M 12.8 23 160 M M 6 1 31 140
24 54 40 47 -20 18 0 0.43 M M 9.6 17 40 M M 7 1 21 30
25 72 39 56 -11 9 0 0.00 M M 12.8 26 340 M M 2 37 360
26 84 43 64 -4 1 0 0.00 M M 6.1 15 190 M M 0 20 180
27 94 52 73 5 0 8 0.00 M M 9.0 25 330 M M 0 35 330
28 92 53 73 5 0 8 0.00 M M 10.8 30 230 M M 0 42 250
29 89 57 73 4 0 8 0.00 M M 10.4 43 330 M M 0 54 320
30 79 50 65 -4 0 0 0.00 M M 12.5 30 300 M M 0 40 300
31 76 47 62 -7 3 0 0.00 M M 11.9 31 20 M M 3 41 20
================================================================================
SM 2454 1417 159 89 1.31 M 377.0 M 59
================================================================================
AV 79.2 45.7 12.2 FASTST M M 2 MAX(MPH)
MISC ----> 47 210 65 210
================================================================================
NOTES:
# LAST OF SEVERAL OCCURRENCES
COLUMN 17 PEAK WIND IN M.P.H.
PRELIMINARY LOCAL CLIMATOLOGICAL DATA (WS FORM: F-6) , PAGE 2
STATION: LA JUNTA CO
MONTH: MAY
YEAR: 2022
LATITUDE: 38 2 N
LONGITUDE: 103 31 W
[TEMPERATURE DATA] [PRECIPITATION DATA] SYMBOLS USED IN COLUMN 16
AVERAGE MONTHLY: 62.4 TOTAL FOR MONTH: 1.31 1 = FOG OR MIST
DPTR FM NORMAL: -1.0 DPTR FM NORMAL: -0.28 2 = FOG REDUCING VISIBILITY
HIGHEST: 94 ON 27,17 GRTST 24HR 0.54 ON 23-24 TO 1/4 MILE OR LESS
LOWEST: 32 ON 21, 1 3 = THUNDER
SNOW, ICE PELLETS, HAIL 4 = ICE PELLETS
TOTAL MONTH: M 5 = HAIL
GRTST 24HR M ON M 6 = FREEZING RAIN OR DRIZZLE
GRTST DEPTH: M ON M 7 = DUSTSTORM OR SANDSTORM:
VSBY 1/2 MILE OR LESS
8 = SMOKE OR HAZE
[NO. OF DAYS WITH] [WEATHER - DAYS WITH] 9 = BLOWING SNOW
X = TORNADO
MAX 32 OR BELOW: 0 0.01 INCH OR MORE: 7
MAX 90 OR ABOVE: 7 0.10 INCH OR MORE: 4
MIN 32 OR BELOW: 2 0.50 INCH OR MORE: 0
MIN 0 OR BELOW: 0 1.00 INCH OR MORE: 0
[HDD (BASE 65) ]
TOTAL THIS MO. 159 CLEAR (SCALE 0-3) 23
DPTR FM NORMAL 30 PTCLDY (SCALE 4-7) 7
TOTAL FM JUL 1 4417 CLOUDY (SCALE 8-10) 1
DPTR FM NORMAL -609
[CDD (BASE 65) ]
TOTAL THIS MO. 89
DPTR FM NORMAL 9 [PRESSURE DATA]
TOTAL FM JAN 1 100 HIGHEST SLP 30.38 ON 22
DPTR FM NORMAL 12 LOWEST SLP 29.13 ON 29
[REMARKS]
#FINAL-05-22#