000
CDUS44 KCRP 110000
CLILRD

CLIMATE REPORT
NATIONAL WEATHER SERVICE CORPUS CHRISTI TX
559 PM CST TUE DEC 10 2019

...................................

...THE LAREDO CLIMATE SUMMARY FOR DECEMBER 10 2019...
VALID AS OF 556 PM LOCAL TIME.

CLIMATE NORMAL PERIOD 1981 TO 2010
CLIMATE RECORD PERIOD 1900 TO 2019


WEATHER ITEM   OBSERVED TIME   RECORD YEAR NORMAL DEPARTURE LAST
                VALUE   (LST)  VALUE       VALUE  FROM      YEAR
                                                  NORMAL
..................................................................
TEMPERATURE (F)
 TODAY
  MAXIMUM         69    300 AM  92    1939  68      1       63
  MINIMUM         54    600 PM  20    1978  47      7       39
  AVERAGE         62                        58      4       51

PRECIPITATION (IN)
  TODAY            0.00          1.89 2011   0.03  -0.03     0.00
  MONTH TO DATE    0.00                      0.25  -0.25     1.24
  SINCE DEC 1      0.00                      0.25  -0.25     1.24
  SINCE JAN 1      5.94                     19.57 -13.63    15.61

SNOWFALL (IN)
  TODAY            0.0          MM      MM   0.0    0.0      0.0
  MONTH TO DATE    0.0                       0.0    0.0      0.0
  SINCE DEC 1      0.0                       0.0    0.0      0.0
  SINCE JUL 1      0.0                       0.0    0.0      0.0
  SNOW DEPTH       0

DEGREE DAYS
 HEATING
  TODAY            3                         8     -5       14
  MONTH TO DATE   13                        75    -62       61
  SINCE DEC 1     13                        75    -62       61
  SINCE JUL 1    165                       190    -25      274

 COOLING
  TODAY            0                         1     -1        0
  MONTH TO DATE   25                        14     11        9
  SINCE DEC 1     25                        14     11        9
  SINCE JAN 1   4844                      4269    575     4615
..................................................................


WIND (MPH)
  HIGHEST WIND SPEED    MM   HIGHEST WIND DIRECTION    MM
  HIGHEST GUST SPEED    MM   HIGHEST GUST DIRECTION    MM


SKY COVER
  POSSIBLE SUNSHINE  MM
  AVERAGE SKY COVER 1.0


WEATHER CONDITIONS
 THE FOLLOWING WEATHER WAS RECORDED TODAY.
  NO SIGNIFICANT WEATHER WAS OBSERVED.


RELATIVE HUMIDITY (PERCENT)
 HIGHEST    87          1200 AM
 LOWEST     52           600 AM
 AVERAGE    70

..........................................................


THE LAREDO CLIMATE NORMALS FOR TOMORROW
                         NORMAL    RECORD    YEAR
 MAXIMUM TEMPERATURE (F)   68        92      1987
 MINIMUM TEMPERATURE (F)   47        24      1916


SUNRISE AND SUNSET
DECEMBER 10 2019......SUNRISE   717 AM CST   SUNSET   544 PM CST
DECEMBER 11 2019......SUNRISE   718 AM CST   SUNSET   544 PM CST


-  INDICATES NEGATIVE NUMBERS.
R  INDICATES RECORD WAS SET OR TIED.
MM INDICATES DATA IS MISSING.
T  INDICATES TRACE AMOUNT.




$$
