000
CDUS44 KCRP 250036
CLILRD

CLIMATE REPORT
NATIONAL WEATHER SERVICE CORPUS CHRISTI TX
636 PM CST WED FEB 24 2021

...................................

...THE LAREDO CLIMATE SUMMARY FOR FEBRUARY 24 2021...
VALID TODAY AS OF 0600 PM LOCAL TIME.

CLIMATE NORMAL PERIOD 1981 TO 2010
CLIMATE RECORD PERIOD 1900 TO 2021


WEATHER ITEM   OBSERVED TIME   RECORD YEAR NORMAL DEPARTURE LAST
                VALUE   (LST)  VALUE       VALUE  FROM      YEAR
                                                  NORMAL
...................................................................
TEMPERATURE (F)
 TODAY
  MAXIMUM         91        MM  98    1917  74     17       83
  MINIMUM         61        MM  31    1968  52      9       61
  AVERAGE         76                        63     13       72

PRECIPITATION (IN)
  TODAY            0.00          2.25 2004   0.03  -0.03     0.00
  MONTH TO DATE    0.14                      0.78  -0.64     0.10
  SINCE DEC 1      0.74                      2.56  -1.82     0.73
  SINCE JAN 1      0.60                      1.68  -1.08     0.41

SNOWFALL (IN)
  TODAY            0.0          MM      MM   0.0    0.0      0.0
  MONTH TO DATE    T                         0.0    0.0      0.0
  SINCE DEC 1      T                         0.0    0.0      0.0
  SINCE JUL 1      T                         0.0    0.0      0.0
  SNOW DEPTH      MM

DEGREE DAYS
 HEATING
  TODAY            0                         4     -4        0
  MONTH TO DATE  285                       148    137      118
  SINCE DEC 1    740                       712     28      402
  SINCE JUL 1    792                       827    -35      554

 COOLING
  TODAY           11                         3      8        7
  MONTH TO DATE   50                        46      4       74
  SINCE DEC 1    127                       109     18      195
  SINCE JAN 1     86                        74     12      137
...................................................................


WIND (MPH)
  HIGHEST WIND SPEED    MM   HIGHEST WIND DIRECTION    MM
  HIGHEST GUST SPEED    MM   HIGHEST GUST DIRECTION    MM


SKY COVER
  POSSIBLE SUNSHINE  MM
  AVERAGE SKY COVER 0.2


WEATHER CONDITIONS
THE FOLLOWING WEATHER WAS RECORDED TODAY.
  FOG


RELATIVE HUMIDITY (PERCENT)
 HIGHEST    97           500 AM
 LOWEST     40           500 PM
 AVERAGE    69

..........................................................


THE LAREDO CLIMATE NORMALS FOR TOMORROW
                         NORMAL    RECORD    YEAR
 MAXIMUM TEMPERATURE (F)   75        99      1917
 MINIMUM TEMPERATURE (F)   53        26      1960


SUNRISE AND SUNSET
FEBRUARY 24 2021......SUNRISE   707 AM CST   SUNSET   636 PM CST
FEBRUARY 25 2021......SUNRISE   706 AM CST   SUNSET   636 PM CST


-  INDICATES NEGATIVE NUMBERS.
R  INDICATES RECORD WAS SET OR TIED.
MM INDICATES DATA IS MISSING.
T  INDICATES TRACE AMOUNT.




$$
