000
CDUS44 KCRP 110041
CLILRD

CLIMATE REPORT
NATIONAL WEATHER SERVICE CORPUS CHRISTI TX
738 PM CDT MON AUG 10 2020


...................................

...THE LAREDO CLIMATE SUMMARY FOR AUGUST 10 2020...
VALID TODAY AS OF 700 PM LOCAL TIME.

CLIMATE NORMAL PERIOD 1981 TO 2010
CLIMATE RECORD PERIOD 1900 TO 2020


WEATHER ITEM   OBSERVED TIME   RECORD YEAR NORMAL DEPARTURE LAST
                VALUE   (LST)  VALUE       VALUE  FROM      YEAR
                                                  NORMAL
..................................................................
TEMPERATURE (F)
 TODAY
  MAXIMUM        100        MM 109    1997 101     -1      107
  MINIMUM         77    600 AM  65    1908  77      0       81
  AVERAGE         89                        89      0       94

PRECIPITATION (IN)
  TODAY            0.00          3.92 1980   0.05  -0.05     0.00
  MONTH TO DATE    0.89                      0.38   0.51      T
  SINCE JUN 1      4.05                      4.62  -0.57     1.53
  SINCE JAN 1     11.21                     11.49  -0.28     7.75

SNOWFALL (IN)
  TODAY            0.0          MM      MM   0.0    0.0      0.0
  MONTH TO DATE    0.0                       0.0    0.0      0.0
  SINCE JUN 1      0.0                       0.0    0.0      0.0
  SINCE JUL 1      0.0                       0.0    0.0      0.0
  SNOW DEPTH       0

DEGREE DAYS
 HEATING
  TODAY            0                         0      0        0
  MONTH TO DATE    0                         0      0        0
  SINCE JUN 1      0                         0      0        0
  SINCE JUL 1      0                         0      0        0

 COOLING
  TODAY           24                        24      0       29
  MONTH TO DATE  226                       240    -14      279
  SINCE JUN 1   1634                      1613     21     1819
  SINCE JAN 1   3035                      2756    279     3037
..................................................................


WIND (MPH)
  HIGHEST WIND SPEED    MM   HIGHEST WIND DIRECTION    MM
  HIGHEST GUST SPEED    MM   HIGHEST GUST DIRECTION    MM


SKY COVER
  POSSIBLE SUNSHINE  MM
  AVERAGE SKY COVER 0.0


WEATHER CONDITIONS
 THE FOLLOWING WEATHER WAS RECORDED TODAY.
  NO SIGNIFICANT WEATHER WAS OBSERVED.


RELATIVE HUMIDITY (PERCENT)
 HIGHEST    79           300 AM
 LOWEST     35           500 PM
 AVERAGE    57

..........................................................


THE LAREDO CLIMATE NORMALS FOR TOMORROW
                         NORMAL    RECORD    YEAR
 MAXIMUM TEMPERATURE (F)  101       113      1936
 MINIMUM TEMPERATURE (F)   77        60      1918


SUNRISE AND SUNSET
AUGUST 10 2020........SUNRISE   706 AM CDT   SUNSET   820 PM CDT
AUGUST 11 2020........SUNRISE   707 AM CDT   SUNSET   819 PM CDT


-  INDICATES NEGATIVE NUMBERS.
R  INDICATES RECORD WAS SET OR TIED.
MM INDICATES DATA IS MISSING.
T  INDICATES TRACE AMOUNT.




$$
