000
CDUS44 KCRP 180725
CLILRD

CLIMATE REPORT
NATIONAL WEATHER SERVICE CORPUS CHRISTI TX
223 AM CDT SUN AUG 18 2019


...................................

...THE LAREDO CLIMATE SUMMARY FOR AUGUST 17 2019...

CLIMATE NORMAL PERIOD 1981 TO 2010
CLIMATE RECORD PERIOD 1900 TO 2019


WEATHER ITEM   OBSERVED TIME   RECORD YEAR NORMAL DEPARTURE LAST
                VALUE   (LST)  VALUE       VALUE  FROM      YEAR
                                                  NORMAL
..................................................................
TEMPERATURE (F)
 YESTERDAY
  MAXIMUM        107        MM 109    1997 100      7      105
  MINIMUM         80        MM  60    1908  77      3       79
  AVERAGE         94                        89      5       92

PRECIPITATION (IN)
  YESTERDAY        0.00          1.14 2008   0.06  -0.06     0.00
  MONTH TO DATE    T                         0.73  -0.73     0.06
  SINCE JUN 1      0.68                      4.97  -4.29     0.77
  SINCE JAN 1      3.77                     11.84  -8.07     3.32

SNOWFALL (IN)
  YESTERDAY        0.0          MM      MM   0.0    0.0      0.0
  MONTH TO DATE    0.0                       0.0    0.0      0.0
  SINCE JUN 1      0.0                       0.0    0.0      0.0
  SINCE JUL 1      0.0                       0.0    0.0      0.0
  SNOW DEPTH       0

DEGREE DAYS
 HEATING
  YESTERDAY        0                         0      0        0
  MONTH TO DATE    0                         0      0        0
  SINCE JUN 1      0                         0      0        0
  SINCE JUL 1      0                         0      0        0

 COOLING
  YESTERDAY       29                        24      5       27
  MONTH TO DATE  484                       408     76      426
  SINCE JUN 1   2024                      1781    243     1947
  SINCE JAN 1   3242                      2924    318     3308
..................................................................


WIND (MPH)
  HIGHEST WIND SPEED    MM   HIGHEST WIND DIRECTION    MM
  HIGHEST GUST SPEED    MM   HIGHEST GUST DIRECTION    MM
  AVERAGE WIND SPEED    MM


SKY COVER
  POSSIBLE SUNSHINE  MM
  AVERAGE SKY COVER 0.0


WEATHER CONDITIONS
 THE FOLLOWING WEATHER WAS RECORDED YESTERDAY.
  NO SIGNIFICANT WEATHER WAS OBSERVED.


RELATIVE HUMIDITY (PERCENT)
 HIGHEST    79           500 AM
 LOWEST     23           300 PM
 AVERAGE    51

..........................................................


THE LAREDO CLIMATE NORMALS FOR TODAY
                         NORMAL    RECORD    YEAR
 MAXIMUM TEMPERATURE (F)  100       110      1909
 MINIMUM TEMPERATURE (F)   77        61      1908


SUNRISE AND SUNSET
AUGUST 18 2019........SUNRISE   710 AM CDT   SUNSET   813 PM CDT
AUGUST 19 2019........SUNRISE   711 AM CDT   SUNSET   812 PM CDT


-  INDICATES NEGATIVE NUMBERS.
R  INDICATES RECORD WAS SET OR TIED.
MM INDICATES DATA IS MISSING.
T  INDICATES TRACE AMOUNT.




$$
