000
CXUS54 KCRP 011635 RRA
CLMLRD

CLIMATE REPORT
NATIONAL WEATHER SERVICE CORPUS CHRISTI TX
1115 AM CDT WED JUL 1 2020

...................................

...THE LAREDO CLIMATE SUMMARY FOR THE MONTH OF JUNE 2020...

CLIMATE NORMAL PERIOD 1981 TO 2010
CLIMATE RECORD PERIOD 1900 TO 2020

WEATHER         OBSERVED          NORMAL  DEPART  LAST YEAR`S
                 VALUE   DATE(S)  VALUE   FROM    VALUE  DATE(S)
                                          NORMAL
................................................................
TEMPERATURE (F)
RECORD
 HIGH             115   06/11/1942
 LOW               56   06/02/1907
HIGHEST           103   06/22       101       2      111  06/09
LOWEST             67   06/14        73      -6       72  06/12
AVG. MAXIMUM     96.4              98.1    -1.7    101.6
AVG. MINIMUM     75.0              75.9    -0.9     77.6
MEAN             85.7              87.0    -1.3     89.6
DAYS MAX >= 90     29              28.1     0.9       30
DAYS MAX <= 32      0               0.0     0.0        0
DAYS MIN <= 32      0               0.0     0.0        0
DAYS MIN <= 0       0               0.0     0.0        0

PRECIPITATION (INCHES)
RECORD
 MAXIMUM        12.29   1973
 MINIMUM         0.00   1980
TOTALS           1.92              2.23   -0.31     1.53
DAILY AVG.       0.08              0.07    0.01     0.05
DAYS >= .01         3               5.1    -2.1        3
DAYS >= .10         3               3.1    -0.1        2
DAYS >= .50         1               1.5    -0.5        1
DAYS >= 1.00        1               0.7     0.3        1
GREATEST
 24 HR. TOTAL    1.51   06/10 TO 06/10

SNOWFALL (INCHES)
RECORDS
 TOTAL             MM   MM
 24 HR TOTAL       MM
TOTALS            0.0                MM      MM      0.0
SINCE 7/1         0.0               0.0     0.0      0.0
SNOWDEPTH AVG.      0                MM      MM        0
DAYS >= 1.0         0                MM      MM
GREATEST
 SNOW DEPTH         0   MM                             0
 24 HR TOTAL      0.0   06/30 TO 06/30               0.0

DEGREE_DAYS
HEATING TOTAL       0                 0       0        0
 SINCE 7/1        610               926    -316      911
COOLING TOTAL     631               660     -29      746
 SINCE 1/1       2032              1803     229     1964
.................................................................

WIND (MPH)
AVERAGE WIND SPEED              MM
HIGHEST WIND SPEED/DIRECTION    MM        DATE   MM
HIGHEST GUST SPEED/DIRECTION    MM        DATE   MM

SKY COVER
AVERAGE SKY COVER           0.20

AVERAGE RH (PERCENT)     65

WEATHER CONDITIONS. NUMBER OF DAYS WITH

THUNDERSTORM              4     MIXED PRECIP                0
HEAVY RAIN                1     RAIN                        2
LIGHT RAIN                4     FREEZING RAIN               0
LT FREEZING RAIN          0     HAIL                        0
HEAVY SNOW                0     SNOW                        0
LIGHT SNOW                0     SLEET                       0
FOG                       4     FOG W/VIS <= 1/4 MILE       0
HAZE                      4

-  INDICATES NEGATIVE NUMBERS.
R  INDICATES RECORD WAS SET OR TIED.
MM INDICATES DATA IS MISSING.
T  INDICATES TRACE AMOUNT.

$$
