000
CXUS54 KCRP 011742
CLMLRD

CLIMATE REPORT
NATIONAL WEATHER SERVICE CORPUS CHRISTI TX
1215 PM CDT FRI NOV 1 2019

...................................

...THE LAREDO CLIMATE SUMMARY FOR THE MONTH OF OCTOBER 2019...

CLIMATE NORMAL PERIOD 1981 TO 2010
CLIMATE RECORD PERIOD 1900 TO 2019

WEATHER         OBSERVED          NORMAL  DEPART  LAST YEAR`S
                 VALUE   DATE(S)  VALUE   FROM    VALUE  DATE(S)
                                          NORMAL
................................................................
TEMPERATURE (F)
RECORD
 HIGH             107   10/11/1926
 LOW               28   10/31/1993
HIGHEST           101   10/10        91      10       93  10/14
                                                          10/06
                                                          10/05
LOWEST             44   10/31        58     -14       46  10/15
AVG. MAXIMUM     88.7              86.3     2.4     81.0
AVG. MINIMUM     65.3              65.2     0.1     65.5
MEAN             77.0              75.8     1.2     73.2
DAYS MAX >= 90     19              10.7     8.3       11
DAYS MAX <= 32      0               0.0     0.0        0
DAYS MIN <= 32      0               0.0     0.0        0
DAYS MIN <= 0       0               0.0     0.0        0

PRECIPITATION (INCHES)
RECORD
 MAXIMUM         9.27   1971
 MINIMUM         0.00   1979
              1901
TOTALS           0.71              2.21   -1.50     1.15
DAILY AVG.       0.02              0.07   -0.05     0.04
DAYS >= .01         5               4.4     0.6        9
DAYS >= .10         3               2.6     0.4        4
DAYS >= .50         0               1.2    -1.2        0
DAYS >= 1.00        0               0.7    -0.7        0
GREATEST
 24 HR. TOTAL    0.35   10/16 TO 10/16

SNOWFALL (INCHES)
RECORDS
 TOTAL            0.0   MM
 24 HR TOTAL      0.0
TOTALS            0.0                MM      MM      0.0
SINCE 7/1         0.0               0.0     0.0      0.0
SNOWDEPTH AVG.      0                MM      MM        0
DAYS >= 1.0         0                MM      MM
GREATEST
 SNOW DEPTH         0   MM                             0
 24 HR TOTAL      0.0   MM                           0.0

DEGREE_DAYS
HEATING TOTAL      28                11      17       52
 SINCE 7/1         28                12      16       52
COOLING TOTAL     409               344      65      314
 SINCE 1/1       4707              4129     578     4519
.................................................................

WIND (MPH)
AVERAGE WIND SPEED              MM
HIGHEST WIND SPEED/DIRECTION    MM
HIGHEST GUST SPEED/DIRECTION    MM

SKY COVER
AVERAGE SKY COVER           0.30

AVERAGE RH (PERCENT)     60

WEATHER CONDITIONS. NUMBER OF DAYS WITH
THUNDERSTORM              0     MIXED PRECIP                0
HEAVY RAIN                0     RAIN                        2
LIGHT RAIN                7     FREEZING RAIN               0
LT FREEZING RAIN          0     HAIL                        0
HEAVY SNOW                0     SNOW                        0
LIGHT SNOW                0     SLEET                       0
FOG                       4     FOG W/VIS <= 1/4 MILE       0
HAZE                      0

-  INDICATES NEGATIVE NUMBERS.
R  INDICATES RECORD WAS SET OR TIED.
MM INDICATES DATA IS MISSING.
T  INDICATES TRACE AMOUNT.

$$

KW!
