000
CXUS54 KCRP 011955
CLMLRD

CLIMATE REPORT
NATIONAL WEATHER SERVICE CORPUS CHRISTI TX
125 PM CST MON FEB 01 2021

...................................

...THE LAREDO CLIMATE SUMMARY FOR THE MONTH OF JANUARY 2021...

CLIMATE NORMAL PERIOD 1981 TO 2010
CLIMATE RECORD PERIOD 1900 TO 2021

WEATHER         OBSERVED          NORMAL  DEPART   LAST YEAR`S
                VALUE   DATE(S)   VALUE   FROM     VALUE DATE(S)
                                          NORMAL
................................................................
TEMPERATURE (F)
RECORD
 HIGH             98   01/17/1936
                       01/18/1914
 LOW              15   01/12/1909
HIGHEST           85   01/26         69      16       87  01/10
                       01/30
LOWEST            29   01/13         43     -14       42  01/04
AVG. MAXIMUM    70.8               67.0     3.8     72.5
AVG. MINIMUM    45.4               46.1    -0.7     52.5
MEAN            58.1               56.5     1.6     62.5
DAYS MAX >= 90     0                0.1    -0.1        0
DAYS MAX <= 32     0                0.0     0.0        0
DAYS MIN <= 32     5                2.0     3.0        0
DAYS MIN <= 0      0                0.0     0.0        0

PRECIPITATION (INCHES)
RECORD
 MAXIMUM        5.25   1958
 MINIMUM        0.00   1914
                       1912
                       1909
TOTALS          0.46               0.90   -0.44     0.31
DAILY AVG.      0.01               0.03   -0.02     0.01
DAYS >= .01        4                5.9    -1.9        5
DAYS >= .10        3                2.2     0.8        1
DAYS >= .50        0                0.5    -0.5        0
DAYS >= 1.00       0                0.1    -0.1        0
GREATEST
 24 HR. TOTAL   0.16   01/10 TO 01/10               0.24  01/17 TO 01/17
 STORM TOTAL    0.16

SNOWFALL (INCHES)
RECORDS
 TOTAL            MM   MM
 24 HR TOTAL      MM
TOTALS           0.0                 MM      MM      0.0
SINCE 7/1        0.0                0.0     0.0       MM
SNOWDEPTH AVG.     0                                   0
DAYS >= 1.0        0                 MM      MM
GREATEST
 SNOW DEPTH        0                                   0
 24 HR TOTAL      MM                                 0.0

DEGREE DAYS
HEATING TOTAL    244                289     -45      133
 SINCE 7/1       507                680    -173      436
COOLING TOTAL     36                 28       8       63
 SINCE 1/1        36                 28       8       63
................................................................

WIND (MPH)
AVERAGE WIND SPEED              MM
HIGHEST WIND SPEED/DIRECTION    MM        DATE   MM
HIGHEST GUST SPEED/DIRECTION    MM        DATE   MM

SKY COVER
AVERAGE SKY COVER           0.29

AVERAGE RH (PERCENT)     65

WEATHER CONDITIONS. NUMBER OF DAYS WITH
THUNDERSTORM              0     MIXED PRECIP               0
HEAVY RAIN                0     RAIN                       1
LIGHT RAIN                4     FREEZING RAIN              0
LT FREEZING RAIN          0     HAIL                       0
HEAVY SNOW                0     SNOW                       0
LIGHT SNOW                0     SLEET                      0
FOG                       9     FOG W/VIS <= 1/4 MILE      2
HAZE                      1

-  INDICATES NEGATIVE NUMBERS.
R  INDICATES RECORD WAS SET OR TIED.
MM INDICATES DATA IS MISSING.
T  INDICATES TRACE AMOUNT.

$$

ANM
