000
CXUS53 KARX 120117
CF6LSE
PRELIMINARY LOCAL CLIMATOLOGICAL DATA (WS FORM: F-6)
STATION: LA CROSSE WI
MONTH: OCTOBER
YEAR: 2020
LATITUDE: 43 52 N
LONGITUDE: 91 15 W
TEMPERATURE IN F: :PCPN: SNOW: WIND :SUNSHINE: SKY :PK WND
================================================================================
1 2 3 4 5 6A 6B 7 8 9 10 11 12 13 14 15 16 17 18
12Z AVG MX 2MIN
DY MAX MIN AVG DEP HDD CDD WTR SNW DPTH SPD SPD DIR MIN PSBL S-S WX SPD DR
================================================================================
1 59 40 50 -6 15 0 0.11 0.0 0 10.8 23 330 M M 7 30 330
2 54 36 45 -11 20 0 0.00 0.0 0 3.7 13 320 M M 6 18 19 320
3 53 38 46 -9 19 0 0.00 0.0 0 4.9 12 350 M M 8 17 20
4 57 32 45 -10 20 0 0.00 0.0 0 4.8 12 160 M M 1 21 260
5 70 42 56 2 9 0 0.00 0.0 0 14.0 28 170 M M 0 39 180
6 79 49 64 10 1 0 0.00 0.0 0 8.3 21 230 M M 0 28 230
7 74 45 60 6 5 0 0.00 0.0 0 6.3 22 320 M M 1 29 300
8 69 38 54 1 11 0 0.00 0.0 0 3.6 12 160 M M 0 18 15 170
9 85 57 71 18 0 6 0.00 0.0 0 10.5 26 180 M M 1 34 170
10 71 50 61 9 4 0 0.00 0.0 0 5.8 13 110 M M 0 1 20 320
11 69 45 57 5 8 0 0.00 0.0 0 8.3 16 150 M M 3 23 140
12 71 49 60 8 5 0 0.58 0.0 0 13.3 25 280 M M 5 13 34 160
13 66 46 56 5 9 0 T 0.0 0 12.7 25 280 M M 2 35 180
14 65 47 56 5 9 0 T 0.0 0 16.0 35 280 M M 5 45 290
15 52 38 45 -5 20 0 T 0.0 0 13.7 26 310 M M 4 37 310
16 53 35 44 -6 21 0 0.04 0.0 0 9.9 26 290 M M 2 38 290
17 67 37 52 2 13 0 0.01 0.0 0 14.9 28 220 M M 7 36 230
18 46 30 38 -11 27 0 0.00 0.0 0 9.5 22 330 M M 4 28 350
19 38 26 32 -17 33 0 0.00 0.0 0 2.9 8 360 M M 8 10 360
20 41 28 35 -14 30 0 0.15 T 0 4.2 14 130 M M 7 1 19 130
21 43 33 38 -10 27 0 0.00 0.0 0 6.5 18 280 M M 6 1 24 270
22 40 34 37 -11 28 0 0.54 T 0 8.6 16 40 M M 10 13 28 30
23 41 36 39 -9 26 0 0.03 0.0 0 13.5 21 320 M M 10 1 27 310
24 38 28 33 -14 32 0 0.00 0.0 0 7.8 14 340 M M 5 17 310
25 35 29 32 -15 33 0 0.14 2.0 0 8.1 15 320 M M 10 1 18 320
26 34 23 29 -17 36 0 0.01 0.3 2 6.5 14 310 M M 6 1 17 300
27 38 22 30 -16 35 0 0.00 0.0 0 5.7 15 210 M M 0 21 170
28 57 31 44 -2 21 0 0.00 0.0 0 8.6 16 200 M M 1 23 230
29 43 28 36 -9 29 0 T 0.0 0 8.2 14 340 M M 9 20 20
30 47 26 37 -8 28 0 0.00 0.0 0 3.0 12 160 M M 3 14 180
31 62 35 49 5 16 0 0.00 0.0 0 17.9 36 310 M M 2 54 290
================================================================================
SM 1717 1133 590 6 1.61 2.3 272.5 M 133
================================================================================
AV 55.4 36.6 8.8 FASTST M M 4 MAX(MPH)
MISC ----> # 36 310 # 54 290
================================================================================
NOTES:
# LAST OF SEVERAL OCCURRENCES
COLUMN 17 PEAK WIND IN M.P.H.
PRELIMINARY LOCAL CLIMATOLOGICAL DATA (WS FORM: F-6) , PAGE 2
STATION: LA CROSSE WI
MONTH: OCTOBER
YEAR: 2020
LATITUDE: 43 52 N
LONGITUDE: 91 15 W
[TEMPERATURE DATA] [PRECIPITATION DATA] SYMBOLS USED IN COLUMN 16
AVERAGE MONTHLY: 46.0 TOTAL FOR MONTH: 1.61 1 = FOG OR MIST
DPTR FM NORMAL: -4.2 DPTR FM NORMAL: -0.56 2 = FOG REDUCING VISIBILITY
HIGHEST: 85 ON 9 GRTST 24HR 0.58 ON 12-12 TO 1/4 MILE OR LESS
LOWEST: 22 ON 27 3 = THUNDER
SNOW, ICE PELLETS, HAIL 4 = ICE PELLETS
TOTAL MONTH: 2.3 INCHES 5 = HAIL
GRTST 24HR 2.0 ON 25-25 6 = FREEZING RAIN OR DRIZZLE
GRTST DEPTH: 2 ON 26 7 = DUSTSTORM OR SANDSTORM:
VSBY 1/2 MILE OR LESS
8 = SMOKE OR HAZE
[NO. OF DAYS WITH] [WEATHER - DAYS WITH] 9 = BLOWING SNOW
X = TORNADO
MAX 32 OR BELOW: 0 0.01 INCH OR MORE: 9
MAX 90 OR ABOVE: 0 0.10 INCH OR MORE: 5
MIN 32 OR BELOW: 11 0.50 INCH OR MORE: 2
MIN 0 OR BELOW: 0 1.00 INCH OR MORE: 0
[HDD (BASE 65) ]
TOTAL THIS MO. 590 CLEAR (SCALE 0-3) 14
DPTR FM NORMAL 122 PTCLDY (SCALE 4-7) 13
TOTAL FM JUL 1 705 CLOUDY (SCALE 8-10) 4
DPTR FM NORMAL 77
[CDD (BASE 65) ]
TOTAL THIS MO. 6
DPTR FM NORMAL -2 [PRESSURE DATA]
TOTAL FM JAN 1 1029 HIGHEST SLP 30.44 ON 26
DPTR FM NORMAL 247 LOWEST SLP 29.43 ON 14
[REMARKS]
#FINAL-10-20#