000
CDUS42 KFFC 200838
CLIMCN


CLIMATE REPORT
NATIONAL WEATHER SERVICE PEACHTREE CITY GA
437 AM EDT FRI SEP 20 2019


...................................

...THE MACON CLIMATE SUMMARY FOR SEPTEMBER 19 2019...

CLIMATE NORMAL PERIOD 1981 TO 2010
CLIMATE RECORD PERIOD 1899 TO 2019


WEATHER ITEM   OBSERVED TIME   RECORD YEAR NORMAL DEPARTURE LAST
                VALUE   (LST)  VALUE       VALUE  FROM      YEAR
                                                  NORMAL
..................................................................
TEMPERATURE (F)
 YESTERDAY
  MAXIMUM         87    332 PM 101    1925  85      2       98
  MINIMUM         59   1158 PM  45    1981  63     -4       68
  AVERAGE         73                        74     -1       83

PRECIPITATION (IN)
  YESTERDAY        0.00          1.67 1953   0.11  -0.11     0.00
  MONTH TO DATE    0.02                      2.41  -2.39     0.18
  SINCE SEP 1      0.02                      2.41  -2.39     0.18
  SINCE JAN 1     27.32                     34.35  -7.03    31.76

DEGREE DAYS
 HEATING
  YESTERDAY        0                         0      0        0
  MONTH TO DATE    0                         0      0        0
  SINCE SEP 1      0                         0      0        0
  SINCE JUL 1      0                         0      0        0

 COOLING
  YESTERDAY        8                         9     -1       18
  MONTH TO DATE  327                       223    104      346
  SINCE SEP 1    327                       223    104      346
  SINCE JAN 1   2387                      1967    420     2246
..................................................................


WIND (MPH)
  RESULTANT WIND SPEED   7   RESULTANT WIND DIRECTION   E (80)
  HIGHEST WIND SPEED    17   HIGHEST WIND DIRECTION    NE (50)
  HIGHEST GUST SPEED    24   HIGHEST GUST DIRECTION    NE (50)
  AVERAGE WIND SPEED     7.3


SKY COVER
  AVERAGE SKY COVER 0.4


WEATHER CONDITIONS
 THE FOLLOWING WEATHER WAS RECORDED YESTERDAY.
  NO SIGNIFICANT WEATHER WAS OBSERVED.


RELATIVE HUMIDITY (PERCENT)
 HIGHEST    78           300 AM
 LOWEST     30           300 PM
 AVERAGE    54

..........................................................


THE MACON CLIMATE NORMALS FOR TODAY
                         NORMAL    RECORD    YEAR
 MAXIMUM TEMPERATURE (F)   85       102      1925
 MINIMUM TEMPERATURE (F)   63        46      1981


SUNRISE AND SUNSET
SEPTEMBER 20 2019.....SUNRISE   721 AM EDT   SUNSET   734 PM EDT
SEPTEMBER 21 2019.....SUNRISE   722 AM EDT   SUNSET   733 PM EDT


-  INDICATES NEGATIVE NUMBERS.
R  INDICATES RECORD WAS SET OR TIED.
MM INDICATES DATA IS MISSING.
T  INDICATES TRACE AMOUNT.




$$
