000
CDUS42 KFFC 260920
CLIMCN


CLIMATE REPORT
NATIONAL WEATHER SERVICE PEACHTREE CITY GA
420 AM EST WED FEB 26 2020


...................................

...THE MACON CLIMATE SUMMARY FOR FEBRUARY 25 2020...

CLIMATE NORMAL PERIOD 1981 TO 2010
CLIMATE RECORD PERIOD 1899 TO 2020


WEATHER ITEM   OBSERVED TIME   RECORD YEAR NORMAL DEPARTURE LAST
                VALUE   (LST)  VALUE       VALUE  FROM      YEAR
                                                  NORMAL
..................................................................
TEMPERATURE (F)
 YESTERDAY
  MAXIMUM         70    218 PM  82    1930  65      5       67
  MINIMUM         53   1236 AM  14    1967  40     13       30
  AVERAGE         62                        52     10       49

PRECIPITATION (IN)
  YESTERDAY        0.23          4.67 1919   0.15   0.08     0.00
  MONTH TO DATE    9.91                      3.90   6.01     1.18
  SINCE DEC 1     22.71                     12.18  10.53    13.59
  SINCE JAN 1     14.04                      8.14   5.90     7.33

SNOWFALL (IN)
  YESTERDAY        0.0           0.0  2002   0.0    0.0      0.0
  MONTH TO DATE    0.0                       0.0    0.0      0.0
  SINCE DEC 1      0.0                       0.5   -0.5      0.0
  SINCE JUL 1      0.0                       0.5   -0.5      0.0
  SNOW DEPTH       0

DEGREE DAYS
 HEATING
  YESTERDAY        3                        13    -10       16
  MONTH TO DATE  298                       383    -85      240
  SINCE DEC 1   1089                      1493   -404     1174
  SINCE JUL 1   1462                      1888   -426     1611

 COOLING
  YESTERDAY        0                         0      0        0
  MONTH TO DATE   14                         0     14        8
  SINCE DEC 1     40                         4     36       16
  SINCE JAN 1     34                         1     33       13
..................................................................


WIND (MPH)
  RESULTANT WIND SPEED   5   RESULTANT WIND DIRECTION   S (190)
  HIGHEST WIND SPEED    16   HIGHEST WIND DIRECTION    SE (150)
  HIGHEST GUST SPEED    21   HIGHEST GUST DIRECTION    SE (150)
  AVERAGE WIND SPEED     6.0


SKY COVER
  AVERAGE SKY COVER 0.6


WEATHER CONDITIONS
 THE FOLLOWING WEATHER WAS RECORDED YESTERDAY.
  RAIN
  LIGHT RAIN
  FOG


RELATIVE HUMIDITY (PERCENT)
 HIGHEST   100          1100 PM
 LOWEST     76           200 PM
 AVERAGE    88

..........................................................


THE MACON CLIMATE NORMALS FOR TODAY
                         NORMAL    RECORD    YEAR
 MAXIMUM TEMPERATURE (F)   65        81      1981
                                             1951
                                             1944
 MINIMUM TEMPERATURE (F)   40        15      1967


SUNRISE AND SUNSET
FEBRUARY 26 2020......SUNRISE   706 AM EST   SUNSET   629 PM EST
FEBRUARY 27 2020......SUNRISE   705 AM EST   SUNSET   630 PM EST


-  INDICATES NEGATIVE NUMBERS.
R  INDICATES RECORD WAS SET OR TIED.
MM INDICATES DATA IS MISSING.
T  INDICATES TRACE AMOUNT.




$$
