000
CXUS52 KMLB 011322
CLMMCO

CLIMATE REPORT
NATIONAL WEATHER SERVICE MELBOURNE FL
922 AM EDT SAT MAY 01 2021

...................................

...THE ORLANDO INTL CLIMATE SUMMARY FOR THE MONTH OF APRIL 2021...

CLIMATE NORMAL PERIOD 1981 TO 2010
CLIMATE RECORD PERIOD 1892 TO 2021

WEATHER         OBSERVED          NORMAL  DEPART   LAST YEAR`S
                VALUE   DATE(S)   VALUE   FROM     VALUE
                                          NORMAL
..............................................................
TEMPERATURE (F)
MONTHLY RECORD
 HOTTEST        78.7   1908
 COLDEST        66.8   1987
DAILY RECORD
 HIGH             99   04/24/1923
 LOW              37   04/02/1919
APRIL 2021
HIGHEST           90   04/13                          97
                       04/29
                       04/30
LOWEST            48   04/02                          55
                       04/03
AVG. MAXIMUM    82.2               82.5    -0.3     85.8
AVG. MINIMUM    61.4               60.0     1.4     65.5
MEAN            71.8               71.2     0.6     75.6
DAYS MAX >= 90     4                2.0     2.0        8
DAYS MAX <= 32     0                0.0     0.0        0
DAYS MIN <= 32     0                0.0     0.0        0
DAYS MIN <= 0      0                0.0     0.0        0

PRECIPITATION (INCHES)
MONTHLY RECORD
 MAXIMUM        9.10   1992
 MINIMUM        0.00   1896
DAIL RECORD
 MAXIMUM        5.13   04/11/1992
APRIL 2021
TOTALS          6.34               2.68    3.66     2.20
DAYS >= .01        7                6.2     0.8        7
DAYS >= .10        6                3.9     2.1        5
DAYS >= .50        3                1.8     1.2        2
DAYS >= 1.00       3                0.6     2.4        0
GREATEST
 24 HR. TOTAL   2.52   04/20 TO 04/20

SNOWFALL (INCHES)
TOTALS           0.0                0.0     0.0      0.0
SINCE 7/1        0.0                0.0     0.0       MM
DAYS >= TRACE      0                                   0

DEGREE DAYS
HEATING TOTAL     15                 12       3        0
 SINCE 7/1       487                569     -82       MM
COOLING TOTAL    225                199      26      326
 SINCE 1/1       576                421     155       MM
..............................................................

WIND (MPH)
AVERAGE WIND SPEED              8.2
HIGHEST WIND SPEED/DIRECTION    36/320    DATE  04/11
HIGHEST GUST SPEED/DIRECTION    53/260    DATE  04/10

SKY COVER
POSSIBLE SUNSHINE (PERCENT)   MM
AVERAGE SKY COVER           0.47
NUMBER OF DAYS FAIR           11
NUMBER OF DAYS PC             15
NUMBER OF DAYS CLOUDY          4

AVERAGE RH (PERCENT)     68

WEATHER CONDITIONS. NUMBER OF DAYS WITH
THUNDERSTORM              6     MIXED PRECIP               0
HEAVY RAIN                6     RAIN                       4
LIGHT RAIN                7     LT FREEZING RAIN           0
HAIL                      0     LIGHT SNOW                 0
SLEET                     0     FOG                       15
FOG W/VIS <= 1/4 MILE     0     HAZE                       2

-  INDICATES NEGATIVE NUMBERS.
R  INDICATES RECORD WAS SET OR TIED.
MM INDICATES DATA IS MISSING.
T  INDICATES TRACE AMOUNT.

$$
