000
CXUS52 KMLB 011320
CLMMCO

CLIMATE REPORT
NATIONAL WEATHER SERVICE MELBOURNE FL
920 AM EDT SUN MAY 01 2022

...................................

...THE ORLANDO INTL CLIMATE SUMMARY FOR THE MONTH OF APRIL 2022...

CLIMATE NORMAL PERIOD 1991 TO 2020
CLIMATE RECORD PERIOD 1892 TO 2022

WEATHER         OBSERVED          NORMAL  DEPART   LAST YEAR`S
                VALUE   DATE(S)   VALUE   FROM     VALUE
                                          NORMAL
..............................................................
TEMPERATURE (F)
MONTHLY RECORD
 WARMEST        78.7   1908
 COOLEST        66.8   1987
DAILY RECORD
 HIGH             99   04/24/1923
 LOW              37   04/02/1919
APRIL 2022
HIGHEST           93   04/06                          90
LOWEST            50   04/10                          48
AVG. MAXIMUM    84.3               83.6     0.7     82.2
AVG. MINIMUM    64.9               60.7     4.2     61.4
MEAN            74.6               72.2     2.4     71.8
DAYS MAX >= 90     4                3.6     0.4        4
DAYS MAX <= 32     0                0.0     0.0        0
DAYS MIN <= 32     0                0.0     0.0        0
DAYS MIN <= 0      0                0.0     0.0        0

PRECIPITATION (INCHES)
MONTHLY RECORD
 MAXIMUM        9.10   1992
 MINIMUM        0.00   1896
DAILY RECORD
 MAXIMUM        5.13   04/11/1992
APRIL 2022
TOTALS          5.20               2.58    2.62     6.34
DAYS >= .01        5                6.3    -1.3        7
DAYS >= .10        5                3.9     1.1        6
DAYS >= .50        4                1.8     2.2        3
DAYS >= 1.00       3                0.6     2.4        3
GREATEST
 24 HR. TOTAL   1.79   03/31 TO 04/01

SNOWFALL (INCHES)
TOTALS           0.0                0.0     0.0      0.0
SINCE 7/1        0.0                0.0     0.0       MM
DAYS >= TRACE      0                                   0

DEGREE DAYS
HEATING TOTAL      2                 10      -8       15
 SINCE 7/1       278                519    -241       MM
COOLING TOTAL    298                224      74      225
 SINCE 1/1       713                464     249       MM
..............................................................

WIND (MPH)
AVERAGE WIND SPEED              9.0
HIGHEST WIND SPEED/DIRECTION    35/280    DATE  04/07
HIGHEST GUST SPEED/DIRECTION    42/280    DATE  04/07
                                42/050          04/15

SKY COVER
POSSIBLE SUNSHINE (PERCENT)   MM
AVERAGE SKY COVER           0.47
NUMBER OF DAYS FAIR            9
NUMBER OF DAYS PC             18
NUMBER OF DAYS CLOUDY          3

AVERAGE RH (PERCENT)     66

WEATHER CONDITIONS. NUMBER OF DAYS WITH
THUNDERSTORM              5     MIXED PRECIP               0
HEAVY RAIN                5     RAIN                       5
LIGHT RAIN                9     LT FREEZING RAIN           0
HAIL                      0     LIGHT SNOW                 0
SLEET                     0     FOG                        8
FOG W/VIS <= 1/4 MILE     0     HAZE                       1

-  INDICATES NEGATIVE NUMBERS.
R  INDICATES RECORD WAS SET OR TIED.
MM INDICATES DATA IS MISSING.
T  INDICATES TRACE AMOUNT.

$$
