000
CXUS54 KMEG 180900
CF6MEM
PRELIMINARY LOCAL CLIMATOLOGICAL DATA (WS FORM: F-6)

                                          STATION:   MEMPHIS
                                          MONTH:     APRIL
                                          YEAR:      2021
                                          LATITUDE:   35  3 N
                                          LONGITUDE:  89 59 W

  TEMPERATURE IN F:       :PCPN:    SNOW:  WIND      :SUNSHINE: SKY     :PK WND
================================================================================
1   2   3   4   5  6A  6B    7    8   9   10  11  12  13   14  15   16   17  18
                                     12Z  AVG MX 2MIN
DY MAX MIN AVG DEP HDD CDD  WTR  SNW DPTH SPD SPD DIR MIN PSBL S-S WX    SPD DR
================================================================================

 1  53  38  46 -13  19   0 0.00  0.0    0 10.8 22 350   M    M   0        29  20
 2  58  35  47 -12  18   0 0.00  0.0    0  4.5 14 100   M    M   0        19  90
 3  67  40  54  -5  11   0 0.00  0.0    0  6.8 15 200   M    M   3        26 210
 4  73  44  59  -1   6   0 0.00  0.0    0  4.6 14 240   M    M   0        21 210
 5  78  50  64   4   1   0 0.00  0.0    0  5.9 16 180   M    M   3        25 200
 6  79  57  68   8   0   3 0.00  0.0    0 10.0 20 180   M    M   3        29 220
 7  78  61  70  10   0   5 0.64  0.0    0 15.8 28 210   M    M   9 13     37 220
 8  71  52  62   1   3   0 0.00  0.0    0 11.9 23 240   M    M   2        33 240
 9  83  57  70   9   0   5 0.01  0.0    0 10.9 22 140   M    M   5 3      31 120
10  71  53  62   1   3   0 0.16  0.0    0 12.2 24 250   M    M   6 13     33 260
11  74  50  62   0   3   0 0.00  0.0    0  9.2 20 300   M    M   0        27 290
12  84  52  68   6   0   3 0.00  0.0    0  4.7 12 230   M    M   1        24  90
13  76  61  69   7   0   4 0.00  0.0    0  7.9 17  40   M    M   6        26 120
14  67  52  60  -2   5   0 0.17  0.0    0  8.6 18  20   M    M   8 1      27  60
15  66  53  60  -3   5   0    T  0.0    0  8.9 20  40   M    M   7        33 340
16  63  53  58  -5   7   0    T  0.0    0  6.7 15  90   M    M  10        21  50
17  63  49  56  -7   9   0    T  0.0    0  7.1 14  10   M    M   8        25 140
================================================================================
SM 1204  857        90  20  0.98  0.0    146.5          M       71
================================================================================
AV 70.8 50.4                               8.6 FASTST   M    M   4    MAX(MPH)
                                 MISC ---->    28 210                 37 220
================================================================================
NOTES:
# LAST OF SEVERAL OCCURRENCES

COLUMN 17 PEAK WIND IN M.P.H.

PRELIMINARY LOCAL CLIMATOLOGICAL DATA (WS FORM: F-6) , PAGE 2

                                          STATION:   MEMPHIS
                                          MONTH:     APRIL
                                          YEAR:      2021
                                          LATITUDE:   35  3 N
                                          LONGITUDE:  89 59 W

[TEMPERATURE DATA]      [PRECIPITATION DATA]       SYMBOLS USED IN COLUMN 16

AVERAGE MONTHLY: 60.6   TOTAL FOR MONTH:   0.98    1 = FOG OR MIST
DPTR FM NORMAL:  -0.4   DPTR FM NORMAL:   -2.09    2 = FOG REDUCING VISIBILITY
HIGHEST:    84 ON 12    GRTST 24HR  0.64 ON  7- 7      TO 1/4 MILE OR LESS
LOWEST:     35 ON  2                               3 = THUNDER
                        SNOW, ICE PELLETS, HAIL    4 = ICE PELLETS
                        TOTAL MONTH:   0.0 INCH    5 = HAIL
                        GRTST 24HR  0.0            6 = FREEZING RAIN OR DRIZZLE
                        GRTST DEPTH:  0            7 = DUSTSTORM OR SANDSTORM:
                                                       VSBY 1/2 MILE OR LESS
                                                   8 = SMOKE OR HAZE
[NO. OF DAYS WITH]      [WEATHER - DAYS WITH]      9 = BLOWING SNOW
                                                   X = TORNADO
MAX 32 OR BELOW:   0    0.01 INCH OR MORE:   4
MAX 90 OR ABOVE:   0    0.10 INCH OR MORE:   3
MIN 32 OR BELOW:   0    0.50 INCH OR MORE:   1
MIN  0 OR BELOW:   0    1.00 INCH OR MORE:   0

[HDD (BASE 65) ]
TOTAL THIS MO.    90    CLEAR  (SCALE 0-3)   9
DPTR FM NORMAL   -10    PTCLDY (SCALE 4-7)   5
TOTAL FM JUL 1  2782    CLOUDY (SCALE 8-10)  3
DPTR FM NORMAL  -126

[CDD (BASE 65) ]
TOTAL THIS MO.    20
DPTR FM NORMAL   -13    [PRESSURE DATA]
TOTAL FM JAN 1    42    HIGHEST SLP M ON M
DPTR FM NORMAL   -11    LOWEST  SLP 29.51 ON 10

[REMARKS]
