000
CXUS54 KMEG 280900
CF6MEM
PRELIMINARY LOCAL CLIMATOLOGICAL DATA (WS FORM: F-6)

                                          STATION:   MEMPHIS
                                          MONTH:     JUNE
                                          YEAR:      2022
                                          LATITUDE:   35  3 N
                                          LONGITUDE:  89 59 W

  TEMPERATURE IN F:       :PCPN:    SNOW:  WIND      :SUNSHINE: SKY     :PK WND
================================================================================
1   2   3   4   5  6A  6B    7    8   9   10  11  12  13   14  15   16   17  18
                                     12Z  AVG MX 2MIN
DY MAX MIN AVG DEP HDD CDD  WTR  SNW DPTH SPD SPD DIR MIN PSBL S-S WX    SPD DR
================================================================================

 1  93  71  82   5   0  17 0.04  0.0    0  6.2 22 300   M    M   7 38     30 290
 2  80  69  75  -2   0  10 0.02  0.0    0  4.6 14 280   M    M   9        27 100
 3  86  64  75  -2   0  10 0.00  0.0    0  8.5 15  20   M    M   3        27  90
 4  88  64  76  -2   0  11 0.00  0.0    0  5.6 15  50   M    M   4        22  90
 5  91  67  79   1   0  14 0.00  0.0    0  5.1 13 190   M    M   4        20 190
 6  87  72  80   2   0  15 0.50  0.0    0  9.5 28 270   M    M   9 13     43 250
 7  91  74  83   5   0  18    T  0.0    0  6.8 16 300   M    M   8        27 250
 8  83  70  77  -2   0  12 0.17  0.0    0  6.1 18 260   M    M   7 13     26 270
 9  88  68  78  -1   0  13 0.00  0.0    0  5.8 15  20   M    M   4        18  31
10  82  67  75  -4   0  10 0.09  0.0    0  4.6 15 360   M    M   6 3      20 360
11  88  66  77  -2   0  12 0.00  0.0    0  5.3 12 160   M    M   5        16 200
12  96  73  85   5   0  20 0.00  0.0    0 10.0 18 190   M    M   4        26 190
13  97  80  89   9   0  24 0.00  0.0    0 11.0 17 180   M    M   3        23 160
14  97  79  88   8   0  23 0.00  0.0    0  9.6 16 170   M    M   0        26 280
15  97  78  88   8   0  23 0.00  0.0    0  9.0 16 170   M    M   2        23 190
16 100  79  90  10   0  25 0.00  0.0    0  6.1 12 220   M    M   2        25 290
17 100  82  91  11   0  26 0.00  0.0    0  6.1 15  10   M    M   6 8      21  10
18  98  77  88   7   0  23 0.00  0.0    0  9.5 18  30   M    M   2        29  50
19  92  69  81   0   0  16 0.00  0.0    0  9.1 15  80   M    M   0        21  80
20  98  69  84   3   0  19 0.00  0.0    0  5.8 13 100   M    M   0        16 160
21 101  77  89   8   0  24 0.00  0.0    0  6.1 12 210   M    M   1        22 260
22 102  79  91  10   0  26 0.00  0.0    0  4.1 14 290   M    M   1        17 330
23  97  80  89   8   0  24 0.00  0.0    0  7.0 17  20   M    M   4        25 320
24  98  76  87   5   0  22 0.00  0.0    0  7.1 14  60   M    M   3        20  20
25 101  76  89   7   0  24 0.00  0.0    0  3.9 13  30   M    M   1        16  10
26 100  76  88   6   0  23 0.06  0.0    0  5.9 25  20   M    M   6 3      35  20
27  88  73  81  -1   0  16 0.00  0.0    0 12.5 21  10   M    M   6        25  60
================================================================================
SM 2519 1975         0 500  0.88  0.0    190.9          M      107
================================================================================
AV 93.3 73.1                               7.1 FASTST   M    M   4    MAX(MPH)
                                 MISC ---->    28 270                 43 250
================================================================================
NOTES:
# LAST OF SEVERAL OCCURRENCES

COLUMN 17 PEAK WIND IN M.P.H.

PRELIMINARY LOCAL CLIMATOLOGICAL DATA (WS FORM: F-6) , PAGE 2

                                          STATION:   MEMPHIS
                                          MONTH:     JUNE
                                          YEAR:      2022
                                          LATITUDE:   35  3 N
                                          LONGITUDE:  89 59 W

[TEMPERATURE DATA]      [PRECIPITATION DATA]       SYMBOLS USED IN COLUMN 16

AVERAGE MONTHLY: 83.2   TOTAL FOR MONTH:   0.88    1 = FOG OR MIST
DPTR FM NORMAL:   3.5   DPTR FM NORMAL:   -2.71    2 = FOG REDUCING VISIBILITY
HIGHEST:   102 ON 22    GRTST 24HR  0.50 ON  6- 6      TO 1/4 MILE OR LESS
LOWEST:     64 ON  4, 3                             3 = THUNDER
                        SNOW, ICE PELLETS, HAIL    4 = ICE PELLETS
                        TOTAL MONTH:   0.0 INCH    5 = HAIL
                        GRTST 24HR  0.0            6 = FREEZING RAIN OR DRIZZLE
                        GRTST DEPTH:  0            7 = DUSTSTORM OR SANDSTORM:
                                                       VSBY 1/2 MILE OR LESS
                                                   8 = SMOKE OR HAZE
[NO. OF DAYS WITH]      [WEATHER - DAYS WITH]      9 = BLOWING SNOW
                                                   X = TORNADO
MAX 32 OR BELOW:   0    0.01 INCH OR MORE:   6
MAX 90 OR ABOVE:  18    0.10 INCH OR MORE:   2
MIN 32 OR BELOW:   0    0.50 INCH OR MORE:   1
MIN  0 OR BELOW:   0    1.00 INCH OR MORE:   0

[HDD (BASE 65) ]
TOTAL THIS MO.     0    CLEAR  (SCALE 0-3)  11
DPTR FM NORMAL     0    PTCLDY (SCALE 4-7)  14
TOTAL FM JUL 1  2518    CLOUDY (SCALE 8-10)  2
DPTR FM NORMAL  -357

[CDD (BASE 65) ]
TOTAL THIS MO.   500
DPTR FM NORMAL   104    [PRESSURE DATA]
TOTAL FM JAN 1   878    HIGHEST SLP M ON M
DPTR FM NORMAL   145    LOWEST  SLP 29.73 ON  6

[REMARKS]
