000
CDUS41 KGYX 242041
CLIMHT


CLIMATE REPORT
NATIONAL WEATHER SERVICE GRAY ME
441 PM EDT SAT OCT 24 2020


...................................

...THE MANCHESTER CLIMATE SUMMARY FOR OCTOBER 24 2020...
VALID TODAY AS OF 0400 PM LOCAL TIME.

CLIMATE NORMAL PERIOD 1981 TO 2010
CLIMATE RECORD PERIOD 1885 TO 2020


WEATHER ITEM   OBSERVED TIME   RECORD YEAR NORMAL DEPARTURE LAST
                VALUE   (LST)  VALUE       VALUE  FROM      YEAR
                                                  NORMAL
..................................................................
TEMPERATURE (F)
 TODAY
  MAXIMUM         67        MM  76    2017  58      9       68
                                      2001
  MINIMUM         55        MM  21    1969  38     17       39
  AVERAGE         61                        48     13

PRECIPITATION (IN)
  TODAY            T             2.01 1970   0.13  -0.13     0.00
  MONTH TO DATE    2.60                      3.30  -0.70     2.09
  SINCE SEP 1      4.08                      7.11  -3.03     2.69
  SINCE JAN 1     23.40                     36.37 -12.97    25.65

SNOWFALL (IN)
  TODAY            0.0          MM      MM  MM               0.0
  MONTH TO DATE    0.0                      MM               0.0
  SINCE JUL 1      0.0                      MM               0.0
  SNOW DEPTH       0

DEGREE DAYS
 HEATING
  TODAY            4                        17    -13       11
  MONTH TO DATE  204                       319   -115      258
  SINCE SEP 1    276                       444   -168      335
  SINCE JUL 1    283                       462   -179      337

 COOLING
  TODAY            0                         0      0        0
  MONTH TO DATE    0                         0      0        2
  SINCE SEP 1    101                        52     49       69
  SINCE JAN 1   1084                       638    446      844
..................................................................


WIND (MPH)
  RESULTANT WIND SPEED   5   RESULTANT WIND DIRECTION   S (170)
  HIGHEST WIND SPEED    10   HIGHEST WIND DIRECTION     S (170)
  HIGHEST GUST SPEED    MM   HIGHEST GUST DIRECTION    MM



WEATHER CONDITIONS
 THE FOLLOWING WEATHER WAS RECORDED TODAY.
  LIGHT RAIN
  FOG
  HAZE


RELATIVE HUMIDITY (PERCENT)
 HIGHEST    93
 LOWEST     63
 AVERAGE    78

..........................................................


THE MANCHESTER CLIMATE NORMALS FOR TOMORROW
                         NORMAL    RECORD    YEAR
 MAXIMUM TEMPERATURE (F)   58        77      2001
 MINIMUM TEMPERATURE (F)   38        20      1969


SUNRISE AND SUNSET
OCTOBER 24 2020.......SUNRISE   711 AM EDT   SUNSET   548 PM EDT
OCTOBER 25 2020.......SUNRISE   712 AM EDT   SUNSET   547 PM EDT


-  INDICATES NEGATIVE NUMBERS.
R  INDICATES RECORD WAS SET OR TIED.
MM INDICATES DATA IS MISSING.
T  INDICATES TRACE AMOUNT.




$$
