000
CDUS41 KGYX 162147
CLIMHT


CLIMATE REPORT
NATIONAL WEATHER SERVICE GRAY ME
447 PM EST SUN FEB 16 2020


...................................

...THE MANCHESTER CLIMATE SUMMARY FOR FEBRUARY 16 2020...
VALID TODAY AS OF 0400 PM LOCAL TIME.

CLIMATE NORMAL PERIOD 1981 TO 2010
CLIMATE RECORD PERIOD 1885 TO 2020


WEATHER ITEM   OBSERVED TIME   RECORD YEAR NORMAL DEPARTURE LAST
                VALUE   (LST)  VALUE       VALUE  FROM      YEAR
                                                  NORMAL
..................................................................
TEMPERATURE (F)
 TODAY
  MAXIMUM         41    446 PM  60    2006  37      4       40
  MINIMUM         23    215 AM -29    1943  19      4       25
  AVERAGE         32                        28      4

PRECIPITATION (IN)
  TODAY            0.00          0.45 1945   0.11  -0.11     0.00
  MONTH TO DATE    1.53                      1.44   0.09     1.34
  SINCE DEC 1      8.88                      7.74   1.14     7.46
  SINCE JAN 1      3.52                      4.46  -0.94     4.87

SNOWFALL (IN)
  TODAY            0.0          MM      MM  MM               0.0
  MONTH TO DATE    6.1                      MM               5.0
  SINCE JUL 1     42.6                      MM              32.0
  SNOW DEPTH       2

DEGREE DAYS
 HEATING
  TODAY           33                        37     -4       32
  MONTH TO DATE  557                       616    -59      557
  SINCE DEC 1   2645                      2948   -303     2802
  SINCE JUL 1   3886                      4242   -356     4178

 COOLING
  TODAY            0                         0      0        0
  MONTH TO DATE    0                         0      0        0
  SINCE DEC 1      0                         0      0        0
  SINCE JAN 1      0                         0      0        0
..................................................................


WIND (MPH)
  RESULTANT WIND SPEED   7   RESULTANT WIND DIRECTION   S (190)
  HIGHEST WIND SPEED     9   HIGHEST WIND DIRECTION     S (200)
  HIGHEST GUST SPEED    MM   HIGHEST GUST DIRECTION    MM



WEATHER CONDITIONS
 THE FOLLOWING WEATHER WAS RECORDED TODAY.
  NO SIGNIFICANT WEATHER WAS OBSERVED.


RELATIVE HUMIDITY (PERCENT)
 HIGHEST    74
 LOWEST     41
 AVERAGE    58

..........................................................


THE MANCHESTER CLIMATE NORMALS FOR TOMORROW
                         NORMAL    RECORD    YEAR
 MAXIMUM TEMPERATURE (F)   37        56      2011
 MINIMUM TEMPERATURE (F)   20       -15      1943


SUNRISE AND SUNSET
FEBRUARY 16 2020......SUNRISE   642 AM EST   SUNSET   518 PM EST
FEBRUARY 17 2020......SUNRISE   641 AM EST   SUNSET   519 PM EST


-  INDICATES NEGATIVE NUMBERS.
R  INDICATES RECORD WAS SET OR TIED.
MM INDICATES DATA IS MISSING.
T  INDICATES TRACE AMOUNT.




$$
