000
CXUS52 KMLB 011814
CLAMLB

MLBCLMMLB 000
TTAA00 KMLB 011743


CLIMATE REPORT
NATIONAL WEATHER SERVICE MELBOURNE FL
114 PM EST WED JAN 1 2020

...................................

...THE MELBOURNE CLIMATE SUMMARY FOR THE YEAR OF 2019...

CLIMATE NORMAL PERIOD 1981 TO 2010
CLIMATE RECORD PERIOD 1939 TO 2019

WEATHER         OBSERVED          NORMAL  DEPART  LAST YEAR`S
                 VALUE   DATE(S)  VALUE   FROM    VALUE
                                          NORMAL
.............................................................
TEMPERATURE (F)
YEARLY RECORD
 WARMEST         75.6   2019
                        2017
 COOLEST         70.5   1970
DAILY RECORD
 HIGH             102   07/14/1980
 LOW               19   01/20/1977
2019 DATA
HIGHEST            96   09/06                         98
                        07/02
                        06/24
LOWEST             37   01/21                         30
AVG. MAXIMUM     83.6              81.9     1.7     83.8
AVG. MINIMUM     67.5              62.8     4.7     67.2
MEAN             75.6R             72.4     3.2     75.5
DAYS MAX >= 90    104              65.7    38.3      104
DAYS MAX <= 32      0               0.0     0.0        0
DAYS MIN <= 32      0               2.9    -2.9        1
DAYS MIN <= 0       0               0.0     0.0        0

PRECIPITATION (INCHES)
YEARLY RECORD
 MAXIMUM        74.28   1947
 MINIMUM        31.97   1981
DAILY RECORD
 MAXIMUM        10.23   09/10/2017
2019 DATA
TOTALS          55.70             52.00    3.70    36.42
DAILY AVG.       0.15              0.14    0.01     0.10
DAYS >= .01       136             116.1    19.9      112
DAYS >= .10        88              73.5    14.5       75
DAYS >= .50        38              33.4     4.6       24
DAYS >= 1.00       15              15.0     0.0        6

SNOWFALL (INCHES)
TOTALS            0.0               0.0     0.0      0.0
SINCE 7/1         0.0               0.0     0.0      0.0
DAYS >= TRACE       0               0.0     0.0        0

DEGREE_DAYS
HEATING TOTAL     276               577    -301      405
 SINCE 7/1         92               179     -87      148
COOLING TOTAL    4226              3273     953     4322
 SINCE 1/1       4226              3271     955     4322
..............................................................

WIND (MPH)
AVERAGE WIND SPEED              9.0
HIGHEST WIND SPEED/DIRECTION    39/010    DATE  01/27
HIGHEST GUST SPEED/DIRECTION    52/270    DATE  05/05

SKY COVER
POSSIBLE SUNSHINE (PERCENT)   MM
AVERAGE SKY COVER           0.30
NUMBER OF DAYS FAIR          231
NUMBER OF DAYS PC            107
NUMBER OF DAYS CLOUDY         27

AVERAGE RH (PERCENT)     74

WEATHER CONDITIONS. NUMBER OF DAYS WITH
THUNDERSTORM             88     MIXED PRECIP                0
HEAVY RAIN               83     RAIN                       78
LIGHT RAIN              167     FREEZING RAIN               0
LT FREEZING RAIN          0     HAIL                        0
HEAVY SNOW                0     SNOW                        0
LIGHT SNOW                0     SLEET                       0
FOG                     177     FOG W/VIS <= 1/4 MILE      15
HAZE                     57


-  INDICATES NEGATIVE NUMBERS.
R  INDICATES RECORD WAS SET OR TIED.
MM INDICATES DATA IS MISSING.
T  INDICATES TRACE AMOUNT.

$$
