000
CXUS52 KMLB 011703
CLAMLB

CLIMATE REPORT
NATIONAL WEATHER SERVICE MELBOURNE FL
1203 PM EST FRI JAN 01 2021

...................................

...THE MELBOURNE CLIMATE SUMMARY FOR THE YEAR OF 2020...

CLIMATE NORMAL PERIOD 1981 TO 2010
CLIMATE RECORD PERIOD 1939 TO 2020

WEATHER         OBSERVED          NORMAL  DEPART   LAST YEAR`S
                VALUE   DATE(S)   VALUE   FROM     VALUE
                                          NORMAL
..............................................................
TEMPERATURE (F)
YEARLY RECORD
 WARMEST        75.6   2019
 COOLEST        70.5   1970
DAILY RECORD
 HIGH            102   07/14/1980
 LOW              19   01/20/1977
2020 DATA
HIGHEST           96   04/13                          MM
                       06/30
LOWEST            36   01/22                          MM
                       12/26
AVG. MAXIMUM    82.4               81.9     0.5       MM
AVG. MINIMUM    66.7               62.8     3.9       MM
MEAN            74.6               72.4     2.2       MM
DAYS MAX >= 90    65               65.7    -0.7       MM
DAYS MAX <= 32     0                0.0     0.0       MM
DAYS MIN <= 32     0                2.9    -2.9       MM
DAYS MIN <= 0      0                0.0     0.0       MM

PRECIPITATION (INCHES)
YEARLY RECORD
 MAXIMUM       74.28   1947
 MINIMUM       31.97   1981
DAILY RECORD
 MAXIMUM       10.23   09/10/2017
2020 DATA
TOTALS         49.50              52.00   -2.50       MM
DAYS >= .01      139              116.1    22.9       MM
DAYS >= .10       81               73.5     7.5       MM
DAYS >= .50       33               33.4    -0.4       MM
DAYS >= 1.00      14               15.0    -1.0       MM

SNOWFALL (INCHES)
TOTALS           0.0                0.0     0.0       MM
SINCE 7/1        0.0                0.0     0.0       MM
DAYS >= TRACE      0                                  MM

DEGREE DAYS
HEATING TOTAL    376                577    -201       MM
 SINCE 7/1       168                180     -12       MM
COOLING TOTAL   3970               3273     697       MM
 SINCE 1/1      3970               3271     699       MM
..............................................................

WIND (MPH)
AVERAGE WIND SPEED              9.2
HIGHEST WIND SPEED/DIRECTION    43/260    DATE  02/07
HIGHEST GUST SPEED/DIRECTION    58/030    DATE  06/23

SKY COVER
POSSIBLE SUNSHINE (PERCENT)   MM
AVERAGE SKY COVER           0.33
NUMBER OF DAYS FAIR          216
NUMBER OF DAYS PC             92
NUMBER OF DAYS CLOUDY         26

AVERAGE RH (PERCENT)     79

WEATHER CONDITIONS. NUMBER OF DAYS WITH
THUNDERSTORM             75     MIXED PRECIP               0
HEAVY RAIN               72     RAIN                      76
LIGHT RAIN              180     LT FREEZING RAIN           0
HAIL                      0     LIGHT SNOW                 0
SLEET                     0     FOG                      171
FOG W/VIS <= 1/4 MILE    20     HAZE                      41

-  INDICATES NEGATIVE NUMBERS.
R  INDICATES RECORD WAS SET OR TIED.
MM INDICATES DATA IS MISSING.
T  INDICATES TRACE AMOUNT.

$$
