000
CDUS41 KCAR 010546
CLIMLT


CLIMATE REPORT
NATIONAL WEATHER SERVICE CARIBOU, ME
146 AM EDT WED APR 1 2020


...................................

...THE MILLINOCKET ME CLIMATE SUMMARY FOR MARCH 31 2020...

CLIMATE NORMAL PERIOD 1981 TO 2010
CLIMATE RECORD PERIOD 1903 TO 2020


WEATHER ITEM   OBSERVED TIME   RECORD YEAR NORMAL DEPARTURE LAST
                VALUE   (LST)  VALUE       VALUE  FROM      YEAR
                                                  NORMAL
..................................................................
TEMPERATURE (F)
 YESTERDAY
  MAXIMUM         42    459 PM  71    1998  43     -1       60
  MINIMUM         25    640 AM -10    1954  24      1       33
  AVERAGE         34                        33      1       47

PRECIPITATION (IN)
  YESTERDAY        0.00          1.91 1932   0.13  -0.13     0.61
  MONTH TO DATE    2.65                      3.06  -0.41     2.46
  SINCE MAR 1      2.65                      3.06  -0.41     2.46
  SINCE JAN 1      7.18                      8.17  -0.99     7.27

SNOWFALL (IN)
  YESTERDAY       MM                        MM     MM       MM
  MONTH TO DATE   MM                        MM     MM       MM
  SINCE MAR 1     MM                        MM     MM       MM
  SINCE JUL 1     MM                        MM     MM       MM
  SNOW DEPTH      MM

DEGREE DAYS
 HEATING
  YESTERDAY       31                        32     -1       18
  MONTH TO DATE 1081                      1146    -65     1222
  SINCE MAR 1   1081                      1147    -66     1222
  SINCE JUL 1   6810                      7199   -389     7536

 COOLING
  YESTERDAY        0                         0      0        0
  MONTH TO DATE    0                         0      0        0
  SINCE MAR 1      0                         0      0        0
  SINCE JAN 1      0                         0      0        0
..................................................................


WIND (MPH)
  HIGHEST WIND SPEED    16   HIGHEST WIND DIRECTION     N (20)
  HIGHEST GUST SPEED    24   HIGHEST GUST DIRECTION    NE (40)
  AVERAGE WIND SPEED     7.7


SKY COVER
  POSSIBLE SUNSHINE  MM
  AVERAGE SKY COVER 0.6


WEATHER CONDITIONS
 THE FOLLOWING WEATHER WAS RECORDED YESTERDAY.
  NO SIGNIFICANT WEATHER WAS OBSERVED.


RELATIVE HUMIDITY (PERCENT)
 HIGHEST    78           100 AM
 LOWEST     43           500 PM
 AVERAGE    61

..........................................................


THE MILLINOCKET ME CLIMATE NORMALS FOR TODAY
                         NORMAL    RECORD    YEAR
 MAXIMUM TEMPERATURE (F)   44        64      1918
 MINIMUM TEMPERATURE (F)   24        -3      1964


SUNRISE AND SUNSET
APRIL  1 2020.........SUNRISE   614 AM EDT   SUNSET   704 PM EDT
APRIL  2 2020.........SUNRISE   612 AM EDT   SUNSET   705 PM EDT


-  INDICATES NEGATIVE NUMBERS.
R  INDICATES RECORD WAS SET OR TIED.
MM INDICATES DATA IS MISSING.
T  INDICATES TRACE AMOUNT.




$$
