000
CDUS41 KCAR 232029
CLIMLT

CLIMATE REPORT
NATIONAL WEATHER SERVICE CARIBOU ME
429 PM EDT FRI OCT 23 2020

...................................

...THE MILLINOCKET ME CLIMATE SUMMARY FOR OCTOBER 23 2020...
VALID TODAY AS OF 0400 PM LOCAL TIME.

CLIMATE NORMAL PERIOD: 1981 TO 2010
CLIMATE RECORD PERIOD: 1903 TO 2020


WEATHER ITEM   OBSERVED TIME   RECORD YEAR NORMAL DEPARTURE LAST
                VALUE   (LST)  VALUE       VALUE  FROM      YEAR
                                                  NORMAL
...................................................................
TEMPERATURE (F)
 TODAY
  MAXIMUM         57   2:59 PM  80    1979  52      5       49
  MINIMUM         46   6:54 AM  19    1905  34     12       38
  AVERAGE         52                        43      9       44

PRECIPITATION (IN)
  TODAY            0.02          3.57 1937   0.12  -0.10     1.86
  MONTH TO DATE    6.20                      3.12   3.08     3.81
  SINCE SEP 1      7.08                      6.84   0.24     3.81
  SINCE JAN 1     28.98                     33.77  -4.79     4.38

SNOWFALL (IN)
  TODAY           MM            MM      MM         MM       MM
  MONTH TO DATE   MM                               MM       MM
  SINCE SEP 1     MM                               MM       MM
  SINCE JUL 1     MM                               MM       MM
  SNOW DEPTH      MM

DEGREE DAYS
 HEATING
  TODAY           13                        22     -9       21
  MONTH TO DATE  380                       420    -40      370
  SINCE SEP 1    593                       669    -76      370
  SINCE JUL 1    657                       748    -91      370

 COOLING
  TODAY            0                         0      0        0
  MONTH TO DATE    0                         0      0        0
  SINCE SEP 1     24                        17      7        0
  SINCE JAN 1    527                       268    259        0
...................................................................


WIND (MPH)
  HIGHEST WIND SPEED    10   HIGHEST WIND DIRECTION     S (160)
  HIGHEST GUST SPEED    18   HIGHEST GUST DIRECTION     S (160)
  AVERAGE WIND SPEED     2.3


SKY COVER
  POSSIBLE SUNSHINE  MM
  AVERAGE SKY COVER 1.0


WEATHER CONDITIONS
THE FOLLOWING WEATHER WAS RECORDED TODAY.
  FOG


RELATIVE HUMIDITY (PERCENT)
 HIGHEST    93           2:00 AM
 LOWEST     64           1:00 PM
 AVERAGE    79

..........................................................


THE MILLINOCKET ME CLIMATE NORMALS FOR TOMORROW
                         NORMAL    RECORD    YEAR
 MAXIMUM TEMPERATURE (F)   52        76      1979
 MINIMUM TEMPERATURE (F)   34        19      1905


SUNRISE AND SUNSET
OCTOBER 23 2020.......SUNRISE   7:03 AM EDT   SUNSET   5:35 PM EDT
OCTOBER 24 2020.......SUNRISE   7:04 AM EDT   SUNSET   5:33 PM EDT


-  INDICATES NEGATIVE NUMBERS.
*  INDICATES RECORD WAS SET OR TIED.
MM INDICATES DATA IS MISSING.
T  INDICATES TRACE AMOUNT.




$$
