000
CXUS54 KMAF 011110
CF6MRF
PRELIMINARY LOCAL CLIMATOLOGICAL DATA (WS FORM: F-6)
STATION: MARFA
MONTH: JUNE
YEAR: 2023
LATITUDE: 30 22 N
LONGITUDE: 104 1 W
TEMPERATURE IN F: :PCPN: SNOW: WIND :SUNSHINE: SKY :PK WND
================================================================================
1 2 3 4 5 6A 6B 7 8 9 10 11 12 13 14 15 16 17 18
12Z AVG MX 2MIN
DY MAX MIN AVG DEP HDD CDD WTR SNW DPTH SPD SPD DIR MIN PSBL S-S WX SPD DR
================================================================================
1 87 54 71 M 0 6 M M M 6.8 17 290 M M 0 24 210
2 88 54 71 M 0 6 M M M 10.6 23 250 M M 0 38 240
3 89 51 70 M 0 5 M M M 5.5 12 260 M M 0 21 260
4 83 51 67 M 0 2 0.03 M M 9.7 31 10 M M 2 3 46 340
5 81 50 66 M 0 1 M M M 10.6 17 50 M M 0 23 40
6 85 57 71 M 0 6 T M M 8.4 21 300 M M 3 39 90
7 87 55 71 M 0 6 0.11 M M 8.5 20 360 M M 1 3 43 280
8 89 50 70 M 0 5 M M M 6.8 10 280 M M 0 18 260
9 91 53 72 M 0 7 M M M 8.5 18 280 M M 1 37 300
10 92 54 73 M 0 8 T M M 7.6 15 270 M M 1 29 240
11 95 56 76 M 0 11 M M M 7.8 13 270 M M 0 22 99
12 96 58 77 M 0 12 M M M 8.9 17 220 M M 0 36 220
13 93 55 74 M 0 9 M M M 9.1 20 250 M M 0 31 250
14 93 58 76 M 0 11 M M M 9.8 21 250 M M 0 25 270
15 95 57 76 M 0 11 M M M 10.1 25 260 M M 0 33 260
16 97 60 79 M 0 14 M M M 8.1 16 280 M M 0 21 290
17 98 63 81 M 0 16 M M M 7.8 17 230 M M 0 28 230
18 101 58 80 M 0 15 M M M 8.0 18 240 M M 0 25 270
19 101 63 82 M 0 17 M M M 7.5 13 270 M M 0 21 99
20 99 69 84 M 0 19 0.05 M M 6.7 26 150 M M 0 3 37 140
21 99 71 85 M 0 20 T M M 11.2 30 90 M M 2 3 52 80
22 101 67 84 M 0 19 M M M 8.6 21 170 M M 0 21 60
23 99 67 83 M 0 18 M M M 9.9 25 40 M M 0 33 220
24 102 65 84 M 0 19 0.01 M M 8.8 20 270 M M 0 3 30 120
25 100 64 82 M 0 17 M M M 8.1 21 170 M M 0 31 180
26 101 62 82 M 0 17 M M M 8.9 23 120 M M 0 30 90
27 100 58 79 M 0 14 M M M 9.9 20 150 M M 0 30 150
28 98 59 79 M 0 14 M M M 8.9 17 110 M M 0 23 110
29 97 60 79 M 0 14 M M M 8.2 17 130 M M 0 22 130
30 93 65 79 M 0 14 0.22 M M 5.9 20 350 M M 3 3 36 170
================================================================================
SM 2830 1764 0 353 0.42 M 255.3 M 13
================================================================================
AV 94.3 58.8 8.5 FASTST M M 0 MAX(MPH)
MISC ----> 31 10 52 80
================================================================================
NOTES:
# LAST OF SEVERAL OCCURRENCES
COLUMN 17 PEAK WIND IN M.P.H.
PRELIMINARY LOCAL CLIMATOLOGICAL DATA (WS FORM: F-6) , PAGE 2
STATION: MARFA
MONTH: JUNE
YEAR: 2023
LATITUDE: 30 22 N
LONGITUDE: 104 1 W
[TEMPERATURE DATA] [PRECIPITATION DATA] SYMBOLS USED IN COLUMN 16
AVERAGE MONTHLY: 76.6 TOTAL FOR MONTH: 0.42 1 = FOG OR MIST
DPTR FM NORMAL: 0.0 DPTR FM NORMAL: M 2 = FOG REDUCING VISIBILITY
HIGHEST: 102 ON 24 GRTST 24HR 0.22 ON 30-30 TO 1/4 MILE OR LESS
LOWEST: 50 ON 8, 5 3 = THUNDER
SNOW, ICE PELLETS, HAIL 4 = ICE PELLETS
TOTAL MONTH: M 5 = HAIL
GRTST 24HR M ON M 6 = FREEZING RAIN OR DRIZZLE
GRTST DEPTH: M ON M 7 = DUSTSTORM OR SANDSTORM:
VSBY 1/2 MILE OR LESS
8 = SMOKE OR HAZE
[NO. OF DAYS WITH] [WEATHER - DAYS WITH] 9 = BLOWING SNOW
X = TORNADO
MAX 32 OR BELOW: 0 0.01 INCH OR MORE: 5
MAX 90 OR ABOVE: 22 0.10 INCH OR MORE: 2
MIN 32 OR BELOW: 0 0.50 INCH OR MORE: 0
MIN 0 OR BELOW: 0 1.00 INCH OR MORE: 0
[HDD (BASE 65) ]
TOTAL THIS MO. 0 CLEAR (SCALE 0-3) 30
DPTR FM NORMAL M PTCLDY (SCALE 4-7) 0
TOTAL FM JUL 1 2227 CLOUDY (SCALE 8-10) 0
DPTR FM NORMAL M
[CDD (BASE 65) ]
TOTAL THIS MO. 353
DPTR FM NORMAL M [PRESSURE DATA]
TOTAL FM JAN 1 432 HIGHEST SLP M ON M
DPTR FM NORMAL M LOWEST SLP M ON M
[REMARKS]
#FINAL-06-23#