000
CXUS51 KAKQ 011158
CF6OFP
PRELIMINARY LOCAL CLIMATOLOGICAL DATA (WS FORM: F-6)
STATION: RICHMOND/HANOVER
MONTH: JULY
YEAR: 2022
LATITUDE: 37 42 N
LONGITUDE: 77 26 W
TEMPERATURE IN F: :PCPN: SNOW: WIND :SUNSHINE: SKY :PK WND
================================================================================
1 2 3 4 5 6A 6B 7 8 9 10 11 12 13 14 15 16 17 18
12Z AVG MX 2MIN
DY MAX MIN AVG DEP HDD CDD WTR SNW DPTH SPD SPD DIR MIN PSBL S-S WX SPD DR
================================================================================
1 93 72 83 5 0 18 0.00 M M 7.9 14 190 M M 1 20 210
2 92 73 83 5 0 18 0.00 M M 9.5 12 190 M M 2 18 200
3 87 67 77 -1 0 12 0.00 M M 4.6 9 320 M M 1 16 310
4 90 64 77 -1 0 12 0.00 M M 1.9 6 40 M M 0 18 M M
5 91 70 81 3 0 16 0.02 M M 7.9 14 210 M M 2 1 20 210
6 91 72 82 4 0 17 0.03 M M 4.5 10 230 M M 1 1 M M
7 89 73 81 3 0 16 0.00 M M 3.9 7 290 M M 6 M M
8 90 71 81 3 0 16 0.00 M M 2.7 8 180 M M 5 1 M M
9 78 66 72 -6 0 7 0.81 M M 3.0 8 40 M M 10 13 M M
10 74 62 68 -10 0 3 0.06 M M 1.9 6 99 M M 8 1 M M
11 85 58 72 -6 0 7 0.00 M M 2.4 9 190 M M 0 1 M M
12 94 69 82 4 0 17 0.00 M M 7.5 16 210 M M 1 22 210
13 92 69 81 3 0 16 0.69 M M 2.8 28 260 M M 2 123 37 270
14 92 70 81 3 0 16 0.00 M M 3.3 8 260 M M 2 1 M M
15 90 69 80 2 0 15 0.00 M M 2.4 7 160 M M 2 M M
16 89 67 78 0 0 13 0.03 M M 2.2 8 150 M M 2 13 M M
17 91 68 80 2 0 15 0.16 M M 3.4 8 170 M M 2 13 M M
18 94 76 85 7 0 20 0.00 M M 10.1 16 180 M M 3 3 22 190
19 91 75 83 5 0 18 0.00 M M 3.5 7 240 M M 5 M M
20 96 72 84 6 0 19 0.00 M M 5.0 14 280 M M 3 22 240
21 95 77 86 8 0 21 0.00 M M 8.8 16 280 M M 0 3 21 300
22 97 74 86 8 0 21 0.00 M M 6.1 14 200 M M 0 1 19 210
23 98 72 85 7 0 20 0.07 M M 2.7 13 260 M M 2 18 20 330
24 100 71 86 8 0 21 0.00 M M 6.6 16 200 M M 1 22 200
25 97 73 85 7 0 20 1.04 M M 8.8 32 270 M M 2 123 45 250
26 85 74 80 2 0 15 0.92 M M 3.6 13 280 M M 6 123 20 300
27 91 74 83 5 0 18 0.30 M M 6.5 14 260 M M 4 1 21 260
28 93 75 84 6 0 19 0.00 M M 6.7 14 270 M M 1 20 280
29 92 73 83 5 0 18 0.74 M M 2.2 25 290 M M 3 13 37 300
30 88 68 78 0 0 13 0.00 M M 1.7 6 10 M M 2 1 M M
31 80 68 74 -4 0 9 0.30 M M 1.3 8 180 M M 7 1 13 180
================================================================================
SM 2805 2182 0 486 5.17 M 145.3 M 86
================================================================================
AV 90.5 70.4 4.7 FASTST M M 3 MAX(MPH)
MISC ----> 32 270 45 250
================================================================================
NOTES:
# LAST OF SEVERAL OCCURRENCES
COLUMN 17 PEAK WIND IN M.P.H.
PRELIMINARY LOCAL CLIMATOLOGICAL DATA (WS FORM: F-6) , PAGE 2
STATION: RICHMOND/HANOVER
MONTH: JULY
YEAR: 2022
LATITUDE: 37 42 N
LONGITUDE: 77 26 W
[TEMPERATURE DATA] [PRECIPITATION DATA] SYMBOLS USED IN COLUMN 16
AVERAGE MONTHLY: 80.4 TOTAL FOR MONTH: 5.17 1 = FOG OR MIST
DPTR FM NORMAL: 2.1 DPTR FM NORMAL: 1.19 2 = FOG REDUCING VISIBILITY
HIGHEST: 100 ON 24 GRTST 24HR 1.04 ON 25-25 TO 1/4 MILE OR LESS
LOWEST: 58 ON 11 3 = THUNDER
SNOW, ICE PELLETS, HAIL 4 = ICE PELLETS
TOTAL MONTH: M 5 = HAIL
GRTST 24HR M ON M 6 = FREEZING RAIN OR DRIZZLE
GRTST DEPTH: M ON M 7 = DUSTSTORM OR SANDSTORM:
VSBY 1/2 MILE OR LESS
8 = SMOKE OR HAZE
[NO. OF DAYS WITH] [WEATHER - DAYS WITH] 9 = BLOWING SNOW
X = TORNADO
MAX 32 OR BELOW: 0 0.01 INCH OR MORE: 13
MAX 90 OR ABOVE: 22 0.10 INCH OR MORE: 8
MIN 32 OR BELOW: 0 0.50 INCH OR MORE: 5
MIN 0 OR BELOW: 0 1.00 INCH OR MORE: 1
[HDD (BASE 65) ]
TOTAL THIS MO. 0 CLEAR (SCALE 0-3) 22
DPTR FM NORMAL 0 PTCLDY (SCALE 4-7) 7
TOTAL FM JUL 1 0 CLOUDY (SCALE 8-10) 2
DPTR FM NORMAL 0
[CDD (BASE 65) ]
TOTAL THIS MO. 486
DPTR FM NORMAL 75 [PRESSURE DATA]
TOTAL FM JAN 1 1009 HIGHEST SLP M ON M
DPTR FM NORMAL 164 LOWEST SLP M ON M
[REMARKS]
#FINAL-07-22#